{"id":7845,"date":"2022-10-30T19:24:10","date_gmt":"2022-10-30T18:24:10","guid":{"rendered":"https:\/\/agora.xtec.cat\/iesjoanbrudieu\/?page_id=7845"},"modified":"2026-03-20T17:43:42","modified_gmt":"2026-03-20T16:43:42","slug":"portes-obertes-eso","status":"publish","type":"page","link":"https:\/\/agora.xtec.cat\/iesjoanbrudieu\/linstitut\/portes-obertes\/portes-obertes-eso\/","title":{"rendered":"Portes obertes ESO"},"content":{"rendered":"\n<h1 class=\"wp-block-heading\"><strong><span style=\"color: #333399;\">ESO<\/span><\/strong><\/h1>\n\n\n\n<div class=\"wp-block-getwid-image-box has-text-center has-mobile-layout-default has-mobile-alignment-default\"><div class=\"wp-block-getwid-image-box__image-container is-position-top\"><div class=\"wp-block-getwid-image-box__image-wrapper\"><img loading=\"lazy\" decoding=\"async\" width=\"268\" height=\"200\" src=\"https:\/\/agora.xtec.cat\/iesjoanbrudieu\/wp-content\/uploads\/usu1248\/2017\/02\/17_Primaria_Jornades_portes_obertes-e1486205264229.jpg\" class=\"wp-block-getwid-image-box__image wp-image-2326\"\/><\/div><\/div><div class=\"wp-block-getwid-image-box__content\">\n<h2 class=\"wp-block-heading\"><strong><span style=\"color: #ff0000;\">Curs 2025-2026: Jornada de Portes Obertes<\/span><\/strong><\/h2>\n<\/div><\/div>\n\n\n\n<figure class=\"wp-block-image aligncenter is-resized\"><a href=\"https:\/\/institutjoanbrudieu.cat\/public\/web_centre\/html\/documents\/institut\/curs\/26_Portes_Obertes_ESO.jpg\"><img decoding=\"async\" src=\"https:\/\/institutjoanbrudieu.cat\/public\/web_centre\/html\/documents\/institut\/curs\/26_Portes_Obertes_ESO.jpg\" alt=\"Portes_Obertes_ESO\" class=\"wp-image-5576\" style=\"width:984px\"\/><\/a><\/figure>\n\n\n\n<p><\/p>\n\n\n\n<figure class=\"wp-block-image aligncenter size-full is-resized\"><a href=\"https:\/\/agora.xtec.cat\/iesjoanbrudieu\/wp-content\/uploads\/usu1248\/2020\/05\/logo_ESO_2-e1589795454234.jpg\"><img loading=\"lazy\" decoding=\"async\" width=\"200\" height=\"138\" src=\"https:\/\/agora.xtec.cat\/iesjoanbrudieu\/wp-content\/uploads\/usu1248\/2020\/05\/logo_ESO_2-e1589795454234.jpg\" alt=\"\" class=\"wp-image-5301\" style=\"width:162px;height:auto\"\/><\/a><\/figure>\n\n\n\n<ul class=\"wp-block-list\">\n<li>Consulta el <a href=\"https:\/\/triaeducativa.gencat.cat\/web\/.content\/orientacio\/sistema-educatiu\/sistema-educatiu.pdf\" target=\"_blank\" rel=\"noopener noreferrer\">Sistema educatiu catal\u00e0 (format PDF)<\/a> i troba <a href=\"https:\/\/triaeducativa.gencat.cat\/ca\/orientacio\/itineraris\/\" target=\"_blank\" rel=\"noopener\">el teu itinerari<\/a>.<\/li>\n\n\n\n<li><a href=\"https:\/\/triaeducativa.gencat.cat\/ca\/inici\/\" target=\"_blank\" rel=\"noopener noreferrer\">P\u00e0gina web<\/a> Tria educativa: En aquest web trobar\u00e0s informaci\u00f3 de qualitat i actualitzada de <strong>tots els ensenyaments que pots cursar a Catalunya<\/strong> i dels&nbsp;<strong>itineraris formatius <\/strong>m\u00e9s freq\u00fcents.<\/li>\n\n\n\n<li>Per a m\u00e9s informaci\u00f3, feu-ne demanda al correu de l&#8217;Institut: <strong>iesjoanbrudieu@xtec.cat<\/strong>.<\/li>\n<\/ul>\n\n\n\n<p><\/p>\n\n\n\n<div class=\"wp-block-getwid-tabs\" data-active-tab=\"0\"><ul class=\"wp-block-getwid-tabs__nav-links\"><\/ul>\n<div class=\"wp-block-getwid-tabs__nav-link\"><span class=\"wp-block-getwid-tabs__title-wrapper\"><a href=\"#\"><span class=\"wp-block-getwid-tabs__title\">Portes Obertes ESO<\/span><\/a><\/span><\/div><div class=\"wp-block-getwid-tabs__tab-content-wrapper\"><div class=\"wp-block-getwid-tabs__tab-content\">\n<h3 class=\"wp-block-heading\"><strong><span style=\"color: #ff0000;\">Curs 2025-2026: 24 de febrer de 2026<\/span><\/strong><\/h3>\n\n\n\n<h4 class=\"wp-block-heading\"><span style=\"color: #0000ff;\"><strong>Jornada de portes obertes per a les fam\u00edlies que volen preinscriure&#8217;s i matricular-se a l&#8217;ESO<\/strong><\/span><\/h4>\n\n\n\n<figure class=\"wp-block-image aligncenter size-full is-resized\"><a href=\"https:\/\/agora.xtec.cat\/iesjoanbrudieu\/wp-content\/uploads\/usu1248\/2020\/05\/logo_ESO_2-e1589795454234.jpg\"><img loading=\"lazy\" decoding=\"async\" width=\"200\" height=\"138\" src=\"https:\/\/agora.xtec.cat\/iesjoanbrudieu\/wp-content\/uploads\/usu1248\/2020\/05\/logo_ESO_2-e1589795454234.jpg\" alt=\"\" class=\"wp-image-5301\" style=\"width:162px;height:auto\"\/><\/a><\/figure>\n\n\n\n<figure class=\"wp-block-image aligncenter is-resized\"><a href=\"https:\/\/institutjoanbrudieu.cat\/public\/web_centre\/html\/documents\/institut\/curs\/26_Portes_Obertes_ESO_Cartell.jpg\"><img decoding=\"async\" src=\"https:\/\/institutjoanbrudieu.cat\/public\/web_centre\/html\/documents\/institut\/curs\/26_Portes_Obertes_ESO_Cartell.jpg\" alt=\"https:\/\/institutjoanbrudieu.cat\/public\/web_centre\/html\/documents\/institut\/curs\/26_Portes_Obertes_ESO_Cartell.jpg\" class=\"wp-image-5576\" style=\"width:590px\"\/><\/a><\/figure>\n\n\n\n<p><\/p>\n<\/div><\/div>\n\n\n\n<div class=\"wp-block-getwid-tabs__nav-link\"><span class=\"wp-block-getwid-tabs__title-wrapper\"><a href=\"#\"><span class=\"wp-block-getwid-tabs__title\">Convocat\u00f2ria i cartells<\/span><\/a><\/span><\/div><div class=\"wp-block-getwid-tabs__tab-content-wrapper\"><div class=\"wp-block-getwid-tabs__tab-content\">\n<h3 class=\"wp-block-heading\"><strong><span style=\"color: #ff0000;\">Convocat\u00f2ria i cartells Portes Obertes<\/span><\/strong><\/h3>\n\n\n\n<ul class=\"wp-block-list\">\n<li><a href=\"https:\/\/institutjoanbrudieu.cat\/public\/web_centre\/html\/documents\/institut\/curs\/26_Primaria_convocatoria_reunio_pares.pdf\" target=\"_blank\" rel=\"noopener noreferrer\">Convocat\u00f2ria de la reuni\u00f3 de fam\u00edlies<\/a>.\n<ul class=\"wp-block-list\">\n<li><strong>de 18:00 a 19:30 h: <\/strong>Visita a totes les instal\u00b7lacions de l\u2019Institut (per torns)\n<ul class=\"wp-block-list\">\n<li><strong>1r torn:<\/strong> 18:00 h<\/li>\n\n\n\n<li><strong>2n torn:<\/strong> 18:15 h<\/li>\n\n\n\n<li><strong>3r torn:<\/strong> 18:30 h<\/li>\n<\/ul>\n<\/li>\n\n\n\n<li><strong>a les 19:30 h: <\/strong>Reuni\u00f3 informativa a la Sala d\u2019Actes<\/li>\n<\/ul>\n<\/li>\n\n\n\n<li>Cartell: <a href=\"https:\/\/institutjoanbrudieu.cat\/public\/web_centre\/html\/documents\/institut\/curs\/26_Portes_Obertes_ESO_Cartell.pdf\" target=\"_blank\" rel=\"noopener\">cartell<\/a>.<\/li>\n<\/ul>\n\n\n\n<p><\/p>\n<\/div><\/div>\n\n\n\n<div class=\"wp-block-getwid-tabs__nav-link\"><span class=\"wp-block-getwid-tabs__title-wrapper\"><a href=\"#\"><span class=\"wp-block-getwid-tabs__title\">Informaci\u00f3 general<\/span><\/a><\/span><\/div><div class=\"wp-block-getwid-tabs__tab-content-wrapper\"><div class=\"wp-block-getwid-tabs__tab-content\">\n<h3 class=\"wp-block-heading\"><span style=\"color: #ff0000;\"><strong>Informaci\u00f3 de l\u2019Institut Joan Brudieu<\/strong><\/span><\/h3>\n\n\n\n<ul class=\"wp-block-list\">\n<li><a href=\"https:\/\/institutjoanbrudieu.cat\/public\/web_centre\/html\/documents\/institut\/curs\/26_Primaria_Fulleto_Portes_obertes_pares.pdf\" target=\"_blank\" rel=\"noopener noreferrer\">Llibret informatiu dels estudis <strong>ESO<\/strong><\/a> (Institut Joan Brudieu).<\/li>\n\n\n\n<li><a href=\"https:\/\/institutjoanbrudieu.cat\/public\/web_centre\/html\/documents\/secretaria\/documents\/MCS_Manual_Carta_de_Serveis.pdf\" target=\"_blank\" rel=\"noopener noreferrer\">MCS \u2013 Manual Carta de serveis <\/a>(Institut Joan Brudieu).<\/li>\n\n\n\n<li><a href=\"https:\/\/institutjoanbrudieu.cat\/public\/web_centre\/html\/documents\/institut\/estudis\/MCONV-ESO_Manual_Convalidacions_Exempcions_ESO.pdf\" target=\"_blank\" rel=\"noopener noreferrer\">MCONV-ESO Manual de convalidacions i exempcions ESO<\/a> (Institut Joan Brudieu).<\/li>\n\n\n\n<li>Podeu trobar informaci\u00f3 dels <strong>estudis ESO<\/strong> en <a href=\"https:\/\/agora.xtec.cat\/iesjoanbrudieu\/estudis\/eso\/\" target=\"_blank\" rel=\"noopener noreferrer\">aquest enlla\u00e7<\/a>.<\/li>\n\n\n\n<li>Recorregut virtual per l\u2019Institut Joan Brudieu (<a href=\"https:\/\/www.google.com\/maps\/place\/Institut+Joan+Brudieu\/@42.3531579,1.4578998,3a,75y,82.97h,90t\/data=!3m8!1e1!3m6!1sAF1QipNGj9QEYkFbqRTtmfKtUQ1YQF_7I4ToFeiB_zXE!2e10!3e11!6shttps:%2F%2Flh5.googleusercontent.com%2Fp%2FAF1QipNGj9QEYkFbqRTtmfKtUQ1YQF_7I4ToFeiB_zXE%3Dw203-h100-k-no-pi-0-ya355.35452-ro-0-fo100!7i13312!8i6656!4m13!1m7!3m6!1s0x12a5edcf3ab9da27:0x9293f689ecf8ccaf!2sCarrer+Bisbe+Iglesias+Navarri,+27,+25700+La+Seu+d'Urgell,+Lleida,+Espa%C3%B1a!3b1!8m2!3d42.353256!4d1.4573363!3m4!1s0x12a5edc8ccb84a05:0xf83796855204acee!8m2!3d42.3531576!4d1.4573434?hl=es-ES\" target=\"_blank\" rel=\"noopener noreferrer\">Street view<\/a>).<\/li>\n\n\n\n<li>Podeu trobar la <strong>documentaci\u00f3 estrat\u00e8gica<\/strong> de l\u2019Institut (PEC i altres) en <a href=\"https:\/\/agora.xtec.cat\/iesjoanbrudieu\/secretaria\/documentacio-institut\/\" target=\"_blank\" rel=\"noopener noreferrer\">aquest enlla\u00e7<\/a>.<\/li>\n<\/ul>\n\n\n\n<p class=\"has-text-align-center\"><object style=\"width: 800px; height: 600px;\" data=\"https:\/\/institutjoanbrudieu.cat\/public\/web_centre\/html\/documents\/institut\/curs\/26_Primaria_Fulleto_Portes_obertes_pares.pdf\" width=\"300\" height=\"150\"><span data-mce-type=\"bookmark\" style=\"display: inline-block; width: 0px; overflow: hidden; line-height: 0;\" class=\"mce_SELRES_start\">\ufeff<\/span><span style=\"display: inline-block; width: 0px; overflow: hidden; line-height: 0;\" data-mce-type=\"bookmark\" class=\"mce_SELRES_start\">\ufeff<\/span><\/object><\/p>\n\n\n\n<p class=\"has-text-align-center\"><object style=\"width: 800px; height: 600px;\" data=\"https:\/\/institutjoanbrudieu.cat\/public\/web_centre\/html\/documents\/secretaria\/documents\/MCS_Manual_Carta_de_Serveis.pdf\" width=\"300\" height=\"150\"><span style=\"display: inline-block; width: 0px; overflow: hidden; line-height: 0;\" data-mce-type=\"bookmark\" class=\"mce_SELRES_start\">\ufeff<\/span><\/object><\/p>\n\n\n\n<p><\/p>\n<\/div><\/div>\n\n\n\n<div class=\"wp-block-getwid-tabs__nav-link\"><span class=\"wp-block-getwid-tabs__title-wrapper\"><a href=\"#\"><span class=\"wp-block-getwid-tabs__title\">V\u00eddeos informatius<\/span><\/a><\/span><\/div><div class=\"wp-block-getwid-tabs__tab-content-wrapper\"><div class=\"wp-block-getwid-tabs__tab-content\">\n<h3 class=\"wp-block-heading\"><strong><span style=\"color: #ff0000;\">L&#8217;Institut Joan Brudieu explicat per l&#8217;alumnat de 1r d&#8217;ESO i del SIEI (curs 2020-2021)<\/span><\/strong><\/h3>\n\n\n\n<div class=\"row\" style=\"margin-bottom: 1em !important;\">\n<figure><a href=\"https:\/\/youtu.be\/vBWWt6j5V4U\" target=\"_blank\" rel=\"noopener noreferrer\"><img loading=\"lazy\" decoding=\"async\" class=\"aligncenter size-full wp-image-6083\" src=\"https:\/\/agora.xtec.cat\/iesjoanbrudieu\/wp-content\/uploads\/usu1248\/2021\/03\/210302_Orientacio_ESO_1.jpg\" alt=\"\" width=\"320\" height=\"180\" srcset=\"https:\/\/agora.xtec.cat\/iesjoanbrudieu\/wp-content\/uploads\/usu1248\/2021\/03\/210302_Orientacio_ESO_1.jpg 320w, https:\/\/agora.xtec.cat\/iesjoanbrudieu\/wp-content\/uploads\/usu1248\/2021\/03\/210302_Orientacio_ESO_1-300x169.jpg 300w\" sizes=\"auto, (max-width: 320px) 100vw, 320px\" \/><\/a><\/figure>\n<div class=\"small-12 large-6 text-center columns\"><a href=\"https:\/\/youtu.be\/vBWWt6j5V4U\" target=\"_blank\" rel=\"noopener noreferrer\">Orientaci\u00f3 ESO al Brudieu #1 <\/a>(Alumnat S1A)<\/div>\n<figure><a href=\"https:\/\/youtu.be\/D1a2459dvcY\" target=\"_blank\" rel=\"noopener noreferrer\"><img loading=\"lazy\" decoding=\"async\" class=\"aligncenter size-full wp-image-6084\" src=\"https:\/\/agora.xtec.cat\/iesjoanbrudieu\/wp-content\/uploads\/usu1248\/2021\/03\/210302_Orientacio_ESO_2.jpg\" alt=\"\" width=\"320\" height=\"180\" srcset=\"https:\/\/agora.xtec.cat\/iesjoanbrudieu\/wp-content\/uploads\/usu1248\/2021\/03\/210302_Orientacio_ESO_2.jpg 320w, https:\/\/agora.xtec.cat\/iesjoanbrudieu\/wp-content\/uploads\/usu1248\/2021\/03\/210302_Orientacio_ESO_2-300x169.jpg 300w\" sizes=\"auto, (max-width: 320px) 100vw, 320px\" \/><\/a><\/figure>\n<div class=\"small-12 large-6 text-center columns\"><a href=\"https:\/\/youtu.be\/D1a2459dvcY\" target=\"_blank\" rel=\"noopener noreferrer\">Orientaci\u00f3 ESO al Brudieu #2 <\/a>(Alumnat S1B)<\/div>\n<\/div>\n\n\n\n<div class=\"row\" style=\"margin-bottom: 1em !important;\">\n<figure><a href=\"https:\/\/youtu.be\/cZ6F7p3faPw\" target=\"_blank\" rel=\"noopener noreferrer\"><img loading=\"lazy\" decoding=\"async\" class=\"aligncenter size-full wp-image-6085\" src=\"https:\/\/agora.xtec.cat\/iesjoanbrudieu\/wp-content\/uploads\/usu1248\/2021\/03\/210302_Orientacio_ESO_3.jpg\" alt=\"\" width=\"320\" height=\"180\" srcset=\"https:\/\/agora.xtec.cat\/iesjoanbrudieu\/wp-content\/uploads\/usu1248\/2021\/03\/210302_Orientacio_ESO_3.jpg 320w, https:\/\/agora.xtec.cat\/iesjoanbrudieu\/wp-content\/uploads\/usu1248\/2021\/03\/210302_Orientacio_ESO_3-300x169.jpg 300w\" sizes=\"auto, (max-width: 320px) 100vw, 320px\" \/><\/a><\/figure><div class=\"small-12 large-6 text-center columns\"><a href=\"https:\/\/youtu.be\/cZ6F7p3faPw\" target=\"_blank\" rel=\"noopener noreferrer\">Orientaci\u00f3 ESO al Brudieu #3 <\/a>(Alumnat S1C)<\/div>\n<figure><a href=\"https:\/\/youtu.be\/rv6CjRxxo-M\" target=\"_blank\" rel=\"noopener noreferrer\"><img loading=\"lazy\" decoding=\"async\" class=\"aligncenter size-full wp-image-6086\" src=\"https:\/\/agora.xtec.cat\/iesjoanbrudieu\/wp-content\/uploads\/usu1248\/2021\/03\/210302_Orientacio_ESO_4.jpg\" alt=\"\" width=\"320\" height=\"180\" srcset=\"https:\/\/agora.xtec.cat\/iesjoanbrudieu\/wp-content\/uploads\/usu1248\/2021\/03\/210302_Orientacio_ESO_4.jpg 320w, https:\/\/agora.xtec.cat\/iesjoanbrudieu\/wp-content\/uploads\/usu1248\/2021\/03\/210302_Orientacio_ESO_4-300x169.jpg 300w\" sizes=\"auto, (max-width: 320px) 100vw, 320px\" \/><\/a><\/figure><div class=\"small-12 large-6 text-center columns\"><a href=\"https:\/\/youtu.be\/rv6CjRxxo-M\" target=\"_blank\" rel=\"noopener noreferrer\">Orientaci\u00f3 ESO al Brudieu #4<\/a> (Alumnat S1D)<\/div>\n<\/div>\n\n\n\n<div class=\"row\" style=\"margin-bottom: 1em !important;\">\n<figure><a href=\"https:\/\/youtu.be\/MvinO0nVCy0\" target=\"_blank\" rel=\"noopener noreferrer\"><img loading=\"lazy\" decoding=\"async\" class=\"aligncenter size-full wp-image-6085\" src=\"https:\/\/agora.xtec.cat\/iesjoanbrudieu\/wp-content\/uploads\/usu1248\/2021\/03\/201201_Visita_sequoia.jpg\" alt=\"\" width=\"320\" height=\"180\" \/><\/a><\/figure>\n<div class=\"small-12 large-6 text-center columns\"><a href=\"https:\/\/youtu.be\/MvinO0nVCy0\" target=\"_blank\" rel=\"noopener noreferrer\">Orientaci\u00f3 SIEI al Brudieu <\/a>(Alumnat SIEI)<\/div>\n<\/div>\n\n\n\n<p><\/p>\n<\/div><\/div>\n<\/div>\n\n\n\n<p><\/p>\n","protected":false},"excerpt":{"rendered":"<p>ESO<\/p>\n","protected":false},"author":1,"featured_media":0,"parent":461,"menu_order":1,"comment_status":"closed","ping_status":"closed","template":"","meta":{"_bbp_topic_count":0,"_bbp_reply_count":0,"_bbp_total_topic_count":0,"_bbp_total_reply_count":0,"_bbp_voice_count":0,"_bbp_anonymous_reply_count":0,"_bbp_topic_count_hidden":0,"_bbp_reply_count_hidden":0,"_bbp_forum_subforum_count":0,"site-sidebar-layout":"default","site-content-layout":"","ast-site-content-layout":"default","site-content-style":"default","site-sidebar-style":"default","ast-global-header-display":"","ast-banner-title-visibility":"","ast-main-header-display":"","ast-hfb-above-header-display":"","ast-hfb-below-header-display":"","ast-hfb-mobile-header-display":"","site-post-title":"","ast-breadcrumbs-content":"","ast-featured-img":"","footer-sml-layout":"","theme-transparent-header-meta":"","adv-header-id-meta":"","stick-header-meta":"","header-above-stick-meta":"","header-main-stick-meta":"","header-below-stick-meta":"","astra-migrate-meta-layouts":"set","ast-page-background-enabled":"default","ast-page-background-meta":{"desktop":{"background-color":"var(--ast-global-color-4)","background-image":"","background-repeat":"repeat","background-position":"center center","background-size":"auto","background-attachment":"scroll","background-type":"","background-media":"","overlay-type":"","overlay-color":"","overlay-opacity":"","overlay-gradient":""},"tablet":{"background-color":"","background-image":"","background-repeat":"repeat","background-position":"center center","background-size":"auto","background-attachment":"scroll","background-type":"","background-media":"","overlay-type":"","overlay-color":"","overlay-opacity":"","overlay-gradient":""},"mobile":{"background-color":"","background-image":"","background-repeat":"repeat","background-position":"center center","background-size":"auto","background-attachment":"scroll","background-type":"","background-media":"","overlay-type":"","overlay-color":"","overlay-opacity":"","overlay-gradient":""}},"ast-content-background-meta":{"desktop":{"background-color":"var(--ast-global-color-5)","background-image":"","background-repeat":"repeat","background-position":"center center","background-size":"auto","background-attachment":"scroll","background-type":"","background-media":"","overlay-type":"","overlay-color":"","overlay-opacity":"","overlay-gradient":""},"tablet":{"background-color":"var(--ast-global-color-5)","background-image":"","background-repeat":"repeat","background-position":"center center","background-size":"auto","background-attachment":"scroll","background-type":"","background-media":"","overlay-type":"","overlay-color":"","overlay-opacity":"","overlay-gradient":""},"mobile":{"background-color":"var(--ast-global-color-5)","background-image":"","background-repeat":"repeat","background-position":"center center","background-size":"auto","background-attachment":"scroll","background-type":"","background-media":"","overlay-type":"","overlay-color":"","overlay-opacity":"","overlay-gradient":""}},"footnotes":""},"class_list":["post-7845","page","type-page","status-publish","hentry"],"post_mailing_queue_ids":[],"_links":{"self":[{"href":"https:\/\/agora.xtec.cat\/iesjoanbrudieu\/wp-json\/wp\/v2\/pages\/7845","targetHints":{"allow":["GET"]}}],"collection":[{"href":"https:\/\/agora.xtec.cat\/iesjoanbrudieu\/wp-json\/wp\/v2\/pages"}],"about":[{"href":"https:\/\/agora.xtec.cat\/iesjoanbrudieu\/wp-json\/wp\/v2\/types\/page"}],"author":[{"embeddable":true,"href":"https:\/\/agora.xtec.cat\/iesjoanbrudieu\/wp-json\/wp\/v2\/users\/1"}],"replies":[{"embeddable":true,"href":"https:\/\/agora.xtec.cat\/iesjoanbrudieu\/wp-json\/wp\/v2\/comments?post=7845"}],"version-history":[{"count":6,"href":"https:\/\/agora.xtec.cat\/iesjoanbrudieu\/wp-json\/wp\/v2\/pages\/7845\/revisions"}],"predecessor-version":[{"id":11078,"href":"https:\/\/agora.xtec.cat\/iesjoanbrudieu\/wp-json\/wp\/v2\/pages\/7845\/revisions\/11078"}],"up":[{"embeddable":true,"href":"https:\/\/agora.xtec.cat\/iesjoanbrudieu\/wp-json\/wp\/v2\/pages\/461"}],"wp:attachment":[{"href":"https:\/\/agora.xtec.cat\/iesjoanbrudieu\/wp-json\/wp\/v2\/media?parent=7845"}],"curies":[{"name":"wp","href":"https:\/\/api.w.org\/{rel}","templated":true}]}}