{"id":7641,"date":"2022-07-16T19:11:49","date_gmt":"2022-07-16T17:11:49","guid":{"rendered":"https:\/\/agora.xtec.cat\/iesjoanbrudieu\/?page_id=7641"},"modified":"2025-03-13T07:58:41","modified_gmt":"2025-03-13T06:58:41","slug":"prevencio-de-riscos-laborals","status":"publish","type":"page","link":"https:\/\/agora.xtec.cat\/iesjoanbrudieu\/linstitut\/prevencio-de-riscos-laborals\/","title":{"rendered":"Prevenci\u00f3 de riscos laborals"},"content":{"rendered":"<h1><strong><span style=\"color: #0000ff;\">Mesures en cas d&#8217;emerg\u00e8ncia<\/span><\/strong><\/h1>\n<h3><strong><span style=\"color: #ff0000;\">Pla d&#8217;emerg\u00e8ncia de l&#8217;Institut<\/span><\/strong><\/h3>\n<p style=\"text-align: center;\"><iframe loading=\"lazy\" title=\"YouTube video player\" src=\"https:\/\/www.youtube.com\/embed\/58xqCMpGCw0?si=y0x0gj2TukUCBODf\" width=\"560\" height=\"315\" frameborder=\"0\" allowfullscreen=\"allowfullscreen\"><\/iframe><\/p>\n<ul>\n<li><a href=\"https:\/\/institutjoanbrudieu.cat\/public\/web_centre\/html\/documents\/secretaria\/documents\/2425_Pla_Emergencia.pdf\" target=\"_blank\" rel=\"noopener noreferrer\">PEM \u2013 Pla d\u2019Emerg\u00e8ncia<\/a>.<\/li>\n<\/ul>\n<p style=\"text-align: center;\"><object style=\"width: 800px; height: 600px;\" data=\"https:\/\/institutjoanbrudieu.cat\/public\/web_centre\/html\/documents\/secretaria\/documents\/2425_Pla_Emergencia.pdf\" width=\"300\" height=\"150\"><\/object><\/p>\n<ul>\n<li>PEM \u2013 Pla d&#8217;Emerg\u00e8ncia: Pl\u00e0nols de l&#8217;Institut.\n<ul>\n<li>PEM: <a href=\"https:\/\/institutjoanbrudieu.cat\/public\/web_centre\/html\/documents\/secretaria\/documents\/2425_Pla_Emergencia_Planol_PS.pdf\" target=\"_blank\" rel=\"noopener\">Pl\u00e0nol Planta Soterrani<\/a>.<\/li>\n<li>PEM: <a href=\"https:\/\/institutjoanbrudieu.cat\/public\/web_centre\/html\/documents\/secretaria\/documents\/2425_Pla_Emergencia_Planol_PB.pdf\" target=\"_blank\" rel=\"noopener\">Pl\u00e0nol Planta Baixa<\/a>.<\/li>\n<li>PEM: <a href=\"https:\/\/institutjoanbrudieu.cat\/public\/web_centre\/html\/documents\/secretaria\/documents\/2425_Pla_Emergencia_Planol_P1.pdf\" target=\"_blank\" rel=\"noopener\">Pl\u00e0nol Planta Primera<\/a>.<\/li>\n<li>PEM: <a href=\"https:\/\/institutjoanbrudieu.cat\/public\/web_centre\/html\/documents\/secretaria\/documents\/2425_Pla_Emergencia_Planol_P2.pdf\" target=\"_blank\" rel=\"noopener\">Pl\u00e0nol Planta Segona<\/a>.<\/li>\n<li>PEM: <a href=\"https:\/\/institutjoanbrudieu.cat\/public\/web_centre\/html\/documents\/secretaria\/documents\/2425_Pla_Emergencia_Planol_totes_plantes.pdf\" target=\"_blank\" rel=\"noopener\">Pl\u00e0nol resum totes les plantes<\/a>.<\/li>\n<\/ul>\n<\/li>\n<li>PEM &#8211; Pla d&#8217;Emerg\u00e8ncia: presentacions.\n<ul>\n<li>PEM: <a href=\"https:\/\/institutjoanbrudieu.cat\/public\/web_centre\/html\/documents\/secretaria\/documents\/2425_Pla_Emergencia_Presentacio_Alumnat.pdf\" target=\"_blank\" rel=\"noopener\">Presentaci\u00f3 per a l&#8217;<strong>alumnat<\/strong><\/a>.<\/li>\n<\/ul>\n<\/li>\n<\/ul>\n<p style=\"text-align: center;\"><object style=\"width: 800px; height: 600px;\" data=\"https:\/\/institutjoanbrudieu.cat\/public\/web_centre\/html\/documents\/secretaria\/documents\/2425_Pla_Emergencia_Presentacio_Alumnat.pdf\" width=\"300\" height=\"150\"><\/object><\/p>\n<ul>\n<li style=\"list-style-type: none;\">\n<ul>\n<li>PEM: <a href=\"https:\/\/institutjoanbrudieu.cat\/public\/web_centre\/html\/documents\/secretaria\/documents\/2425_Pla_Emergencia_Presentacio_Professorat.pdf\" target=\"_blank\" rel=\"noopener\">Presentaci\u00f3 per al <strong>professorat<\/strong><\/a>.<\/li>\n<\/ul>\n<\/li>\n<\/ul>\n<p style=\"text-align: center;\"><object style=\"width: 800px; height: 600px;\" data=\"https:\/\/institutjoanbrudieu.cat\/public\/web_centre\/html\/documents\/secretaria\/documents\/2425_Pla_Emergencia_Presentacio_Professorat.pdf\" width=\"300\" height=\"150\"><\/object><\/p>\n<h1><strong><span style=\"color: #0000ff;\">Riscos i mesures preventives<\/span><\/strong><\/h1>\n<h3 id=\"pageTitle\" class=\"ms-core-pageTitle\"><strong><span id=\"DeltaPlaceHolderPageTitleInTitleArea\"><span style=\"color: #ff0000;\">Llocs de treball: riscos i prevenci\u00f3<\/span> <\/span><\/strong><\/h3>\n<p>La informaci\u00f3 respecte als riscos i mesures preventives es troba al Portal de Centre (Intranet del Departament d&#8217;Educaci\u00f3), seguint aquest cam\u00ed: Inici &gt; Persones &gt; Seguretat i salut laboral &gt; <a href=\"https:\/\/espai.educacio.gencat.cat\/Personal\/Prevencio-riscos\/Llocs-treball\/Pagines\/default.aspx\" target=\"_blank\" rel=\"noopener\">Llocs de treball: riscos i prevenci\u00f3<\/a>. En aquest apartat hi trobareu els documents que informen dels factors de risc m\u00e9s comuns que hi ha associats al lloc de treball, aix\u00ed com de les mesures preventives que s&#8217;han de prendre per tal que la feina sigui el m\u00e9s segura i saludable possible.<\/p>\n<h3><span style=\"color: #ff0000;\"><strong>\u00das eficient de la veu<a style=\"color: #ff0000;\" href=\"https:\/\/espai.educacio.gencat.cat\/Personal\/Prevencio-riscos\/Llocs-treball\/Pagines\/default.aspx#ctl00_ctl68_SkipLink\"><img loading=\"lazy\" decoding=\"async\" src=\"https:\/\/espai.educacio.gencat.cat\/WebResource.axd?d=0ebk59zrEI9sgo8F70jm0oNIwi-02DJPoZqwk8Ch9dva-GDihVFCFVZmFIfPYWveASunKI6kg-JD829qQUPSBCIIsPTlniyBYf2vg-SB1Zo1&amp;t=637729656413207958\" alt=\"Skip Navigation Links\" width=\"0\" height=\"0\" \/><\/a><\/strong><\/span><\/h3>\n<p>La veu \u00e9s una de les principals eines de comunicaci\u00f3 tant per als docents com per a les altres persones que la fan servir durant una fracci\u00f3 important de la seva jornada laboral. Si no se&#8217;n fa un bon \u00fas, pot avariar-se i no t\u00e9 recanvi. Es considera activitat amb esfor\u00e7 vocal aquella en qu\u00e8 es produeix una utilitzaci\u00f3 intensiva de la veu com a eina i mitj\u00e0 principal per al desenvolupament de la feina. Des del Servei de Prevenci\u00f3 de Riscos Laborals del Departament d&#8217;Educaci\u00f3 ens ofereixen un espai per tal de con\u00e8ixer millor el funcionament de la veu, saber utilitzar-la d&#8217;una manera eficient i sana i prevenir-ne els possibles trastorns. El trobareu al Portal de Centre (Intranet del Departament d&#8217;Educaci\u00f3), seguint aquest cam\u00ed: Inici &gt; Persones &gt; Seguretat i salut laboral &gt; <a href=\"https:\/\/espai.educacio.gencat.cat\/Personal\/Prevencio-riscos\/Us-eficient-veu\/Pagines\/default.aspx\" target=\"_blank\" rel=\"noopener\">\u00das eficient de la veu<\/a>.<\/p>\n<ul>\n<li>Per con\u00e8ixer els punts claus en relaci\u00f3 amb la utilitzaci\u00f3 correcta de la veu, podeu consultar aquesta <a href=\"https:\/\/institutjoanbrudieu.cat\/public\/web_centre\/html\/documents\/secretaria\/documents\/Veu_Infografia.pdf\" target=\"_blank\" rel=\"noopener\">infogra\u200bfia<\/a>.<\/li>\n<\/ul>\n<p style=\"text-align: center;\"><object style=\"width: 800px; height: 600px;\" data=\"https:\/\/institutjoanbrudieu.cat\/public\/web_centre\/html\/documents\/secretaria\/documents\/Veu_Infografia.pdf\" width=\"300\" height=\"150\"><\/object><\/p>\n<ul>\n<li>L\u2019<a href=\"https:\/\/institutjoanbrudieu.cat\/public\/web_centre\/html\/documents\/secretaria\/documents\/Veu_us_professional.pdf\" target=\"_blank\" rel=\"noopener\">\u00fas professional de la veu<\/a>\u00a0(Departament d&#8217;Empresa i Ocupaci\u00f3) &#8211; Recursos sobre el funcionament, els factors de risc i les mesures\u00a0de prevenci\u00f3 per protegir la funci\u00f3\u00a0vocal.<\/li>\n<\/ul>\n<p style=\"text-align: center;\"><object style=\"width: 800px; height: 600px;\" data=\"https:\/\/institutjoanbrudieu.cat\/public\/web_centre\/html\/documents\/secretaria\/documents\/Veu_us_professional.pdf\" width=\"300\" height=\"150\"><\/object><\/p>\n<h3><span style=\"color: #ff0000;\"><strong>Teletreball i prevenci\u00f3 de riscos laborals<\/strong><\/span><\/h3>\n<p>En la modalitat d\u2019activitat telem\u00e0tica utilitzem ordinadors com a eina de treball, tanmateix aix\u00f2 pot portar a la improvisaci\u00f3 del lloc de treball en una oficina externa, la qual cosa pot dificultar l\u2019adopci\u00f3 de postures de treball poc saludables per a la nostra seguretat i salut laboral. Per prevenir possibles riscos laborals i poder treballar de forma adequada, des del Departament s&#8217;ha elaborat una<strong><a href=\"https:\/\/institutjoanbrudieu.cat\/public\/web_centre\/html\/documents\/secretaria\/documents\/Teletreball_Infografia.pdf\" target=\"_blank\" rel=\"noopener\"> infografia<\/a> que recull una s\u00e8rie de recomanacions posturals i de l\u2019espai de treball en l\u2019activitat telem\u00e0tica.\u00a0<\/strong><\/p>\n<p style=\"text-align: center;\"><object style=\"width: 800px; height: 600px;\" data=\"https:\/\/institutjoanbrudieu.cat\/public\/web_centre\/html\/documents\/secretaria\/documents\/Teletreball_Infografia.pdf\" width=\"300\" height=\"150\"><\/object><\/p>\n<h3><span style=\"color: #ff0000;\"><strong>Farmaciola<\/strong><\/span><\/h3>\n<p>A l\u2019escola s\u2019ha de disposar d\u2019una farmaciola que permeti l\u2019actuaci\u00f3 del professorat en cas de necessitar unes primeres cures. Ha d&#8217;estar en un lloc protegit de la llum, la calor i la humitat. A l\u2019abast conegut de tothom, tancada per\u00f2 no amb clau. Preferentment, a nivell elevat, on no sigui accessible als alumnes m\u00e9s petits i propera a un punt d\u2019aigua.<\/p>\n<ul>\n<li>Qu\u00e8 hi ha d&#8217;haver i qu\u00e8 no a la farmaciola? (<a href=\"https:\/\/institutjoanbrudieu.cat\/public\/web_centre\/html\/documents\/secretaria\/documents\/Farmaciola.pdf\" target=\"_blank\" rel=\"noopener\">document<\/a>)<\/li>\n<\/ul>\n<p style=\"text-align: center;\"><object style=\"width: 800px; height: 600px;\" data=\"https:\/\/institutjoanbrudieu.cat\/public\/web_centre\/html\/documents\/secretaria\/documents\/Farmaciola.pdf\" width=\"300\" height=\"150\"><\/object><\/p>\n<ul>\n<li>Davant d&#8217;un alumne amb una ferida lleu cal fer el seg\u00fcent:\n<ul>\n<li>Renteu-vos les mans amb aigua i sab\u00f3 abans de comen\u00e7ar la cura.<\/li>\n<li>Utilitzeu els guants d\u2019un sol \u00fas.<\/li>\n<li>Netegeu abundantment amb aigua i sab\u00f3 la ferida de dins cap a fora<\/li>\n<li>Traieu els cossos estranys visibles: estelles, sorra\u2026<\/li>\n<li>Si hi ha hemorr\u00e0gia, premeu sobre la ferida amb una gasa durant tres minuts.<\/li>\n<li>Aplicar-hi l\u2019antis\u00e8ptic (povidona iodada en soluci\u00f3 aquosa o clorhexidina).<\/li>\n<li>Protegiu la ferida amb una tireta o una gasa (en aquest cas subjecteu amb una\u00a0\u00a0 bena o esparadrap).<\/li>\n<li>En acabar, renteu-vos les mans amb aigua i sab\u00f3.<\/li>\n<\/ul>\n<\/li>\n<li>En situacions d&#8217;emerg\u00e8ncia, cal trucar al 112 (<a href=\"https:\/\/institutjoanbrudieu.cat\/public\/web_centre\/html\/documents\/secretaria\/documents\/davant_situacio_emergencia.pdf\" target=\"_blank\" rel=\"noopener\">document<\/a>)<\/li>\n<\/ul>\n<p style=\"text-align: center;\"><object style=\"width: 800px; height: 600px;\" data=\"https:\/\/institutjoanbrudieu.cat\/public\/web_centre\/html\/documents\/secretaria\/documents\/davant_situacio_emergencia.pdf\" width=\"300\" height=\"150\"><\/object><\/p>\n<h1><span style=\"color: #0000ff;\"><strong>Actuacions en cas d&#8217;accidents<\/strong><\/span><\/h1>\n<h3><strong><span style=\"color: #ff0000;\">Accidents laborals<\/span><\/strong><\/h3>\n<p>Tota la informaci\u00f3 es troba al Portal de Centre (Intranet del Departament d&#8217;Educaci\u00f3), seguint aquest cam\u00ed: Inici &gt; Persones &gt; Seguretat i salut laboral &gt; <a href=\"https:\/\/espai.educacio.gencat.cat\/Personal\/Prevencio-riscos\/Accidents-laborals\/Pagines\/default.aspx\" target=\"_blank\" rel=\"noopener\">Accidents laborals<\/a>.<\/p>\n<p><strong><span style=\"color: #339966;\">Com notificar un accident laboral<\/span> (<\/strong><a title=\"Informaci\u00f3 sobre notificaci\u00f3 d\u2019accidents laborals i assist\u00e8ncia sanit\u00e0ria \" href=\"https:\/\/institutjoanbrudieu.cat\/public\/web_centre\/html\/documents\/secretaria\/documents\/Accidents_laborals_i_assistencia_sanitaria_notificacio.pdf\" target=\"_blank\" rel=\"noopener\">Notificaci\u00f3 d&#8217;accidents laborals i assist\u00e8ncia sanit\u00e0ria<\/a><strong>)<\/strong><\/p>\n<ol>\n<li>Comunicar l&#8217;accident a la direcci\u00f3 del centre o al superior jer\u00e0rquic qui emplena el formulari seg\u00fcent: <a title=\"Full de notificaci\u00f3 d\u2019accident, incident laboral o malaltia professional\" href=\"https:\/\/documents.espai.educacio.gencat.cat\/FormularisModels\/PrevencioRiscosLaborals\/A603.pdf\" target=\"_blank\" rel=\"noopener\">Full de notificaci\u00f3 d&#8217;accident, inc\u200bident laboral o malaltia professional.<\/a><\/li>\n<li>Trametre el Full a la Direcci\u00f3 de Serveis \/ Direcci\u00f3 dels Serveis Territorials o a la Ger\u00e8ncia del Consorci d&#8217;Educaci\u00f3. S&#8217;avan\u00e7a per correu electr\u00f2nic o fax.<\/li>\n<li>Terminis de notificaci\u00f3:\n<ul>\n<li>Immediatament: en cas d&#8217;accident mortal.<\/li>\n<li>24 hores: en cas d&#8217;accidents amb baixa molt greus, accidents greus i accidents que afectin a m\u00e9s de quatre persones.<\/li>\n<li>48 hores: en cas d&#8217;accidents amb baixa lleus, accidents sense baixa i incidents laborals.<\/li>\n<\/ul>\n<\/li>\n<\/ol>\n<p id=\"h22\"><span style=\"color: #339966;\"><strong>Prevenci\u00f3 de riscos en despla\u00e7aments<\/strong><\/span><\/p>\n<p>El Departament ha publicat aquest\u00a0<a href=\"https:\/\/institutjoanbrudieu.cat\/public\/web_centre\/html\/documents\/secretaria\/documents\/Desplacaments_instruccio.pdf\" target=\"_blank\" rel=\"noopener\">document divulgatiu<\/a>\u00a0sobre\u00a0prevenci\u00f3 de riscos en despla\u00e7aments, que t\u00e9 com a finalitat donar a con\u00e8ixer les mesures preventives que s&#8217;han de prendre perqu\u00e8 els despla\u00e7aments que es fan en anar i tornar de la feina, i tamb\u00e9 els que es fan dins de la jornada laboral, siguin segurs.<\/p>\n<p>Per a m\u00e9s informaci\u00f3, es pot consultar la publicaci\u00f3\u00a0<a href=\"https:\/\/institutjoanbrudieu.cat\/public\/web_centre\/html\/documents\/secretaria\/documents\/Seguretat-en-els-desplacaments-per-anar-i-tornar-de-la-feina.pdf\" target=\"_blank\" rel=\"noopener\">La seguretat en els despla\u00e7aments per anar i tornar de la feina<\/a>, elaborada per l&#8217;Institut Catal\u00e0 de Seguretat i Salut Laboral (ICSSL), del Departament de Treball, Afers Socials i Fam\u00edlies, coordinadament amb el Servei Catal\u00e0 de Tr\u00e0nsit. \u200b<\/p>\n<h1><strong><span style=\"color: #0000ff;\">Avaluacions de riscos laborals<\/span><\/strong><\/h1>\n<h3><span style=\"color: #ff0000;\"><strong>Informe<\/strong><\/span><\/h3>\n<p>En compliment de la Llei 31\/1995, de 8 de novembre, de prevenci\u00f3 de riscos laborals, el Departament d&#8217;Educaci\u00f3 identifica i avalua els riscos laborals dels centres de treball que en depenen. Us donem a con\u00e8ixer l&#8217;<a href=\"https:\/\/institutjoanbrudieu.cat\/public\/web_centre\/html\/documents\/secretaria\/documents\/20220503_25004188_INS_JoanBrudieu_Aval_LlocsDeTrebal_INF.pdf\" target=\"_blank\" rel=\"noopener\">informe d&#8217;avaluaci\u00f3 de riscos dels llocs de treball<\/a> del centre elaborat pels t\u00e8cnics de prevenci\u00f3 dels serveis territorials de l&#8217;Alt Pirineu i Aran.<\/p>\n<p style=\"text-align: center;\"><object style=\"width: 800px; height: 600px;\" data=\"https:\/\/institutjoanbrudieu.cat\/public\/web_centre\/html\/documents\/secretaria\/documents\/20220503_25004188_INS_JoanBrudieu_Aval_LlocsDeTrebal_INF.pdf\" width=\"300\" height=\"150\"><\/object><\/p>\n<h3><span style=\"color: #ff0000;\"><strong>Fitxes<\/strong><\/span><\/h3>\n<p>A m\u00e9s, a partir de l&#8217;informe d&#8217;avaluaci\u00f3 de riscos dels llocs de treball, cal informar tots els treballadors dels riscos laborals als quals es troben exposats. Per tant, publiquem les fitxes informatives de cada lloc de treball, que han de ser conegudes per tots els treballadors de l&#8217;Institut.<\/p>\n<ul>\n<li>Docent amb tasques d&#8217;Administraci\u00f3 i Gesti\u00f3 (<a href=\"https:\/\/institutjoanbrudieu.cat\/public\/web_centre\/html\/documents\/secretaria\/documents\/20220503_25004188_INS_JoanBrudieu_Aval_LlocsDeTrebal_Fitxa_AdminGest.pdf\" target=\"_blank\" rel=\"noopener\">fitxa<\/a>)<\/li>\n<li>Docent amb tasques d&#8217;Educaci\u00f3 F\u00edsica (<a href=\"https:\/\/institutjoanbrudieu.cat\/public\/web_centre\/html\/documents\/secretaria\/documents\/20220503_25004188_INS_JoanBrudieu_Aval_LlocsDeTrebal_Fitxa_EdFisica.pdf\" target=\"_blank\" rel=\"noopener\">fitxa<\/a>)<\/li>\n<li>Educador\/ra d&#8217;Educaci\u00f3 Especial (<a href=\"https:\/\/institutjoanbrudieu.cat\/public\/web_centre\/html\/documents\/secretaria\/documents\/20220503_25004188_INS_JoanBrudieu_Aval_LlocsDeTrebal_Fitxa_EdEsp.pdf\" target=\"_blank\" rel=\"noopener\">fitxa<\/a>)<\/li>\n<li>Personal Auxiliar d&#8217;Administraci\u00f3 (<a href=\"https:\/\/institutjoanbrudieu.cat\/public\/web_centre\/html\/documents\/secretaria\/documents\/20220503_25004188_INS_JoanBrudieu_Aval_LlocsDeTrebal_Fitxa_AuxAdm.pdf\" target=\"_blank\" rel=\"noopener\">fitxa<\/a>)<\/li>\n<li>Professorat d&#8217;FP (<a href=\"https:\/\/institutjoanbrudieu.cat\/public\/web_centre\/html\/documents\/secretaria\/documents\/20220503_25004188_INS_JoanBrudieu_Aval_LlocsDeTrebal_Fitxa_FP.pdf\" target=\"_blank\" rel=\"noopener\">fitxa<\/a>)<\/li>\n<li>Docent amb tasques de laboratori (<a href=\"https:\/\/institutjoanbrudieu.cat\/public\/web_centre\/html\/documents\/secretaria\/documents\/20220503_25004188_INS_JoanBrudieu_Aval_LlocsDeTrebal_Fitxa_Laboratori.pdf\" target=\"_blank\" rel=\"noopener\">fitxa<\/a>)<\/li>\n<li>Docent amb tasques d&#8217;especialista de M\u00fasica (<a href=\"https:\/\/institutjoanbrudieu.cat\/public\/web_centre\/html\/documents\/secretaria\/documents\/20220503_25004188_INS_JoanBrudieu_Aval_LlocsDeTrebal_Fitxa_Musica.pdf\" target=\"_blank\" rel=\"noopener\">fitxa<\/a>)<\/li>\n<li>Docent amb tasques de Processos Sanitaris i Assistencials (<a href=\"https:\/\/institutjoanbrudieu.cat\/public\/web_centre\/html\/documents\/secretaria\/documents\/20220503_25004188_INS_JoanBrudieu_Aval_LlocsDeTrebal_Fitxa_ProcSanit.pdf\" target=\"_blank\" rel=\"noopener\">fitxa<\/a>)<\/li>\n<li>Professorat de Secund\u00e0ria (<a href=\"https:\/\/institutjoanbrudieu.cat\/public\/web_centre\/html\/documents\/secretaria\/documents\/20220503_25004188_INS_JoanBrudieu_Aval_LlocsDeTrebal_Fitxa_Secundaria.pdf\" target=\"_blank\" rel=\"noopener\">fitxa<\/a>)<\/li>\n<li>Docent amb tasques de Serveis Socioculturals (<a href=\"https:\/\/institutjoanbrudieu.cat\/public\/web_centre\/html\/documents\/secretaria\/documents\/20220503_25004188_INS_JoanBrudieu_Aval_LlocsDeTrebal_Fitxa_SSocioculturals.pdf\" target=\"_blank\" rel=\"noopener\">fitxa<\/a>)<\/li>\n<li>Docent amb tasques de Tecnologia (<a href=\"https:\/\/institutjoanbrudieu.cat\/public\/web_centre\/html\/documents\/secretaria\/documents\/20220503_25004188_INS_JoanBrudieu_Aval_LlocsDeTrebal_Fitxa_Tecno.pdf\" target=\"_blank\" rel=\"noopener\">fitxa<\/a>)<\/li>\n<\/ul>\n<h1><strong><span style=\"color: #0000ff;\">Mesures preventives<\/span><\/strong><\/h1>\n<h3><span style=\"color: #ff0000;\"><strong>Planificaci\u00f3<\/strong><\/span><\/h3>\n<p>Proposta de <a href=\"https:\/\/institutjoanbrudieu.cat\/public\/web_centre\/html\/documents\/secretaria\/documents\/20220503_25004188_INS_JoanBrudieu_Aval_LlocsDeTrebal_INF_Plan.pdf\" target=\"_blank\" rel=\"noopener\">Planificaci\u00f3 de les mesures preventives, d&#8217;eliminaci\u00f3, control i reducci\u00f3<\/a> derivada de les avaluacions de riscos.<\/p>\n<p style=\"text-align: center;\"><object style=\"width: 800px; height: 600px;\" data=\"https:\/\/institutjoanbrudieu.cat\/public\/web_centre\/html\/documents\/secretaria\/documents\/20220503_25004188_INS_JoanBrudieu_Aval_LlocsDeTrebal_INF_Plan.pdf\" width=\"300\" height=\"150\"><\/object><\/p>\n","protected":false},"excerpt":{"rendered":"<p>Mesures en cas d&#8217;emerg\u00e8ncia Pla d&#8217;emerg\u00e8ncia de l&#8217;Institut PEM \u2013 Pla d\u2019Emerg\u00e8ncia. PEM \u2013 Pla d&#8217;Emerg\u00e8ncia: Pl\u00e0nols de l&#8217;Institut. PEM: Pl\u00e0nol Planta Soterrani. PEM: Pl\u00e0nol Planta Baixa. PEM: Pl\u00e0nol Planta Primera. PEM: Pl\u00e0nol Planta Segona. PEM: Pl\u00e0nol resum totes les plantes. PEM &#8211; Pla d&#8217;Emerg\u00e8ncia: presentacions. PEM: Presentaci\u00f3 per a l&#8217;alumnat. PEM: Presentaci\u00f3 per al [&hellip;]<\/p>\n","protected":false},"author":1,"featured_media":0,"parent":19,"menu_order":30,"comment_status":"closed","ping_status":"closed","template":"page-templates\/side-menu.php","meta":{"_bbp_topic_count":0,"_bbp_reply_count":0,"_bbp_total_topic_count":0,"_bbp_total_reply_count":0,"_bbp_voice_count":0,"_bbp_anonymous_reply_count":0,"_bbp_topic_count_hidden":0,"_bbp_reply_count_hidden":0,"_bbp_forum_subforum_count":0,"site-sidebar-layout":"default","site-content-layout":"","ast-site-content-layout":"","site-content-style":"default","site-sidebar-style":"default","ast-global-header-display":"","ast-banner-title-visibility":"","ast-main-header-display":"","ast-hfb-above-header-display":"","ast-hfb-below-header-display":"","ast-hfb-mobile-header-display":"","site-post-title":"","ast-breadcrumbs-content":"","ast-featured-img":"","footer-sml-layout":"","theme-transparent-header-meta":"","adv-header-id-meta":"","stick-header-meta":"","header-above-stick-meta":"","header-main-stick-meta":"","header-below-stick-meta":"","astra-migrate-meta-layouts":"default","ast-page-background-enabled":"default","ast-page-background-meta":{"desktop":{"background-color":"var(--ast-global-color-4)","background-image":"","background-repeat":"repeat","background-position":"center center","background-size":"auto","background-attachment":"scroll","background-type":"","background-media":"","overlay-type":"","overlay-color":"","overlay-opacity":"","overlay-gradient":""},"tablet":{"background-color":"","background-image":"","background-repeat":"repeat","background-position":"center center","background-size":"auto","background-attachment":"scroll","background-type":"","background-media":"","overlay-type":"","overlay-color":"","overlay-opacity":"","overlay-gradient":""},"mobile":{"background-color":"","background-image":"","background-repeat":"repeat","background-position":"center center","background-size":"auto","background-attachment":"scroll","background-type":"","background-media":"","overlay-type":"","overlay-color":"","overlay-opacity":"","overlay-gradient":""}},"ast-content-background-meta":{"desktop":{"background-color":"var(--ast-global-color-5)","background-image":"","background-repeat":"repeat","background-position":"center center","background-size":"auto","background-attachment":"scroll","background-type":"","background-media":"","overlay-type":"","overlay-color":"","overlay-opacity":"","overlay-gradient":""},"tablet":{"background-color":"var(--ast-global-color-5)","background-image":"","background-repeat":"repeat","background-position":"center center","background-size":"auto","background-attachment":"scroll","background-type":"","background-media":"","overlay-type":"","overlay-color":"","overlay-opacity":"","overlay-gradient":""},"mobile":{"background-color":"var(--ast-global-color-5)","background-image":"","background-repeat":"repeat","background-position":"center center","background-size":"auto","background-attachment":"scroll","background-type":"","background-media":"","overlay-type":"","overlay-color":"","overlay-opacity":"","overlay-gradient":""}},"footnotes":""},"class_list":["post-7641","page","type-page","status-publish","hentry"],"post_mailing_queue_ids":[],"_links":{"self":[{"href":"https:\/\/agora.xtec.cat\/iesjoanbrudieu\/wp-json\/wp\/v2\/pages\/7641","targetHints":{"allow":["GET"]}}],"collection":[{"href":"https:\/\/agora.xtec.cat\/iesjoanbrudieu\/wp-json\/wp\/v2\/pages"}],"about":[{"href":"https:\/\/agora.xtec.cat\/iesjoanbrudieu\/wp-json\/wp\/v2\/types\/page"}],"author":[{"embeddable":true,"href":"https:\/\/agora.xtec.cat\/iesjoanbrudieu\/wp-json\/wp\/v2\/users\/1"}],"replies":[{"embeddable":true,"href":"https:\/\/agora.xtec.cat\/iesjoanbrudieu\/wp-json\/wp\/v2\/comments?post=7641"}],"version-history":[{"count":6,"href":"https:\/\/agora.xtec.cat\/iesjoanbrudieu\/wp-json\/wp\/v2\/pages\/7641\/revisions"}],"predecessor-version":[{"id":9959,"href":"https:\/\/agora.xtec.cat\/iesjoanbrudieu\/wp-json\/wp\/v2\/pages\/7641\/revisions\/9959"}],"up":[{"embeddable":true,"href":"https:\/\/agora.xtec.cat\/iesjoanbrudieu\/wp-json\/wp\/v2\/pages\/19"}],"wp:attachment":[{"href":"https:\/\/agora.xtec.cat\/iesjoanbrudieu\/wp-json\/wp\/v2\/media?parent=7641"}],"curies":[{"name":"wp","href":"https:\/\/api.w.org\/{rel}","templated":true}]}}