{"id":6642,"date":"2021-11-05T16:24:35","date_gmt":"2021-11-05T15:24:35","guid":{"rendered":"https:\/\/agora.xtec.cat\/iesjoanbrudieu\/?page_id=6642"},"modified":"2021-11-08T21:43:34","modified_gmt":"2021-11-08T20:43:34","slug":"videos-curs-2020-2021","status":"publish","type":"page","link":"https:\/\/agora.xtec.cat\/iesjoanbrudieu\/videos-de-linstitut\/videos-curs-2020-2021\/","title":{"rendered":"V\u00eddeos: curs 2020-2021"},"content":{"rendered":"<h2 class=\"titolh2\">CURS 2020-2021<\/h2>\n<div class=\"blocimg\"><a href=\"https:\/\/youtu.be\/TZBSxYsir3Q\" target=\"_blank\" rel=\"noopener noreferrer\"><img decoding=\"async\" class=\"size-thumbnail wp-image-1717 aligncenter img150x150\" src=\"https:\/\/institutjoanbrudieu.cat\/public\/web_centre\/html\/documents\/fotos_videos_web\/2021_Diploma_Graduacio.jpg\" alt=\"2021_Diploma_Graduacio\" \/>210611 Festa de Graduaci\u00f3 per a l&#8217;alumnat de BTX (v\u00eddeo de fotos)<\/a><\/div>\n<div class=\"blocimg\"><a href=\"https:\/\/youtu.be\/5OnB-6Eauaw\" target=\"_blank\" rel=\"noopener noreferrer\"><img decoding=\"async\" class=\"size-thumbnail wp-image-1717 aligncenter img150x150\" src=\"https:\/\/institutjoanbrudieu.cat\/public\/web_centre\/html\/documents\/fotos_videos_web\/2021_Diploma_Graduacio.jpg\" alt=\"2021_Diploma_Graduacio\" \/>210611 Festa de Graduaci\u00f3 per a l&#8217;alumnat de BTX (v\u00eddeo en directe)<\/a><\/div>\n<div class=\"blocimg\"><a href=\"https:\/\/www.youtube.com\/watch?v=zyFQLcNIob4\" target=\"_blank\" rel=\"noopener noreferrer\"><img decoding=\"async\" class=\"size-thumbnail wp-image-1717 aligncenter img150x150\" src=\"http:\/\/institutjoanbrudieu.cat\/public\/web_centre\/html\/documents\/fotos_videos_web\/LSC_Llengua_Signes_Catalana.jpg\" alt=\"LSC_Llengua_Signes_Catalana\" \/>210603 LSC Dia de la Llengua de Signes Catalana<\/a><\/div>\n<div class=\"blocimg\"><a href=\"https:\/\/youtu.be\/9V5JqY23Xtc\" target=\"_blank\" rel=\"noopener noreferrer\"><img decoding=\"async\" class=\"size-thumbnail wp-image-1717 aligncenter img150x150\" src=\"https:\/\/institutjoanbrudieu.cat\/public\/web_centre\/html\/documents\/fotos_web\/2021_Diploma_Graduacio.jpg\" alt=\"2021_Diploma_Graduacio\" \/>210527 Festa de Graduaci\u00f3 per a l&#8217;alumnat d&#8217;FP (v\u00eddeo de fotos)<\/a><\/div>\n<div class=\"blocimg\"><a href=\"https:\/\/youtu.be\/smeLIKTrN-Y\" target=\"_blank\" rel=\"noopener noreferrer\"><img decoding=\"async\" class=\"size-thumbnail wp-image-1717 aligncenter img150x150\" src=\"https:\/\/institutjoanbrudieu.cat\/public\/web_centre\/html\/documents\/fotos_web\/2021_Diploma_Graduacio.jpg\" alt=\"2021_Diploma_Graduacio\" \/>210527 Festa de Graduaci\u00f3 per a l&#8217;alumnat d&#8217;FP (v\u00eddeo en directe)<\/a><\/div>\n<div class=\"blocimg\"><a href=\"https:\/\/youtu.be\/8-WyC2ftp78\" target=\"_blank\" rel=\"noopener noreferrer\"><img decoding=\"async\" class=\"size-thumbnail wp-image-1717 aligncenter img150x150\" src=\"http:\/\/institutjoanbrudieu.cat\/public\/web_centre\/html\/documents\/fotos_videos_web\/210420_Sant_Jordi_LSC.jpg\" alt=\"210420_Sant_Jordi_LSC\" \/>210420 Sant Jordi (LSC)<\/a><\/div>\n<div class=\"blocimg\"><a href=\"https:\/\/youtu.be\/IUF1UDBcANI\" target=\"_blank\" rel=\"noopener noreferrer\"><img decoding=\"async\" class=\"size-thumbnail wp-image-1717 aligncenter img150x150\" src=\"http:\/\/institutjoanbrudieu.cat\/public\/web_centre\/html\/documents\/fotos_videos_web\/Portes_obertes_CFM_CAI_APD.jpg\" alt=\"Portes_obertes_CFM_CAI_APD\" \/>210415 Orientaci\u00f3 FP (CFM CAI+APD) al Brudieu (Alumnat CFM CAI+APD \/ curs 2020-2021)<\/a><\/div>\n<div class=\"blocimg\"><a href=\"https:\/\/youtu.be\/AdtsO2Z4GzI\" target=\"_blank\" rel=\"noopener noreferrer\"><img decoding=\"async\" class=\"size-thumbnail wp-image-1717 aligncenter img150x150\" src=\"http:\/\/institutjoanbrudieu.cat\/public\/web_centre\/html\/documents\/fotos_videos_web\/Portes_obertes_CFS_EDI.jpg\" alt=\"Portes_obertes_CFS_EDI\" \/>210415 Orientaci\u00f3 FP (CFS EDI) al Brudieu (Alumnat CFS EDI \/ curs 2020-2021)<\/a><\/div>\n<div class=\"blocimg\"><a href=\"https:\/\/youtu.be\/b5JS4sd1E8E\" target=\"_blank\" rel=\"noopener noreferrer\"><img decoding=\"async\" class=\"size-thumbnail wp-image-1717 aligncenter img150x150\" src=\"http:\/\/institutjoanbrudieu.cat\/public\/web_centre\/html\/documents\/fotos_videos_web\/Portes_obertes_CFS_DAM.jpg\" alt=\"Portes_obertes_CFS_DAM\" \/>210415 Orientaci\u00f3 FP (CFS DAM) al Brudieu (Alumnat CFS DAM \/ curs 2020-2021)<\/a><\/div>\n<div class=\"blocimg\"><a href=\"https:\/\/youtu.be\/BERokpue9UE\" target=\"_blank\" rel=\"noopener noreferrer\"><img decoding=\"async\" class=\"size-thumbnail wp-image-1717 aligncenter img150x150\" src=\"http:\/\/institutjoanbrudieu.cat\/public\/web_centre\/html\/documents\/fotos_videos_web\/Portes_obertes_CFS_ASIX.jpg\" alt=\"Portes_obertes_CFS_ASIX\" \/>210415 Orientaci\u00f3 FP (CFS ASIX) al Brudieu (Alumnat CFS ASIX \/ curs 2020-2021)<\/a><\/div>\n<div class=\"blocimg\"><a href=\"https:\/\/youtu.be\/fZcJ774V4Ug\" target=\"_blank\" rel=\"noopener noreferrer\"><img decoding=\"async\" class=\"size-thumbnail wp-image-1717 aligncenter img150x150\" src=\"http:\/\/institutjoanbrudieu.cat\/public\/web_centre\/html\/documents\/fotos_videos_web\/Portes_obertes_CFM_GAD.jpg\" alt=\"Portes_obertes_CFM_GAD\" \/>210415 Orientaci\u00f3 FP (CFM GAD) al Brudieu (Alumnat CFM GAD \/ curs 2020-2021)<\/a><\/div>\n<div class=\"blocimg\"><a href=\"https:\/\/youtu.be\/_OdsudvmGkI\" target=\"_blank\" rel=\"noopener noreferrer\"><img decoding=\"async\" class=\"size-thumbnail wp-image-1717 aligncenter img150x150\" src=\"http:\/\/institutjoanbrudieu.cat\/public\/web_centre\/html\/documents\/fotos_videos_web\/Portes_obertes_CFM_SMX.jpg\" alt=\"Portes_obertes_CFM_SMX\" \/>210415 Orientaci\u00f3 FP (CFM SMX) al Brudieu (Alumnat CFM SMX \/ curs 2020-2021)<\/a><\/div>\n<div class=\"blocimg\"><a href=\"https:\/\/youtu.be\/CKOIQWC7Jmg\" target=\"_blank\" rel=\"noopener noreferrer\"><img decoding=\"async\" class=\"size-thumbnail wp-image-1717 aligncenter img150x150\" src=\"http:\/\/institutjoanbrudieu.cat\/public\/web_centre\/html\/documents\/fotos_videos_web\/Portes_obertes_BTX_4.jpg\" alt=\"Portes_obertes_BTX_4\" \/>210409 Orientaci\u00f3 BTX al Brudieu (Presentaci\u00f3 instal\u00b7lacions &#8211; Alumnat BTX \/ curs 2020-2021)<\/a><\/div>\n<div class=\"blocimg\"><a href=\"https:\/\/youtu.be\/eCTsELp7Q8Y\" target=\"_blank\" rel=\"noopener noreferrer\"><img decoding=\"async\" class=\"size-thumbnail wp-image-1717 aligncenter img150x150\" src=\"http:\/\/institutjoanbrudieu.cat\/public\/web_centre\/html\/documents\/fotos_videos_web\/Portes_obertes_BTX_5.jpg\" alt=\"Portes_obertes_BTX_5\" \/>210409 Orientaci\u00f3 BTX (ART) al Brudieu (Alumnat BTX \/ curs 2020-2021)<\/a><\/div>\n<div class=\"blocimg\"><a href=\"https:\/\/youtu.be\/26QkDJbiBJY\" target=\"_blank\" rel=\"noopener noreferrer\"><img decoding=\"async\" class=\"size-thumbnail wp-image-1717 aligncenter img150x150\" src=\"http:\/\/institutjoanbrudieu.cat\/public\/web_centre\/html\/documents\/fotos_videos_web\/Portes_obertes_BTX_3.jpg\" alt=\"Portes_obertes_BTX_3\" \/>210409 Orientaci\u00f3 BTX (TEC) al Brudieu (Alumnat BTX \/ curs 2020-2021)<\/a><\/div>\n<div class=\"blocimg\"><a href=\"https:\/\/youtu.be\/JKPlOE4JNUM\" target=\"_blank\" rel=\"noopener noreferrer\"><img decoding=\"async\" class=\"size-thumbnail wp-image-1717 aligncenter img150x150\" src=\"http:\/\/institutjoanbrudieu.cat\/public\/web_centre\/html\/documents\/fotos_videos_web\/Portes_obertes_BTX_2.jpg\" alt=\"Portes_obertes_BTX_2\" \/>210409 Orientaci\u00f3 BTX (HUM) al Brudieu (Alumnat BTX \/ curs 2020-2021)<\/a><\/div>\n<div class=\"blocimg\"><a href=\"https:\/\/youtu.be\/5hvfRtyoDDo\" target=\"_blank\" rel=\"noopener noreferrer\"><img decoding=\"async\" class=\"size-thumbnail wp-image-1717 aligncenter img150x150\" src=\"http:\/\/institutjoanbrudieu.cat\/public\/web_centre\/html\/documents\/fotos_videos_web\/Portes_obertes_BTX_1.jpg\" alt=\"Portes_obertes_BTX_1\" \/>210409 Orientaci\u00f3 BTX (CNS) al Brudieu (Alumnat BTX \/ curs 2020-2021)<\/a><\/div>\n<div class=\"blocimg\"><a href=\"https:\/\/youtu.be\/rf9inoscnA8\" target=\"_blank\" rel=\"noopener noreferrer\"><img decoding=\"async\" class=\"size-thumbnail wp-image-1717 aligncenter img150x150\" src=\"http:\/\/institutjoanbrudieu.cat\/public\/web_centre\/html\/documents\/fotos_videos_web\/201215_IFE_alumnat_i_professorat_2020-2021.jpg\" alt=\"201215_IFE_alumnat_i_professorat_2020-2021\" \/>210408 Orientaci\u00f3 IFE al Brudieu (Alumnat IFE \/ curs 2020-2021)<\/a><\/div>\n<div class=\"blocimg\"><a href=\"https:\/\/youtu.be\/MvinO0nVCy0\" target=\"_blank\" rel=\"noopener noreferrer\"><img decoding=\"async\" class=\"size-thumbnail wp-image-1717 aligncenter img150x150\" src=\"http:\/\/institutjoanbrudieu.cat\/public\/web_centre\/html\/documents\/fotos_videos_web\/201201_Visita_sequoia.jpg\" alt=\"201201_Visita_sequoia\" \/>210319 Orientaci\u00f3 SIEI al Brudieu #1 (Alumnat SIEI \/ curs 2020-2021)<\/a><\/div>\n<div class=\"blocimg\"><a href=\"https:\/\/youtu.be\/Sl-zeP46130\" target=\"_blank\" rel=\"noopener noreferrer\"><img decoding=\"async\" class=\"size-thumbnail wp-image-1717 aligncenter img150x150\" src=\"http:\/\/institutjoanbrudieu.cat\/public\/web_centre\/html\/documents\/fotos_videos_web\/210318_Proves_Cangur.jpg\" alt=\"210318_Proves_Cangur\" \/>210318 Proves Cangur<\/a><\/div>\n<div class=\"blocimg\"><a href=\"https:\/\/youtu.be\/vBWWt6j5V4U\" target=\"_blank\" rel=\"noopener noreferrer\"><img decoding=\"async\" class=\"size-thumbnail wp-image-1717 aligncenter img150x150\" src=\"http:\/\/institutjoanbrudieu.cat\/public\/web_centre\/html\/documents\/fotos_videos_web\/210302_Orientacio_ESO_1.jpg\" alt=\"210302_Orientacio_ESO_1\" \/>210302 Orientaci\u00f3 ESO al Brudieu #1 (Alumnat S1A \/ curs 2020-2021)<\/a><\/div>\n<div class=\"blocimg\"><a href=\"https:\/\/youtu.be\/D1a2459dvcY\" target=\"_blank\" rel=\"noopener noreferrer\"><img decoding=\"async\" class=\"size-thumbnail wp-image-1717 aligncenter img150x150\" src=\"http:\/\/institutjoanbrudieu.cat\/public\/web_centre\/html\/documents\/fotos_videos_web\/210302_Orientacio_ESO_2.jpg\" alt=\"210302_Orientacio_ESO_2\" \/>210302 Orientaci\u00f3 ESO al Brudieu #2 (Alumnat S1B \/ curs 2020-2021)<\/a><\/div>\n<div class=\"blocimg\"><a href=\"https:\/\/youtu.be\/cZ6F7p3faPw\" target=\"_blank\" rel=\"noopener noreferrer\"><img decoding=\"async\" class=\"size-thumbnail wp-image-1717 aligncenter img150x150\" src=\"http:\/\/institutjoanbrudieu.cat\/public\/web_centre\/html\/documents\/fotos_videos_web\/210302_Orientacio_ESO_3.jpg\" alt=\"210302_Orientacio_ESO_3\" \/>210302 Orientaci\u00f3 ESO al Brudieu #3 (Alumnat S1C \/ curs 2020-2021)<\/a><\/div>\n<div class=\"blocimg\"><a href=\"https:\/\/youtu.be\/rv6CjRxxo-M\" target=\"_blank\" rel=\"noopener noreferrer\"><img decoding=\"async\" class=\"size-thumbnail wp-image-1717 aligncenter img150x150\" src=\"http:\/\/institutjoanbrudieu.cat\/public\/web_centre\/html\/documents\/fotos_videos_web\/210302_Orientacio_ESO_4.jpg\" alt=\"210302_Orientacio_ESO_4\" \/>210302 Orientaci\u00f3 ESO al Brudieu #4 (Alumnat S1D \/ curs 2020-2021)<\/a><\/div>\n<div class=\"blocimg\"><a href=\"https:\/\/youtu.be\/-ZLYVXRT_Ac\" target=\"_blank\" rel=\"noopener noreferrer\"><img decoding=\"async\" class=\"size-thumbnail wp-image-1717 aligncenter img150x150\" src=\"http:\/\/institutjoanbrudieu.cat\/public\/web_centre\/html\/documents\/fotos_videos_web\/201211_Cantem_amb_LSC.jpg\" alt=\"201211_Cantem_amb_LSC\" \/>201211 Cantem amb LSC<\/a><\/div>\n<div class=\"blocimg\"><a href=\"https:\/\/www.youtube.com\/watch?v=wrVQBm0BPUs\" target=\"_blank\" rel=\"noopener noreferrer\"><img decoding=\"async\" class=\"size-thumbnail wp-image-1717 aligncenter img150x150\" src=\"http:\/\/institutjoanbrudieu.cat\/public\/web_centre\/html\/documents\/fotos_videos_web\/201125_25N_en_contra_matrimoni_infantil.jpg\" alt=\"201125_25N_en_contra_matrimoni_infantil\" \/>201125 25N: Save the children &#8211; en contra del matrimoni infantil<\/a><\/div>\n<div class=\"blocimg\"><a href=\"https:\/\/youtu.be\/306lfskWO_g\" target=\"_blank\" rel=\"noopener noreferrer\"><img decoding=\"async\" class=\"size-thumbnail wp-image-1717 aligncenter img150x150\" src=\"http:\/\/institutjoanbrudieu.cat\/public\/web_centre\/html\/documents\/fotos_videos_web\/201031_Castanyada_al_SIEI.jpg\" alt=\"201031_Castanyada_al_SIEI\" \/>201031 Stopmotions realitzat per l&#8217;alumnat del SIEI: Castanyada<\/a><\/div>\n<div class=\"blocimg\"><a href=\"https:\/\/youtu.be\/3BGMr8f0kzU\" target=\"_blank\" rel=\"noopener noreferrer\"><img decoding=\"async\" class=\"size-thumbnail wp-image-1717 aligncenter img150x150\" src=\"http:\/\/institutjoanbrudieu.cat\/public\/web_centre\/html\/documents\/fotos_videos_web\/201006_STOPmotion_SIEI.jpg\" alt=\"201006_STOPmotion_SIEI\" \/>201006 Stopmotions realitzat per l&#8217;alumnat del SIEI<\/a><\/div>\n","protected":false},"excerpt":{"rendered":"<p>CURS 2020-2021 210611 Festa de Graduaci\u00f3 per a l&#8217;alumnat de BTX (v\u00eddeo de fotos) 210611 Festa de Graduaci\u00f3 per a l&#8217;alumnat de BTX (v\u00eddeo en directe) 210603 LSC Dia de la Llengua de Signes Catalana 210527 Festa de Graduaci\u00f3 per a l&#8217;alumnat d&#8217;FP (v\u00eddeo de fotos) 210527 Festa de Graduaci\u00f3 per a l&#8217;alumnat d&#8217;FP (v\u00eddeo [&hellip;]<\/p>\n","protected":false},"author":1,"featured_media":0,"parent":2043,"menu_order":18,"comment_status":"closed","ping_status":"closed","template":"page-templates\/side-menu.php","meta":{"_bbp_topic_count":0,"_bbp_reply_count":0,"_bbp_total_topic_count":0,"_bbp_total_reply_count":0,"_bbp_voice_count":0,"_bbp_anonymous_reply_count":0,"_bbp_topic_count_hidden":0,"_bbp_reply_count_hidden":0,"_bbp_forum_subforum_count":0,"site-sidebar-layout":"default","site-content-layout":"","ast-site-content-layout":"","site-content-style":"default","site-sidebar-style":"default","ast-global-header-display":"","ast-banner-title-visibility":"","ast-main-header-display":"","ast-hfb-above-header-display":"","ast-hfb-below-header-display":"","ast-hfb-mobile-header-display":"","site-post-title":"","ast-breadcrumbs-content":"","ast-featured-img":"","footer-sml-layout":"","theme-transparent-header-meta":"","adv-header-id-meta":"","stick-header-meta":"","header-above-stick-meta":"","header-main-stick-meta":"","header-below-stick-meta":"","astra-migrate-meta-layouts":"default","ast-page-background-enabled":"default","ast-page-background-meta":{"desktop":{"background-color":"var(--ast-global-color-4)","background-image":"","background-repeat":"repeat","background-position":"center center","background-size":"auto","background-attachment":"scroll","background-type":"","background-media":"","overlay-type":"","overlay-color":"","overlay-opacity":"","overlay-gradient":""},"tablet":{"background-color":"","background-image":"","background-repeat":"repeat","background-position":"center center","background-size":"auto","background-attachment":"scroll","background-type":"","background-media":"","overlay-type":"","overlay-color":"","overlay-opacity":"","overlay-gradient":""},"mobile":{"background-color":"","background-image":"","background-repeat":"repeat","background-position":"center center","background-size":"auto","background-attachment":"scroll","background-type":"","background-media":"","overlay-type":"","overlay-color":"","overlay-opacity":"","overlay-gradient":""}},"ast-content-background-meta":{"desktop":{"background-color":"var(--ast-global-color-5)","background-image":"","background-repeat":"repeat","background-position":"center center","background-size":"auto","background-attachment":"scroll","background-type":"","background-media":"","overlay-type":"","overlay-color":"","overlay-opacity":"","overlay-gradient":""},"tablet":{"background-color":"var(--ast-global-color-5)","background-image":"","background-repeat":"repeat","background-position":"center center","background-size":"auto","background-attachment":"scroll","background-type":"","background-media":"","overlay-type":"","overlay-color":"","overlay-opacity":"","overlay-gradient":""},"mobile":{"background-color":"var(--ast-global-color-5)","background-image":"","background-repeat":"repeat","background-position":"center center","background-size":"auto","background-attachment":"scroll","background-type":"","background-media":"","overlay-type":"","overlay-color":"","overlay-opacity":"","overlay-gradient":""}},"footnotes":""},"class_list":["post-6642","page","type-page","status-publish","hentry"],"post_mailing_queue_ids":[],"_links":{"self":[{"href":"https:\/\/agora.xtec.cat\/iesjoanbrudieu\/wp-json\/wp\/v2\/pages\/6642","targetHints":{"allow":["GET"]}}],"collection":[{"href":"https:\/\/agora.xtec.cat\/iesjoanbrudieu\/wp-json\/wp\/v2\/pages"}],"about":[{"href":"https:\/\/agora.xtec.cat\/iesjoanbrudieu\/wp-json\/wp\/v2\/types\/page"}],"author":[{"embeddable":true,"href":"https:\/\/agora.xtec.cat\/iesjoanbrudieu\/wp-json\/wp\/v2\/users\/1"}],"replies":[{"embeddable":true,"href":"https:\/\/agora.xtec.cat\/iesjoanbrudieu\/wp-json\/wp\/v2\/comments?post=6642"}],"version-history":[{"count":2,"href":"https:\/\/agora.xtec.cat\/iesjoanbrudieu\/wp-json\/wp\/v2\/pages\/6642\/revisions"}],"predecessor-version":[{"id":6651,"href":"https:\/\/agora.xtec.cat\/iesjoanbrudieu\/wp-json\/wp\/v2\/pages\/6642\/revisions\/6651"}],"up":[{"embeddable":true,"href":"https:\/\/agora.xtec.cat\/iesjoanbrudieu\/wp-json\/wp\/v2\/pages\/2043"}],"wp:attachment":[{"href":"https:\/\/agora.xtec.cat\/iesjoanbrudieu\/wp-json\/wp\/v2\/media?parent=6642"}],"curies":[{"name":"wp","href":"https:\/\/api.w.org\/{rel}","templated":true}]}}