{"id":5983,"date":"2021-02-23T18:49:14","date_gmt":"2021-02-23T17:49:14","guid":{"rendered":"http:\/\/agora.xtec.cat\/iesjoanbrudieu\/?page_id=5983"},"modified":"2026-03-23T17:37:12","modified_gmt":"2026-03-23T16:37:12","slug":"pfi-ptt-preinscripcio-i-matricula","status":"publish","type":"page","link":"https:\/\/agora.xtec.cat\/iesjoanbrudieu\/secretaria\/preins-mat\/pfi-ptt-preinscripcio-i-matricula\/","title":{"rendered":"PFI-PTT: Preinscripci\u00f3 i matr\u00edcula"},"content":{"rendered":"\n<h2 class=\"wp-block-heading\"><span style=\"color: #3366ff;\"><strong><strong><span style=\"color: #339966;\">PFI-PTT [2026-2027]<\/span><\/strong><\/strong><\/span><\/h2>\n\n\n\n<h2 class=\"wp-block-heading\"><span style=\"color: #3366ff;\"><strong>Informaci\u00f3 Estudis Postobligatoris de l&#8217;Institut Joan Brudieu<\/strong><\/span><\/h2>\n\n\n\n<p><span class=\"ms-rteStyle-Accent1\"><span style=\"color: #ff0000;\"><strong>Estem treballant per actualitzar tota la informaci\u00f3 per a la preinscripci\u00f3 2026-2027<\/strong><\/span>.<\/span><\/p>\n\n\n\n<ul class=\"wp-block-list\">\n<li>Podeu trobar m\u00e9s informaci\u00f3 a la p\u00e0gina de <strong>Portes Obertes<\/strong> de la nostra web (<a href=\"https:\/\/agora.xtec.cat\/iesjoanbrudieu\/linstitut\/portes-obertes\/\" target=\"_blank\" rel=\"noopener noreferrer\">enlla\u00e7<\/a>).<\/li>\n\n\n\n<li>Podeu trobar la <strong>documentaci\u00f3 estrat\u00e8gica<\/strong> de l&#8217;Institut en <a href=\"https:\/\/agora.xtec.cat\/iesjoanbrudieu\/secretaria\/documentacio-institut\/\" target=\"_blank\" rel=\"noopener noreferrer\">aquest enlla\u00e7<\/a>.<\/li>\n\n\n\n<li>Podeu trobar informaci\u00f3 dels estudis <strong>PFI\/PTT<\/strong> en <a href=\"https:\/\/agora.xtec.cat\/iesjoanbrudieu\/estudis\/ensenyaments-professionals\/\" target=\"_blank\" rel=\"noreferrer noopener\">aquest enlla\u00e7<\/a>.<\/li>\n<\/ul>\n\n\n\n<h2 class=\"wp-block-heading\"><span style=\"color: #3366ff;\"><strong>PFI-PTT<\/strong><\/span><span style=\"color: #3366ff;\"><strong> [Calendari Preinscripci\u00f3 i Matr\u00edcula]<\/strong><\/span><\/h2>\n\n\n\n<figure class=\"wp-block-image\"><a href=\"https:\/\/institutjoanbrudieu.cat\/public\/web_centre\/html\/img\/26_Calendari_Preinscripcio_Matricula_WEB_PFI_01.jpg\" target=\"_blank\" rel=\"noopener noreferrer\"><img decoding=\"async\" src=\"https:\/\/institutjoanbrudieu.cat\/public\/web_centre\/html\/img\/26_Calendari_Preinscripcio_Matricula_WEB_PFI_01.jpg\" alt=\"Calendari Preinscripcio i Matricula PFI-PTT (general): en construcci\u00f3\"\/><\/a><\/figure>\n\n\n\n<p><\/p>\n\n\n\n<figure class=\"wp-block-image aligncenter is-resized\"><a href=\"https:\/\/institutjoanbrudieu.cat\/public\/web_centre\/html\/img\/26_Calendari_Preinscripcio_Matricula_WEB_PFI_02.jpg\" target=\"_blank\" rel=\"noopener noreferrer\"><img decoding=\"async\" src=\"https:\/\/institutjoanbrudieu.cat\/public\/web_centre\/html\/img\/26_Calendari_Preinscripcio_Matricula_WEB_PFI_02.jpg\" alt=\"Calendari Preinscripcio i Matricula PFI-PTT (vacants): en construcci\u00f3\" style=\"width:820px\"\/><\/a><\/figure>\n\n\n\n<p><\/p>\n\n\n\n<div class=\"wp-block-getwid-tabs\" data-active-tab=\"0\"><ul class=\"wp-block-getwid-tabs__nav-links\"><\/ul>\n<div class=\"wp-block-getwid-tabs__nav-link\"><span class=\"wp-block-getwid-tabs__title-wrapper\"><a href=\"#\"><span class=\"wp-block-getwid-tabs__title\">PFI PREINS: Informaci\u00f3<\/span><\/a><\/span><\/div><div class=\"wp-block-getwid-tabs__tab-content-wrapper\"><div class=\"wp-block-getwid-tabs__tab-content\">\n<h2 class=\"wp-block-heading\"><span style=\"color: #3366ff;\"><strong>PFI-PTT<\/strong><\/span><span style=\"color: #3366ff;\"><strong> [Preinscripci\u00f3 2026-2027]<\/strong><\/span><\/h2>\n\n\n\n<h3 class=\"wp-block-heading\"><span style=\"color: #ff0000;\"><strong>Proc\u00e9s de preinscripci\u00f3<\/strong><\/span><\/h3>\n\n\n\n<ul class=\"wp-block-list\">\n<li>Tota la informaci\u00f3 del proc\u00e9s de preinscripci\u00f3 al <a href=\"https:\/\/preinscripcio.gencat.cat\/ca\/estudis\/pfi\/inici\/\" target=\"_blank\" rel=\"noopener noreferrer\">web de Preinscripci\u00f3 del Departament d&#8217;Educaci\u00f3<\/a>.<\/li>\n\n\n\n<li><a href=\"https:\/\/institutjoanbrudieu.cat\/public\/web_centre\/html\/documents\/secretaria\/preins\/26_Calendari_Instruccions_Preinscripcio_Matricula_PFI.pdf\" target=\"_blank\" rel=\"noopener noreferrer\">Full informatiu<\/a> de la preinscripci\u00f3 a PFI-PTT.<\/li>\n<\/ul>\n\n\n\n<p class=\"has-text-align-center\"><object style=\"width: 800px; height: 600px;\" data=\"https:\/\/institutjoanbrudieu.cat\/public\/web_centre\/html\/documents\/secretaria\/preins\/26_Calendari_Instruccions_Preinscripcio_Matricula_PFI.pdf\" width=\"300\" height=\"150\"><\/object><\/p>\n\n\n\n<p><\/p>\n\n\n\n<div class=\"wp-block-buttons is-content-justification-center is-layout-flex wp-container-core-buttons-is-layout-1 wp-block-buttons-is-layout-flex\">\n<div class=\"wp-block-button has-custom-width wp-block-button__width-75\"><a class=\"wp-block-button__link wp-element-button\" href=\"https:\/\/educacio.gencat.cat\/ca\/tramits\/tramits-temes\/pfi-preinscripcio\" target=\"_blank\" rel=\"noreferrer noopener\">PFI-PTT: Acc\u00e9s a la sol\u00b7licitud de preinscripci\u00f3 telem\u00e0tica<\/a><\/div>\n<\/div>\n\n\n\n<p><\/p>\n\n\n\n<ul class=\"wp-block-list\">\n<li><span style=\"color: #ff0000;\"><strong>Documentaci\u00f3 de criteris<\/strong><\/span>\n<ul class=\"wp-block-list\">\n<li><span style=\"color: #ff0000;\"><strong>PFI-PTT<\/strong><\/span>: <a href=\"https:\/\/preinscripcio.gencat.cat\/ca\/estudis\/pfi\/informat\/criteris-assignacio\/\" target=\"_blank\" rel=\"noopener noreferrer\">Criteris d&#8217;assignaci\u00f3 de pla\u00e7a<\/a> i <a href=\"https:\/\/preinscripcio.gencat.cat\/ca\/estudis\/pfi\/informat\/prepara-documentacio\/\" target=\"_blank\" rel=\"noopener noreferrer\">Documentaci\u00f3 acreditativa<\/a> (web Departament d&#8217;Educaci\u00f3).<\/li>\n<\/ul>\n<\/li>\n<\/ul>\n\n\n\n<figure class=\"wp-block-image aligncenter is-resized\"><a href=\"https:\/\/institutjoanbrudieu.cat\/public\/web_centre\/html\/img\/PREINS_Criteris_prioritaris_i_complementaris_PFI.jpg\" target=\"_blank\" rel=\"noopener noreferrer\"><img decoding=\"async\" src=\"https:\/\/institutjoanbrudieu.cat\/public\/web_centre\/html\/img\/PREINS_Criteris_prioritaris_i_complementaris_PFI.jpg\" alt=\"PREINS_Criteris_prioritaris_i_complementaris_PFI-PTT\" style=\"width:659px;height:auto\"\/><\/a><\/figure>\n\n\n\n<p><\/p>\n\n\n\n<p><\/p>\n<\/div><\/div>\n\n\n\n<div class=\"wp-block-getwid-tabs__nav-link\"><span class=\"wp-block-getwid-tabs__title-wrapper\"><a href=\"#\"><span class=\"wp-block-getwid-tabs__title\">PFI PREINS: Oferta i llistats<\/span><\/a><\/span><\/div><div class=\"wp-block-getwid-tabs__tab-content-wrapper\"><div class=\"wp-block-getwid-tabs__tab-content\">\n<h2 class=\"wp-block-heading\"><span style=\"color: #3366ff;\"><strong>PFI-PTT<\/strong><\/span><span style=\"color: #3366ff;\"><strong> [Preinscripci\u00f3 2026-2027]<\/strong><\/span><\/h2>\n\n\n\n<h3 class=\"wp-block-heading\"><span style=\"color: #ff0000;\"><strong>Oferta i publicaci\u00f3 de llistes<\/strong><\/span><\/h3>\n\n\n\n<h4 class=\"wp-block-heading\"><span style=\"color: #ff0000;\"><strong>Oferta inicial<\/strong><\/span><\/h4>\n\n\n\n<p>Per consultar l\u2019oferta inicial de places de PFI-PTT de l&#8217;Institut Joan Brudieu, codi oficial 25004188, heu d&#8217;anar al Mapa escolar de la preinscripci\u00f3 vigent:\u200b <a href=\"http:\/\/mapaescolar.gencat.cat\/\" target=\"_blank\" rel=\"noopener noreferrer\">http:\/\/mapaescolar.gencat.cat\/<\/a>.<\/p>\n\n\n\n<figure class=\"wp-block-image\"><a href=\"https:\/\/institutjoanbrudieu.cat\/public\/web_centre\/html\/img\/26_PREINS_PFI_Oferta_inicial_places.jpg\" target=\"_blank\" rel=\"noopener noreferrer\"><img decoding=\"async\" src=\"https:\/\/institutjoanbrudieu.cat\/public\/web_centre\/html\/img\/26_PREINS_PFI_Oferta_inicial_places.jpg\" alt=\"26_PREINS_PFI_Oferta_inicial_places: en construcci\u00f3\"\/><\/a><\/figure>\n\n\n\n<p><\/p>\n\n\n\n<div class=\"wp-block-getwid-button-group\"><div class=\"wp-block-getwid-button-group__wrapper has-alignment-center\">\n<div class=\"wp-block-button has-custom-width wp-block-button__width-75 is-style-fill\"><a class=\"wp-block-button__link has-text-align-center wp-element-button\" href=\"https:\/\/institutjoanbrudieu.cat\/public\/web_centre\/html\/documents\/secretaria\/preins\/26_PREINS_PFI_Llistat_provisional_sollicituds.pdf\" target=\"_blank\" rel=\"noreferrer noopener\">PFI-PTT: Llista amb la puntuaci\u00f3 provisional (28 de maig de 2026)<\/a><\/div>\n\n\n\n<div class=\"wp-block-button has-custom-width wp-block-button__width-75 is-style-fill\"><a class=\"wp-block-button__link wp-element-button\" href=\"https:\/\/institutjoanbrudieu.cat\/public\/web_centre\/html\/documents\/secretaria\/preins\/26_PREINS_PFI_Llistat_definitiu_sollicituds.pdf\" target=\"_blank\" rel=\"noreferrer noopener\">PFI-PTT: Llista amb la puntuaci\u00f3 definitiva, resoltes les reclamacions (8 de juny de 2026)<\/a><\/div>\n\n\n\n<div class=\"wp-block-button has-custom-width wp-block-button__width-75 is-style-fill\"><a class=\"wp-block-button__link wp-element-button\" href=\"https:\/\/institutjoanbrudieu.cat\/public\/web_centre\/html\/documents\/secretaria\/preins\/26_PREINS_PFI_Llistat_definitiu_ordenat.pdf\" target=\"_blank\" rel=\"noreferrer noopener\">PFI-PTT: Llista ordenada (11 de juny de 2026)<\/a><\/div>\n<\/div><\/div>\n\n\n\n<p><\/p>\n\n\n\n<h4 class=\"wp-block-heading\"><span style=\"color: #ff0000;\"><strong>Oferta final<\/strong><\/span><\/h4>\n\n\n\n<p>Per consultar l\u2019oferta final de places de PFI-PTT de l&#8217;Institut Joan Brudieu, codi oficial 25004188, heu d&#8217;anar al Mapa escolar de la preinscripci\u00f3 vigent:\u200b <a href=\"https:\/\/mapaescolar.gencat.cat\/\" target=\"_blank\" rel=\"noopener noreferrer\">https:\/\/mapaescolar.gencat.cat\/<\/a>.<\/p>\n\n\n\n<figure class=\"wp-block-image\"><a href=\"https:\/\/institutjoanbrudieu.cat\/public\/web_centre\/html\/img\/26_PREINS_PFI_Oferta_final_places.jpg\" target=\"_blank\" rel=\"noopener noreferrer\"><img decoding=\"async\" src=\"https:\/\/institutjoanbrudieu.cat\/public\/web_centre\/html\/img\/26_PREINS_PFI_Oferta_final_places.jpg\" alt=\"26_PREINS_PFI_Oferta_final_places: en construcci\u00f3\"\/><\/a><\/figure>\n\n\n\n<p><\/p>\n\n\n\n<div class=\"wp-block-getwid-button-group\"><div class=\"wp-block-getwid-button-group__wrapper has-alignment-center\">\n<div class=\"wp-block-button has-custom-width wp-block-button__width-75 is-style-fill\"><a class=\"wp-block-button__link wp-element-button\" href=\"https:\/\/institutjoanbrudieu.cat\/public\/web_centre\/html\/documents\/secretaria\/preins\/26_PREINS_PFI_Alumnat_assignat_al_centre_primera_peticio.pdf\" target=\"_blank\" rel=\"noreferrer noopener\">PFI-PTT: Alumnat assignat al centre en primera petici\u00f3 (3 de Juliol de 2026)<\/a><\/div>\n\n\n\n<div class=\"wp-block-button has-custom-width wp-block-button__width-75 is-style-fill\"><a class=\"wp-block-button__link wp-element-button\" href=\"https:\/\/institutjoanbrudieu.cat\/public\/web_centre\/html\/documents\/secretaria\/preins\/26_PREINS_PFI_Alumnat_preinscrit.pdf\" target=\"_blank\" rel=\"noreferrer noopener\">PFI-PTT: Alumnat preinscrit (3 de Juliol de 2026)<\/a><\/div>\n\n\n\n<div class=\"wp-block-button has-custom-width wp-block-button__width-75 is-style-fill\"><a class=\"wp-block-button__link wp-element-button\" href=\"https:\/\/institutjoanbrudieu.cat\/public\/web_centre\/html\/documents\/secretaria\/preins\/26_PREINS_PFI_Alumnat_en_llista_espera.pdf\" target=\"_blank\" rel=\"noreferrer noopener\">PFI-PTT: Alumnat en llista d&#8217;espera (3 de Juliol de 2026)<\/a><\/div>\n<\/div><\/div>\n<\/div><\/div>\n<\/div>\n\n\n\n<p><\/p>\n","protected":false},"excerpt":{"rendered":"<p>PFI-PTT [2026-2027] Informaci\u00f3 Estudis Postobligatoris de l&#8217;Institut Joan Brudieu Estem treballant per actualitzar tota la informaci\u00f3 per a la preinscripci\u00f3 2026-2027. PFI-PTT [Calendari Preinscripci\u00f3 i Matr\u00edcula]<\/p>\n","protected":false},"author":1,"featured_media":0,"parent":1337,"menu_order":9,"comment_status":"closed","ping_status":"closed","template":"","meta":{"_bbp_topic_count":0,"_bbp_reply_count":0,"_bbp_total_topic_count":0,"_bbp_total_reply_count":0,"_bbp_voice_count":0,"_bbp_anonymous_reply_count":0,"_bbp_topic_count_hidden":0,"_bbp_reply_count_hidden":0,"_bbp_forum_subforum_count":0,"site-sidebar-layout":"default","site-content-layout":"","ast-site-content-layout":"default","site-content-style":"default","site-sidebar-style":"default","ast-global-header-display":"","ast-banner-title-visibility":"","ast-main-header-display":"","ast-hfb-above-header-display":"","ast-hfb-below-header-display":"","ast-hfb-mobile-header-display":"","site-post-title":"","ast-breadcrumbs-content":"","ast-featured-img":"","footer-sml-layout":"","theme-transparent-header-meta":"","adv-header-id-meta":"","stick-header-meta":"","header-above-stick-meta":"","header-main-stick-meta":"","header-below-stick-meta":"","astra-migrate-meta-layouts":"set","ast-page-background-enabled":"default","ast-page-background-meta":{"desktop":{"background-color":"var(--ast-global-color-4)","background-image":"","background-repeat":"repeat","background-position":"center center","background-size":"auto","background-attachment":"scroll","background-type":"","background-media":"","overlay-type":"","overlay-color":"","overlay-opacity":"","overlay-gradient":""},"tablet":{"background-color":"","background-image":"","background-repeat":"repeat","background-position":"center center","background-size":"auto","background-attachment":"scroll","background-type":"","background-media":"","overlay-type":"","overlay-color":"","overlay-opacity":"","overlay-gradient":""},"mobile":{"background-color":"","background-image":"","background-repeat":"repeat","background-position":"center center","background-size":"auto","background-attachment":"scroll","background-type":"","background-media":"","overlay-type":"","overlay-color":"","overlay-opacity":"","overlay-gradient":""}},"ast-content-background-meta":{"desktop":{"background-color":"var(--ast-global-color-5)","background-image":"","background-repeat":"repeat","background-position":"center center","background-size":"auto","background-attachment":"scroll","background-type":"","background-media":"","overlay-type":"","overlay-color":"","overlay-opacity":"","overlay-gradient":""},"tablet":{"background-color":"var(--ast-global-color-5)","background-image":"","background-repeat":"repeat","background-position":"center center","background-size":"auto","background-attachment":"scroll","background-type":"","background-media":"","overlay-type":"","overlay-color":"","overlay-opacity":"","overlay-gradient":""},"mobile":{"background-color":"var(--ast-global-color-5)","background-image":"","background-repeat":"repeat","background-position":"center center","background-size":"auto","background-attachment":"scroll","background-type":"","background-media":"","overlay-type":"","overlay-color":"","overlay-opacity":"","overlay-gradient":""}},"footnotes":""},"class_list":["post-5983","page","type-page","status-publish","hentry"],"post_mailing_queue_ids":[],"_links":{"self":[{"href":"https:\/\/agora.xtec.cat\/iesjoanbrudieu\/wp-json\/wp\/v2\/pages\/5983","targetHints":{"allow":["GET"]}}],"collection":[{"href":"https:\/\/agora.xtec.cat\/iesjoanbrudieu\/wp-json\/wp\/v2\/pages"}],"about":[{"href":"https:\/\/agora.xtec.cat\/iesjoanbrudieu\/wp-json\/wp\/v2\/types\/page"}],"author":[{"embeddable":true,"href":"https:\/\/agora.xtec.cat\/iesjoanbrudieu\/wp-json\/wp\/v2\/users\/1"}],"replies":[{"embeddable":true,"href":"https:\/\/agora.xtec.cat\/iesjoanbrudieu\/wp-json\/wp\/v2\/comments?post=5983"}],"version-history":[{"count":6,"href":"https:\/\/agora.xtec.cat\/iesjoanbrudieu\/wp-json\/wp\/v2\/pages\/5983\/revisions"}],"predecessor-version":[{"id":11133,"href":"https:\/\/agora.xtec.cat\/iesjoanbrudieu\/wp-json\/wp\/v2\/pages\/5983\/revisions\/11133"}],"up":[{"embeddable":true,"href":"https:\/\/agora.xtec.cat\/iesjoanbrudieu\/wp-json\/wp\/v2\/pages\/1337"}],"wp:attachment":[{"href":"https:\/\/agora.xtec.cat\/iesjoanbrudieu\/wp-json\/wp\/v2\/media?parent=5983"}],"curies":[{"name":"wp","href":"https:\/\/api.w.org\/{rel}","templated":true}]}}