{"id":55,"date":"2014-09-17T16:59:49","date_gmt":"2014-09-17T16:59:49","guid":{"rendered":"http:\/\/agora.xtec.cat\/iesjoanbrudieu\/?page_id=55"},"modified":"2018-04-11T09:00:51","modified_gmt":"2018-04-11T07:00:51","slug":"missio-visio-valors","status":"publish","type":"page","link":"https:\/\/agora.xtec.cat\/iesjoanbrudieu\/qualitat-i-millora-continua\/missio-visio-valors\/","title":{"rendered":"Missi\u00f3, Visi\u00f3 i Valors"},"content":{"rendered":"<h3><span style=\"color: #ff0000;\">Missi\u00f3<\/span><\/h3>\n<p>L\u2019Institut Joan Brudieu \u00e9s el centre educatiu p\u00fablic i aconfessional de refer\u00e8ncia a l\u2019Alt Pirineu, arrelat i vinculat a l\u2019Alt Urgell, que <u>s\u2019exigeix de proporcionar<\/u>, amb un projecte educatiu propi, en els nivells d\u2019ensenyament de l\u2019ESO, del BTX i de la FP:<\/p>\n<ul>\n<li>una educaci\u00f3 de qualitat per tal de preparar l&#8217;alumnat per a l\u2019exercici de la ciutadania i per a la participaci\u00f3 activa en la vida econ\u00f2mica, social i cultural, amb actitud cr\u00edtica i responsable, tot respectant el pluralisme i els drets i llibertats fonamentals;<\/li>\n<li>una educaci\u00f3 integral i completa en coneixements, destreses i valors; amb una gran flexibilitat per adequar-la a la diversitat d\u2019aptituds, interessos, expectatives i necessitats del jovent; basada en la responsabilitat individual i en el m\u00e8rit i esfor\u00e7 personal en un marc d\u2019equitat, d\u2019inclusi\u00f3 educativa i d\u2019interculturalitat.<\/li>\n<li>una orientaci\u00f3 personal, acad\u00e8mica i professional de l\u2019alumnat tot col\u00b7laborant amb la comunitat educativa en la satisfacci\u00f3 de les respectives aspiracions de formaci\u00f3<\/li>\n<\/ul>\n<p>L\u2019Institut Joan Brudieu <u>es proposa de garantir<\/u>, amb l\u2019esfor\u00e7 compartit de les fam\u00edlies i del professorat, en un entorn d\u2019aprenentatge ric, motivador i exigent, una educaci\u00f3 que abra\u00e7a els coneixements i les compet\u00e8ncies b\u00e0siques que s\u00f3n necessaris en la societat actual.<\/p>\n<h3><span style=\"color: #ff0000;\">Visi\u00f3<\/span><\/h3>\n<p>L\u2019Institut Joan Brudieu vol continuar essent un centre de prestigi i refer\u00e8ncia a l\u2019Alt Pirineu, que adequa l\u2019oferta formativa a les necessitats de l\u2019entorn, i que continua vetllant per la millora de la cohesi\u00f3 social, donant resposta a la diversitat en un marc d\u2019inclusi\u00f3 educativa.<\/p>\n<p>L\u2019Institut Joan Brudieu vol ser un centre on es treballa per:<\/p>\n<ul>\n<li>Cercar estrat\u00e8gies que permetin millorar els resultats acad\u00e8mics<\/li>\n<li>Incorporar les tecnologies de la informaci\u00f3 i els mitjans de comunicaci\u00f3 audiovisual a la cultura de treball quotidi\u00e0<\/li>\n<li>Implicar tota la comunitat educativa per tal que participi activament en el centre i en el seu model d\u2019organitzaci\u00f3<\/li>\n<li>Utilitzar la metodologia de la millora cont\u00ednua per consolidar i millorar el funcionament del centre<\/li>\n<\/ul>\n<h3><span style=\"color: #ff0000;\">Valors<\/span><\/h3>\n<p>L\u2019educaci\u00f3 que s\u2019ofereix a l\u2019Institut Joan Brudieu es basa en els valors seg\u00fcents:<\/p>\n<ul>\n<li>Desenvolupament de la personalitat de l\u2019alumnat i de totes les seves capacitats, individuals i socials, intel\u00b7lectuals, culturals i emocionals<\/li>\n<li>Preparaci\u00f3 per a l\u2019exercici de la ciutadania i per a la participaci\u00f3 activa en la vida econ\u00f2mica, social i cultural, amb actitud cr\u00edtica i responsable, tot respectant el pluralisme i els drets i llibertats fonamentals<\/li>\n<li>Coeducaci\u00f3 com a base per educar en la igualtat entre nois i noies<\/li>\n<li>Inclusi\u00f3 i normalitzaci\u00f3 de l\u2019alumnat en les activitats educatives del centre<\/li>\n<li>Participaci\u00f3 dels membres de la comunitat educativa en el funcionament i\/o gesti\u00f3 del centre<\/li>\n<li>Foment del respecte envers un mateix, els companys i companyes i l\u2019entorn, aix\u00ed com tamb\u00e9 l\u2019adquisici\u00f3 d\u2019h\u00e0bits saludables.<\/li>\n<\/ul>\n<p>Equip Directiu de l&#8217;Institut Joan Brudieu &#8211; La Seu d&#8217;Urgell, juny de 2010<\/p>\n<h4><span style=\"color: #0000ff;\">Document<\/span><\/h4>\n<ul>\n<li>Missi\u00f3, Visi\u00f3 i Valors de l\u2019Institut Joan Brudieu (<a href=\"http:\/\/institutjoanbrudieu.cat\/public\/web_centre\/html\/documents\/secretaria\/qualitat\/INSJoanBrudieu_missio_visio_valors.pdf\" target=\"_blank\" rel=\"noopener noreferrer\">PDF descarregable<\/a>)<\/li>\n<\/ul>\n","protected":false},"excerpt":{"rendered":"<p>Missi\u00f3 L\u2019Institut Joan Brudieu \u00e9s el centre educatiu p\u00fablic i aconfessional de refer\u00e8ncia a l\u2019Alt Pirineu, arrelat i vinculat a l\u2019Alt Urgell, que s\u2019exigeix de proporcionar, amb un projecte educatiu propi, en els nivells d\u2019ensenyament de l\u2019ESO, del BTX i de la FP: una educaci\u00f3 de qualitat per tal de preparar l&#8217;alumnat per a l\u2019exercici [&hellip;]<\/p>\n","protected":false},"author":1,"featured_media":0,"parent":2341,"menu_order":8,"comment_status":"closed","ping_status":"closed","template":"page-templates\/side-menu.php","meta":{"_bbp_topic_count":0,"_bbp_reply_count":0,"_bbp_total_topic_count":0,"_bbp_total_reply_count":0,"_bbp_voice_count":0,"_bbp_anonymous_reply_count":0,"_bbp_topic_count_hidden":0,"_bbp_reply_count_hidden":0,"_bbp_forum_subforum_count":0,"site-sidebar-layout":"default","site-content-layout":"","ast-site-content-layout":"","site-content-style":"default","site-sidebar-style":"default","ast-global-header-display":"","ast-banner-title-visibility":"","ast-main-header-display":"","ast-hfb-above-header-display":"","ast-hfb-below-header-display":"","ast-hfb-mobile-header-display":"","site-post-title":"","ast-breadcrumbs-content":"","ast-featured-img":"","footer-sml-layout":"","theme-transparent-header-meta":"","adv-header-id-meta":"","stick-header-meta":"","header-above-stick-meta":"","header-main-stick-meta":"","header-below-stick-meta":"","astra-migrate-meta-layouts":"default","ast-page-background-enabled":"default","ast-page-background-meta":{"desktop":{"background-color":"var(--ast-global-color-4)","background-image":"","background-repeat":"repeat","background-position":"center center","background-size":"auto","background-attachment":"scroll","background-type":"","background-media":"","overlay-type":"","overlay-color":"","overlay-opacity":"","overlay-gradient":""},"tablet":{"background-color":"","background-image":"","background-repeat":"repeat","background-position":"center center","background-size":"auto","background-attachment":"scroll","background-type":"","background-media":"","overlay-type":"","overlay-color":"","overlay-opacity":"","overlay-gradient":""},"mobile":{"background-color":"","background-image":"","background-repeat":"repeat","background-position":"center center","background-size":"auto","background-attachment":"scroll","background-type":"","background-media":"","overlay-type":"","overlay-color":"","overlay-opacity":"","overlay-gradient":""}},"ast-content-background-meta":{"desktop":{"background-color":"var(--ast-global-color-5)","background-image":"","background-repeat":"repeat","background-position":"center center","background-size":"auto","background-attachment":"scroll","background-type":"","background-media":"","overlay-type":"","overlay-color":"","overlay-opacity":"","overlay-gradient":""},"tablet":{"background-color":"var(--ast-global-color-5)","background-image":"","background-repeat":"repeat","background-position":"center center","background-size":"auto","background-attachment":"scroll","background-type":"","background-media":"","overlay-type":"","overlay-color":"","overlay-opacity":"","overlay-gradient":""},"mobile":{"background-color":"var(--ast-global-color-5)","background-image":"","background-repeat":"repeat","background-position":"center center","background-size":"auto","background-attachment":"scroll","background-type":"","background-media":"","overlay-type":"","overlay-color":"","overlay-opacity":"","overlay-gradient":""}},"footnotes":""},"class_list":["post-55","page","type-page","status-publish","hentry"],"post_mailing_queue_ids":[],"_links":{"self":[{"href":"https:\/\/agora.xtec.cat\/iesjoanbrudieu\/wp-json\/wp\/v2\/pages\/55","targetHints":{"allow":["GET"]}}],"collection":[{"href":"https:\/\/agora.xtec.cat\/iesjoanbrudieu\/wp-json\/wp\/v2\/pages"}],"about":[{"href":"https:\/\/agora.xtec.cat\/iesjoanbrudieu\/wp-json\/wp\/v2\/types\/page"}],"author":[{"embeddable":true,"href":"https:\/\/agora.xtec.cat\/iesjoanbrudieu\/wp-json\/wp\/v2\/users\/1"}],"replies":[{"embeddable":true,"href":"https:\/\/agora.xtec.cat\/iesjoanbrudieu\/wp-json\/wp\/v2\/comments?post=55"}],"version-history":[{"count":3,"href":"https:\/\/agora.xtec.cat\/iesjoanbrudieu\/wp-json\/wp\/v2\/pages\/55\/revisions"}],"predecessor-version":[{"id":3529,"href":"https:\/\/agora.xtec.cat\/iesjoanbrudieu\/wp-json\/wp\/v2\/pages\/55\/revisions\/3529"}],"up":[{"embeddable":true,"href":"https:\/\/agora.xtec.cat\/iesjoanbrudieu\/wp-json\/wp\/v2\/pages\/2341"}],"wp:attachment":[{"href":"https:\/\/agora.xtec.cat\/iesjoanbrudieu\/wp-json\/wp\/v2\/media?parent=55"}],"curies":[{"name":"wp","href":"https:\/\/api.w.org\/{rel}","templated":true}]}}