{"id":4855,"date":"2020-01-09T08:54:43","date_gmt":"2020-01-09T07:54:43","guid":{"rendered":"http:\/\/agora.xtec.cat\/iesjoanbrudieu\/?page_id=4855"},"modified":"2020-10-07T15:50:29","modified_gmt":"2020-10-07T13:50:29","slug":"proteccio-de-dades-exercici-de-drets","status":"publish","type":"page","link":"https:\/\/agora.xtec.cat\/iesjoanbrudieu\/linstitut\/proteccio-de-dades-exercici-de-drets\/","title":{"rendered":"Protecci\u00f3 de dades &#8211; Exercici de drets"},"content":{"rendered":"<h3><span style=\"color: #0000ff;\">Protecci\u00f3 de dades &#8211; Formularis per a l&#8217;exercici de drets<\/span><\/h3>\n<p>Des de l&#8217;Institut Joan Brudieu, de la Seu d&#8217;Urgell, volem fer difusi\u00f3 dels drets d&#8217;acc\u00e9s, rectificaci\u00f3, supressi\u00f3 (o oblit), oposici\u00f3 i limitaci\u00f3 del tractament per garantir una informaci\u00f3 adequada a la ciutadania sobre els seus drets, amb relaci\u00f3 a les seves dades personals i, com exercir-los.<\/p>\n<p>A la web de l&#8217;Autoritat Catalana de Protecci\u00f3 de dades podeu <a href=\"https:\/\/apdcat.gencat.cat\/ca\/drets_i_obligacions\/drets\/drets_habeas_data\/\" target=\"_blank\" rel=\"noopener noreferrer\">consultar quins s\u00f3n els drets i en qu\u00e8 consisteixen<\/a>.<\/p>\n<p>Tamb\u00e9 podeu consultar els <a href=\"https:\/\/termcat.blog.gencat.cat\/2018\/05\/23\/proteccio-de-dades-els-termes-clau\/\" target=\"_blank\" rel=\"noopener noreferrer\">comentaris dels termes claus del Reglament general de protecci\u00f3 de dades (RGPD) al TERMCAT<\/a>.<\/p>\n<h4><span style=\"color: #ff0000;\">Qui pot exercir aquests drets?<\/span><\/h4>\n<p>La persona afectada o un representant en nom seu, si es tracta de menors de 14 anys, persones discapacitades, persones m\u00e9s grans de 14 anys si la llei ho exigeix, o quan la persona afectada designi volunt\u00e0riament alg\u00fa que la representi.<\/p>\n<h4><span style=\"color: #ff0000;\">On s\u2019ha de presentar la sol\u00b7licitud ?<\/span><\/h4>\n<p>L\u2019interessat ha de presentar la sol\u00b7licitud a la secretaria de l&#8217;Institut Joan Brudieu:<\/p>\n<ul>\n<li>Institut Joan Brudieu\n<ul>\n<li>c\/ Iglesias Navarri, 27<\/li>\n<li>25700 &#8211; la Seu d&#8217;Urgell<\/li>\n<\/ul>\n<\/li>\n<\/ul>\n<h4><span style=\"color: #ff0000;\">Com han d&#8217;exercir el seu dret?<\/span><\/h4>\n<p>Han d\u2019emplenar el formulari de sol\u00b7licitud corresponent.<\/p>\n<ul>\n<li><a href=\"https:\/\/institutjoanbrudieu.cat\/public\/web_centre\/html\/documents\/secretaria\/fulls\/A612_dret_acces.pdf\" target=\"_blank\" rel=\"noopener noreferrer\">Sol\u00b7licitud d&#8217;exercici del dret d&#8217;acc\u00e9s<\/a><\/li>\n<li><a href=\"https:\/\/institutjoanbrudieu.cat\/public\/web_centre\/html\/documents\/secretaria\/fulls\/A613_dret_rectificacio.pdf\" target=\"_blank\" rel=\"noopener noreferrer\">Sol\u00b7licitud d&#8217;exercici del dret de rectificaci\u00f3<\/a><\/li>\n<li><a href=\"https:\/\/institutjoanbrudieu.cat\/public\/web_centre\/html\/documents\/secretaria\/fulls\/A614_dret_supressio_o_oblit.pdf\" target=\"_blank\" rel=\"noopener noreferrer\">Sol\u00b7licitud d&#8217;exercici del dret de supressi\u00f3 (o dret a l\u2019oblit)<\/a><\/li>\n<li><a href=\"https:\/\/institutjoanbrudieu.cat\/public\/web_centre\/html\/documents\/secretaria\/fulls\/A615_dret_oposicio.pdf\" target=\"_blank\" rel=\"noopener noreferrer\">Sol\u00b7licitud d&#8217;exercici del dret d&#8217;oposici\u00f3<\/a><\/li>\n<li><a href=\"https:\/\/institutjoanbrudieu.cat\/public\/web_centre\/html\/documents\/secretaria\/fulls\/A616_dret_limitacio_tractament.pdf\" target=\"_blank\" rel=\"noopener noreferrer\">Sol\u00b7licitud de dret a la limitaci\u00f3 del tractament<\/a><\/li>\n<\/ul>\n<h4><span style=\"color: #ff0000;\">Termini de resposta<\/span><\/h4>\n<p>El termini \u00e9s d\u2019un mes a partir de la recepci\u00f3 de la sol\u00b7licitud. Aquest termini es pot prorrogar dos mesos m\u00e9s, en cas necessari, tenint en compte la complexitat i el nombre de sol\u00b7licituds.<\/p>\n","protected":false},"excerpt":{"rendered":"<p>Protecci\u00f3 de dades &#8211; Formularis per a l&#8217;exercici de drets Des de l&#8217;Institut Joan Brudieu, de la Seu d&#8217;Urgell, volem fer difusi\u00f3 dels drets d&#8217;acc\u00e9s, rectificaci\u00f3, supressi\u00f3 (o oblit), oposici\u00f3 i limitaci\u00f3 del tractament per garantir una informaci\u00f3 adequada a la ciutadania sobre els seus drets, amb relaci\u00f3 a les seves dades personals i, com [&hellip;]<\/p>\n","protected":false},"author":1,"featured_media":0,"parent":19,"menu_order":50,"comment_status":"closed","ping_status":"closed","template":"page-templates\/side-menu.php","meta":{"_bbp_topic_count":0,"_bbp_reply_count":0,"_bbp_total_topic_count":0,"_bbp_total_reply_count":0,"_bbp_voice_count":0,"_bbp_anonymous_reply_count":0,"_bbp_topic_count_hidden":0,"_bbp_reply_count_hidden":0,"_bbp_forum_subforum_count":0,"site-sidebar-layout":"default","site-content-layout":"","ast-site-content-layout":"","site-content-style":"default","site-sidebar-style":"default","ast-global-header-display":"","ast-banner-title-visibility":"","ast-main-header-display":"","ast-hfb-above-header-display":"","ast-hfb-below-header-display":"","ast-hfb-mobile-header-display":"","site-post-title":"","ast-breadcrumbs-content":"","ast-featured-img":"","footer-sml-layout":"","theme-transparent-header-meta":"","adv-header-id-meta":"","stick-header-meta":"","header-above-stick-meta":"","header-main-stick-meta":"","header-below-stick-meta":"","astra-migrate-meta-layouts":"default","ast-page-background-enabled":"default","ast-page-background-meta":{"desktop":{"background-color":"var(--ast-global-color-4)","background-image":"","background-repeat":"repeat","background-position":"center center","background-size":"auto","background-attachment":"scroll","background-type":"","background-media":"","overlay-type":"","overlay-color":"","overlay-opacity":"","overlay-gradient":""},"tablet":{"background-color":"","background-image":"","background-repeat":"repeat","background-position":"center center","background-size":"auto","background-attachment":"scroll","background-type":"","background-media":"","overlay-type":"","overlay-color":"","overlay-opacity":"","overlay-gradient":""},"mobile":{"background-color":"","background-image":"","background-repeat":"repeat","background-position":"center center","background-size":"auto","background-attachment":"scroll","background-type":"","background-media":"","overlay-type":"","overlay-color":"","overlay-opacity":"","overlay-gradient":""}},"ast-content-background-meta":{"desktop":{"background-color":"var(--ast-global-color-5)","background-image":"","background-repeat":"repeat","background-position":"center center","background-size":"auto","background-attachment":"scroll","background-type":"","background-media":"","overlay-type":"","overlay-color":"","overlay-opacity":"","overlay-gradient":""},"tablet":{"background-color":"var(--ast-global-color-5)","background-image":"","background-repeat":"repeat","background-position":"center center","background-size":"auto","background-attachment":"scroll","background-type":"","background-media":"","overlay-type":"","overlay-color":"","overlay-opacity":"","overlay-gradient":""},"mobile":{"background-color":"var(--ast-global-color-5)","background-image":"","background-repeat":"repeat","background-position":"center center","background-size":"auto","background-attachment":"scroll","background-type":"","background-media":"","overlay-type":"","overlay-color":"","overlay-opacity":"","overlay-gradient":""}},"footnotes":""},"class_list":["post-4855","page","type-page","status-publish","hentry"],"post_mailing_queue_ids":[],"_links":{"self":[{"href":"https:\/\/agora.xtec.cat\/iesjoanbrudieu\/wp-json\/wp\/v2\/pages\/4855","targetHints":{"allow":["GET"]}}],"collection":[{"href":"https:\/\/agora.xtec.cat\/iesjoanbrudieu\/wp-json\/wp\/v2\/pages"}],"about":[{"href":"https:\/\/agora.xtec.cat\/iesjoanbrudieu\/wp-json\/wp\/v2\/types\/page"}],"author":[{"embeddable":true,"href":"https:\/\/agora.xtec.cat\/iesjoanbrudieu\/wp-json\/wp\/v2\/users\/1"}],"replies":[{"embeddable":true,"href":"https:\/\/agora.xtec.cat\/iesjoanbrudieu\/wp-json\/wp\/v2\/comments?post=4855"}],"version-history":[{"count":4,"href":"https:\/\/agora.xtec.cat\/iesjoanbrudieu\/wp-json\/wp\/v2\/pages\/4855\/revisions"}],"predecessor-version":[{"id":5668,"href":"https:\/\/agora.xtec.cat\/iesjoanbrudieu\/wp-json\/wp\/v2\/pages\/4855\/revisions\/5668"}],"up":[{"embeddable":true,"href":"https:\/\/agora.xtec.cat\/iesjoanbrudieu\/wp-json\/wp\/v2\/pages\/19"}],"wp:attachment":[{"href":"https:\/\/agora.xtec.cat\/iesjoanbrudieu\/wp-json\/wp\/v2\/media?parent=4855"}],"curies":[{"name":"wp","href":"https:\/\/api.w.org\/{rel}","templated":true}]}}