{"id":27,"date":"2014-09-17T16:24:03","date_gmt":"2014-09-17T16:24:03","guid":{"rendered":"http:\/\/agora.xtec.cat\/iesjoanbrudieu\/?page_id=27"},"modified":"2020-10-07T15:10:15","modified_gmt":"2020-10-07T13:10:15","slug":"historia","status":"publish","type":"page","link":"https:\/\/agora.xtec.cat\/iesjoanbrudieu\/linstitut\/historia\/","title":{"rendered":"Hist\u00f2ria"},"content":{"rendered":"<ul>\n<li><a href=\"https:\/\/institutjoanbrudieu.cat\/public\/web_centre\/html\/documents\/historia\/1314%20Historia_INSJB.pdf\" target=\"_blank\" rel=\"noopener noreferrer\">Breu hist\u00f2ria de l&#8217;Institut<\/a> (1933-2013)<img loading=\"lazy\" decoding=\"async\" class=\" alignright\" title=\"Portada del llibre d'hist\u00f2ria de l'Institut Joan Brudieu\" src=\"http:\/\/institutjoanbrudieu.cat\/public\/web_centre\/html\/img\/portada%20llibre%20insti.JPG\" alt=\"\" width=\"234\" height=\"319\" \/><\/li>\n<li><a href=\"https:\/\/institutjoanbrudieu.cat\/public\/web_centre\/html\/documents\/historia\/0910%20Edificis_INSJB.pdf\" target=\"_blank\" rel=\"noopener noreferrer\">Edificis de l&#8217;Institut<\/a> (1933-2009)<\/li>\n<li><a href=\"https:\/\/institutjoanbrudieu.cat\/public\/web_centre\/html\/documents\/historia\/Nom_Institut.pdf\" target=\"_blank\" rel=\"noopener noreferrer\">INS Joan Brudieu: origen del nom<\/a><\/li>\n<li><a href=\"https:\/\/institutjoanbrudieu.cat\/public\/web_centre\/html\/documents\/historia\/0809%20MAC%20Annex%2075%20aniversari%20IES.pdf\" target=\"_blank\" rel=\"noopener noreferrer\">Resum activitats 75\u00e8 aniversari Institut<\/a><\/li>\n<li><a href=\"http:\/\/www.brudieu75.cat\/\" target=\"_blank\" rel=\"noopener noreferrer\">P\u00e0gina web<\/a> del 75\u00e8 aniversari Institut<\/li>\n<li><a href=\"http:\/\/www.brudieu75.cat\/megaorla\/\" target=\"_blank\" rel=\"noopener noreferrer\">Megaorla dels 75 anys<\/a> de l&#8217;Institut: tothom hi pot posar la seva fotografia [<a href=\"http:\/\/www.brudieu75.cat\/megaorla\/mo.php\" target=\"_blank\" rel=\"noopener noreferrer\">veure-la<\/a>]<\/li>\n<li><a href=\"http:\/\/edicionssaloria.blogspot.com\/2009\/05\/linstitut-joan-brudieu-de-la-seu.html\" target=\"_blank\" rel=\"noopener noreferrer\">Llibre<\/a>: L&#8217;institut Joan Brudieu de la Seu d&#8217;Urgell, 75 anys de servei docent (1933-2008), de Jordi NISTAL REFART. Edicions Sal\u00f2ria<\/li>\n<li><a href=\"https:\/\/institutjoanbrudieu.cat\/public\/web_centre\/html\/documents\/historia\/IEA40_revista_40.pdf\" target=\"_blank\" rel=\"noopener noreferrer\">Revista<\/a> del 40\u00e8 aniversari de l&#8217;Institut Espanyol d&#8217;Andorra (1969-2009), antiga Secci\u00f3 Delegada de l&#8217;Institut de la Seu d&#8217;Urgell a la d\u00e8cada dels seixanta<\/li>\n<\/ul>\n<p><iframe loading=\"lazy\" style=\"border: 1px solid #CCC; border-width: 1px 1px 0; margin-bottom: 5px; max-width: 100%;\" src=\"\/\/www.slideshare.net\/slideshow\/embed_code\/1421178\" width=\"427\" height=\"356\" frameborder=\"0\" marginwidth=\"0\" marginheight=\"0\" scrolling=\"no\" allowfullscreen=\"allowfullscreen\"><span style=\"display: inline-block; width: 0px; overflow: hidden; line-height: 0;\" data-mce-type=\"bookmark\" class=\"mce_SELRES_start\">\ufeff<\/span><span style=\"display: inline-block; width: 0px; overflow: hidden; line-height: 0;\" data-mce-type=\"bookmark\" class=\"mce_SELRES_start\">\ufeff<\/span> <\/iframe><\/p>\n<p><iframe loading=\"lazy\" style=\"border: 1px solid #CCC; border-width: 1px 1px 0; margin-bottom: 5px; max-width: 100%;\" src=\"\/\/www.slideshare.net\/slideshow\/embed_code\/278467\" width=\"427\" height=\"356\" frameborder=\"0\" marginwidth=\"0\" marginheight=\"0\" scrolling=\"no\" allowfullscreen=\"allowfullscreen\"><span style=\"display: inline-block; width: 0px; overflow: hidden; line-height: 0;\" data-mce-type=\"bookmark\" class=\"mce_SELRES_start\">\ufeff<\/span> <\/iframe><\/p>\n<ul>\n<li><a href=\"https:\/\/institutjoanbrudieu.cat\/public\/web_centre\/html\/documents\/historia\/75%20Directors%20i%20equips%20directius%20de%20l'IES.pdf\" target=\"_blank\" rel=\"noopener noreferrer\">Directors i equips directius 1933-2009<\/a><\/li>\n<li><a href=\"https:\/\/institutjoanbrudieu.cat\/public\/web_centre\/html\/documents\/historia\/Alumnat_INS_evolucio.pdf\" target=\"_blank\" rel=\"noopener noreferrer\">Evoluci\u00f3 alumnat 1933-2009<\/a><\/li>\n<li><a href=\"https:\/\/institutjoanbrudieu.cat\/public\/web_centre\/html\/documents\/historia\/75%20Professorat%20IES.pdf\" target=\"_blank\" rel=\"noopener noreferrer\">Professorat Institut 1933-2009<\/a><\/li>\n<li><a href=\"https:\/\/institutjoanbrudieu.cat\/public\/web_centre\/html\/documents\/historia\/75%20PAS.pdf\" target=\"_blank\" rel=\"noopener noreferrer\">Personal d&#8217;Administraci\u00f3 i Serveis 1933-2009<\/a><\/li>\n<\/ul>\n<p><iframe loading=\"lazy\" style=\"border: 1px solid #CCC; border-width: 1px 1px 0; margin-bottom: 5px; max-width: 100%;\" src=\"\/\/www.slideshare.net\/slideshow\/embed_code\/1541593\" width=\"427\" height=\"356\" frameborder=\"0\" marginwidth=\"0\" marginheight=\"0\" scrolling=\"no\" allowfullscreen=\"allowfullscreen\"><span style=\"display: inline-block; width: 0px; overflow: hidden; line-height: 0;\" data-mce-type=\"bookmark\" class=\"mce_SELRES_start\">\ufeff<\/span> <\/iframe><\/p>\n<ul>\n<li><a href=\"https:\/\/institutjoanbrudieu.cat\/public\/web_centre\/html\/documents\/historia\/1933%20Llei%20de%20confessions%20religioses.pdf\" target=\"_blank\" rel=\"noopener noreferrer\">1933: Llei de Confessions religioses<\/a><\/li>\n<li><a href=\"https:\/\/institutjoanbrudieu.cat\/public\/web_centre\/html\/documents\/historia\/1933%20Decrets%20creacio%20IES.pdf\" target=\"_blank\" rel=\"noopener noreferrer\">1933: Decrets creaci\u00f3 instituts<\/a><\/li>\n<li><a href=\"https:\/\/institutjoanbrudieu.cat\/public\/web_centre\/html\/documents\/historia\/1939%20Clausura%20i%20obertura%20IES.pdf\" target=\"_blank\" rel=\"noopener noreferrer\">Clausura i obertura de l&#8217;Institut (1939-1940)<\/a><\/li>\n<li><a href=\"https:\/\/institutjoanbrudieu.cat\/public\/web_centre\/html\/documents\/historia\/LVG33-34-35Conferencies.pdf\" target=\"_blank\" rel=\"noopener noreferrer\">Confer\u00e8ncies celebrades pel professorat de l&#8217;Institut 1933-1934-1935<\/a><\/li>\n<li><a href=\"https:\/\/institutjoanbrudieu.cat\/public\/web_centre\/html\/documents\/historia\/1933%20Decrets%20i%20ordres%20professorat%2001.pdf\" target=\"_blank\" rel=\"noopener noreferrer\">1933: Decrets i ordres professorat 01<\/a><\/li>\n<li><a href=\"https:\/\/institutjoanbrudieu.cat\/public\/web_centre\/html\/documents\/historia\/1933%20Decrets%20i%20ordres%20professorat%2002.pdf\" target=\"_blank\" rel=\"noopener noreferrer\">1933: Decrets i ordres professorat 02<\/a><\/li>\n<li><a href=\"https:\/\/institutjoanbrudieu.cat\/public\/web_centre\/html\/documents\/historia\/1933%20Decrets%20i%20ordres%20professorat%2003.pdf\" target=\"_blank\" rel=\"noopener noreferrer\">1933: Decrets i ordres professorat 03<\/a><\/li>\n<li><a href=\"https:\/\/institutjoanbrudieu.cat\/public\/web_centre\/html\/documents\/historia\/1933%20Decrets%20i%20ordres%20professorat%2004.pdf\" target=\"_blank\" rel=\"noopener noreferrer\">1933: Decrets i ordres professorat 04<\/a><\/li>\n<\/ul>\n<p><iframe loading=\"lazy\" style=\"border: 1px solid #CCC; border-width: 1px 1px 0; margin-bottom: 5px; max-width: 100%;\" src=\"\/\/www.slideshare.net\/slideshow\/embed_code\/1214508\" width=\"427\" height=\"356\" frameborder=\"0\" marginwidth=\"0\" marginheight=\"0\" scrolling=\"no\" allowfullscreen=\"allowfullscreen\"><span style=\"display: inline-block; width: 0px; overflow: hidden; line-height: 0;\" data-mce-type=\"bookmark\" class=\"mce_SELRES_start\">\ufeff<\/span> <\/iframe><\/p>\n","protected":false},"excerpt":{"rendered":"<p>Breu hist\u00f2ria de l&#8217;Institut (1933-2013) Edificis de l&#8217;Institut (1933-2009) INS Joan Brudieu: origen del nom Resum activitats 75\u00e8 aniversari Institut P\u00e0gina web del 75\u00e8 aniversari Institut Megaorla dels 75 anys de l&#8217;Institut: tothom hi pot posar la seva fotografia [veure-la] Llibre: L&#8217;institut Joan Brudieu de la Seu d&#8217;Urgell, 75 anys de servei docent (1933-2008), de [&hellip;]<\/p>\n","protected":false},"author":1,"featured_media":0,"parent":19,"menu_order":5,"comment_status":"closed","ping_status":"closed","template":"page-templates\/side-menu.php","meta":{"_bbp_topic_count":0,"_bbp_reply_count":0,"_bbp_total_topic_count":0,"_bbp_total_reply_count":0,"_bbp_voice_count":0,"_bbp_anonymous_reply_count":0,"_bbp_topic_count_hidden":0,"_bbp_reply_count_hidden":0,"_bbp_forum_subforum_count":0,"site-sidebar-layout":"default","site-content-layout":"","ast-site-content-layout":"","site-content-style":"default","site-sidebar-style":"default","ast-global-header-display":"","ast-banner-title-visibility":"","ast-main-header-display":"","ast-hfb-above-header-display":"","ast-hfb-below-header-display":"","ast-hfb-mobile-header-display":"","site-post-title":"","ast-breadcrumbs-content":"","ast-featured-img":"","footer-sml-layout":"","theme-transparent-header-meta":"","adv-header-id-meta":"","stick-header-meta":"","header-above-stick-meta":"","header-main-stick-meta":"","header-below-stick-meta":"","astra-migrate-meta-layouts":"default","ast-page-background-enabled":"default","ast-page-background-meta":{"desktop":{"background-color":"var(--ast-global-color-4)","background-image":"","background-repeat":"repeat","background-position":"center center","background-size":"auto","background-attachment":"scroll","background-type":"","background-media":"","overlay-type":"","overlay-color":"","overlay-opacity":"","overlay-gradient":""},"tablet":{"background-color":"","background-image":"","background-repeat":"repeat","background-position":"center center","background-size":"auto","background-attachment":"scroll","background-type":"","background-media":"","overlay-type":"","overlay-color":"","overlay-opacity":"","overlay-gradient":""},"mobile":{"background-color":"","background-image":"","background-repeat":"repeat","background-position":"center center","background-size":"auto","background-attachment":"scroll","background-type":"","background-media":"","overlay-type":"","overlay-color":"","overlay-opacity":"","overlay-gradient":""}},"ast-content-background-meta":{"desktop":{"background-color":"var(--ast-global-color-5)","background-image":"","background-repeat":"repeat","background-position":"center center","background-size":"auto","background-attachment":"scroll","background-type":"","background-media":"","overlay-type":"","overlay-color":"","overlay-opacity":"","overlay-gradient":""},"tablet":{"background-color":"var(--ast-global-color-5)","background-image":"","background-repeat":"repeat","background-position":"center center","background-size":"auto","background-attachment":"scroll","background-type":"","background-media":"","overlay-type":"","overlay-color":"","overlay-opacity":"","overlay-gradient":""},"mobile":{"background-color":"var(--ast-global-color-5)","background-image":"","background-repeat":"repeat","background-position":"center center","background-size":"auto","background-attachment":"scroll","background-type":"","background-media":"","overlay-type":"","overlay-color":"","overlay-opacity":"","overlay-gradient":""}},"footnotes":""},"class_list":["post-27","page","type-page","status-publish","hentry"],"post_mailing_queue_ids":[],"_links":{"self":[{"href":"https:\/\/agora.xtec.cat\/iesjoanbrudieu\/wp-json\/wp\/v2\/pages\/27","targetHints":{"allow":["GET"]}}],"collection":[{"href":"https:\/\/agora.xtec.cat\/iesjoanbrudieu\/wp-json\/wp\/v2\/pages"}],"about":[{"href":"https:\/\/agora.xtec.cat\/iesjoanbrudieu\/wp-json\/wp\/v2\/types\/page"}],"author":[{"embeddable":true,"href":"https:\/\/agora.xtec.cat\/iesjoanbrudieu\/wp-json\/wp\/v2\/users\/1"}],"replies":[{"embeddable":true,"href":"https:\/\/agora.xtec.cat\/iesjoanbrudieu\/wp-json\/wp\/v2\/comments?post=27"}],"version-history":[{"count":4,"href":"https:\/\/agora.xtec.cat\/iesjoanbrudieu\/wp-json\/wp\/v2\/pages\/27\/revisions"}],"predecessor-version":[{"id":5658,"href":"https:\/\/agora.xtec.cat\/iesjoanbrudieu\/wp-json\/wp\/v2\/pages\/27\/revisions\/5658"}],"up":[{"embeddable":true,"href":"https:\/\/agora.xtec.cat\/iesjoanbrudieu\/wp-json\/wp\/v2\/pages\/19"}],"wp:attachment":[{"href":"https:\/\/agora.xtec.cat\/iesjoanbrudieu\/wp-json\/wp\/v2\/media?parent=27"}],"curies":[{"name":"wp","href":"https:\/\/api.w.org\/{rel}","templated":true}]}}