{"id":2377,"date":"2017-02-11T09:36:35","date_gmt":"2017-02-11T08:36:35","guid":{"rendered":"http:\/\/agora.xtec.cat\/iesjoanbrudieu\/?page_id=2377"},"modified":"2020-10-01T15:21:45","modified_gmt":"2020-10-01T13:21:45","slug":"informacions-varies","status":"publish","type":"page","link":"https:\/\/agora.xtec.cat\/iesjoanbrudieu\/qualitat-i-millora-continua\/informacions-varies\/","title":{"rendered":"Informacions v\u00e0ries"},"content":{"rendered":"<h3><span style=\"color: #ff0000;\">antic Enlla\u00e7os d&#8217;inter\u00e8s<br style=\"color: #000000;\" \/><\/span><\/h3>\n<ul>\n<li><a href=\"https:\/\/projectes.xtec.cat\/qualitatfp\/\" target=\"_blank\" rel=\"noopener noreferrer\">Web del PQiMC a NODES<\/a> (butllet\u00ed i not\u00edcies)<\/li>\n<li><a href=\"http:\/\/pqimc.blogspot.com.es\/\" target=\"_blank\" rel=\"noopener noreferrer\">Blog antic del PQiMC<\/a><\/li>\n<li><a href=\"http:\/\/www.efqm.org\/efqm-model\/fundamental-concepts\" target=\"_blank\" rel=\"noopener noreferrer\">EFQM<\/a><\/li>\n<li><a href=\"http:\/\/www.iso.org\/iso\/home\/standards\/management-standards\/iso_9000.htm\" target=\"_blank\" rel=\"noopener noreferrer\">ISO<\/a><\/li>\n<li><a href=\"http:\/\/www.qualicat.cat\/\" target=\"_blank\" rel=\"noopener noreferrer\">QUALIcat<\/a><\/li>\n<\/ul>\n<h3><span style=\"color: #ff0000;\">Publicacions<\/span><\/h3>\n<ul>\n<li><span style=\"color: #ff0000;\"><span style=\"color: #000000;\">Infografia<\/span><a href=\"http:\/\/agora.xtec.cat\/iesjoanbrudieu\/wp-content\/uploads\/usu1248\/2017\/02\/qualitat_ensenyament.jpg\"> &#8220;<\/a><strong><a href=\"http:\/\/institutjoanbrudieu.cat\/public\/web_centre\/html\/documents\/secretaria\/qualitat\/qualitat_ensenyament.pdf\" target=\"_blank\" rel=\"noopener noreferrer\">Qualitat a l&#8217;Ensenyament? 10 motius s\u00f3n suficients?<\/a><\/strong><span style=\"color: #000000;\">&#8220;<\/span><\/span><\/li>\n<li><a href=\"http:\/\/xtec.gencat.cat\/web\/.content\/innovacio\/qualitat_pqmc_publ\/documents\/Introduccio-a-la-gestio-per-processos-en-centres-educatius.pdf\" target=\"_blank\" rel=\"noopener noreferrer\"><strong>Gesti\u00f3 per processos. Aplicaci\u00f3 als centres educatius<\/strong><\/a>,\u00a0 de Jordi Cabr\u00e9<\/li>\n<li><a href=\"http:\/\/xtec.gencat.cat\/web\/.content\/innovacio\/qualitat_pqmc_publ\/documents\/m5_ISO9001.pdf\" target=\"_blank\" rel=\"noopener noreferrer\"><strong>Desplegament norma ISO:2015. Aplicaci\u00f3 als centres educatius<\/strong><\/a>, de Jordi Cabr\u00e9<\/li>\n<li><a href=\"http:\/\/xtec.gencat.cat\/web\/.content\/innovacio\/qualitat_pqmc_publ\/documents\/Integracio-dels-sistemes-de-gestio-dels-centres-educatius.-Normes-ISO-9001-14001-i-45001.pdf\" target=\"_blank\" rel=\"noopener noreferrer\"><strong>ISO 14001:2015 &#8211; ISO 45001:2015. Integraci\u00f3 dels sistemes de gesti\u00f3<\/strong><\/a>, de Laura Batalla Peinado<\/li>\n<li><strong><a href=\"http:\/\/xtec.gencat.cat\/web\/sites\/xtec\/.content\/innovacio\/qualitat_pqmc_publ\/documents\/INTERPRETACIO-I-DESPLEGAMENT-DEL-MODEL-EFQM_EN_CENTRES_EDUCATIUS.pdf\" target=\"_blank\" rel=\"noopener noreferrer\">Desplegament EFQM 2013. Avaluador EFQM. Aplicaci\u00f3 als centres educatius<\/a><\/strong>, de Pere Jim\u00e9nez Creis<\/li>\n<li><strong><a href=\"http:\/\/xtec.gencat.cat\/web\/sites\/xtec\/.content\/innovacio\/qualitat_pqmc_publ\/documents\/Desplegament-del-model-dexcellencia-E2CAT-en-centres-educatius.pdf\" target=\"_blank\" rel=\"noopener noreferrer\">Desplegament e2cat 2015. Avaluador e2cat. Aplicaci\u00f3 als centres educatius<\/a><\/strong>, de Joan Ras Jans\u00e0 i Pere Canyadell Vilella<\/li>\n<li><a href=\"http:\/\/xtec.gencat.cat\/web\/sites\/xtec\/.content\/alfresco\/download\/Company_20Home\/Innovaci_C3_B3\/xtec_public\/guia04.pdf\" target=\"_blank\" rel=\"noopener noreferrer\">La gesti\u00f3 per processos en els centres educatius basada en la norma ISO 9001:2000<\/a><\/li>\n<li><a href=\"http:\/\/xtec.gencat.cat\/web\/sites\/xtec\/.content\/alfresco\/d\/d\/workspace\/SpacesStore\/0064\/92a55cc9-c870-4b7d-9984-c8edf1fcd83d\/guia2520exc.pdf\" target=\"_blank\" rel=\"noopener noreferrer\">Excel\u00b7l\u00e8ncia en l&#8217;educaci\u00f3. El model europeu de qualitat aplicat a la gesti\u00f3 dels centres educatius<\/a><\/li>\n<li><a href=\"http:\/\/xtec.gencat.cat\/web\/sites\/xtec\/.content\/alfresco\/download\/Company_20Home\/Innovaci_C3_B3\/xtec_public\/manual_edm2005.pdf\" target=\"_blank\" rel=\"noopener noreferrer\">Manual dels Equips de Millora<\/a><\/li>\n<li><a href=\"http:\/\/xtec.gencat.cat\/web\/sites\/xtec\/.content\/alfresco\/d\/d\/workspace\/SpacesStore\/0046\/47a1e6b5-a05d-4848-b559-75521059e5c9\/revisio_iso_9001_2008_03.pdf\">Interpretaci\u00f3 de la norma UNE-EN ISO 9001:2008 en centres educatius<\/a><\/li>\n<li><a href=\"http:\/\/institutjoanbrudieu.cat\/public\/web_centre\/html\/documents\/secretaria\/qualitat\/Llibre_ISO_9001_Processos_2015_CAT_v07.pdf\">Interpretaci\u00f3 de la norma ISO 9001:2015 en centres educatius<\/a><\/li>\n<li><a href=\"http:\/\/xtec.gencat.cat\/web\/sites\/xtec\/.content\/alfresco\/d\/d\/workspace\/SpacesStore\/0010\/3ae722bb-85c0-4b33-99b5-a113ed50bfa7\/questionari_autoavaluacio_e2cat_octubre_2014.docx\" target=\"_blank\" rel=\"noopener noreferrer\">Guia per a l\u2019autoavaluaci\u00f3 de centres educatius amb el model d\u2019excel\u2022l\u00e8ncia en la gesti\u00f3 e2Cat<\/a><\/li>\n<\/ul>\n","protected":false},"excerpt":{"rendered":"<p>antic Enlla\u00e7os d&#8217;inter\u00e8s Web del PQiMC a NODES (butllet\u00ed i not\u00edcies) Blog antic del PQiMC EFQM ISO QUALIcat Publicacions Infografia &#8220;Qualitat a l&#8217;Ensenyament? 10 motius s\u00f3n suficients?&#8220; Gesti\u00f3 per processos. Aplicaci\u00f3 als centres educatius,\u00a0 de Jordi Cabr\u00e9 Desplegament norma ISO:2015. Aplicaci\u00f3 als centres educatius, de Jordi Cabr\u00e9 ISO 14001:2015 &#8211; ISO 45001:2015. Integraci\u00f3 dels sistemes [&hellip;]<\/p>\n","protected":false},"author":1,"featured_media":0,"parent":2341,"menu_order":80,"comment_status":"closed","ping_status":"closed","template":"page-templates\/side-menu.php","meta":{"_bbp_topic_count":0,"_bbp_reply_count":0,"_bbp_total_topic_count":0,"_bbp_total_reply_count":0,"_bbp_voice_count":0,"_bbp_anonymous_reply_count":0,"_bbp_topic_count_hidden":0,"_bbp_reply_count_hidden":0,"_bbp_forum_subforum_count":0,"site-sidebar-layout":"default","site-content-layout":"","ast-site-content-layout":"","site-content-style":"default","site-sidebar-style":"default","ast-global-header-display":"","ast-banner-title-visibility":"","ast-main-header-display":"","ast-hfb-above-header-display":"","ast-hfb-below-header-display":"","ast-hfb-mobile-header-display":"","site-post-title":"","ast-breadcrumbs-content":"","ast-featured-img":"","footer-sml-layout":"","theme-transparent-header-meta":"","adv-header-id-meta":"","stick-header-meta":"","header-above-stick-meta":"","header-main-stick-meta":"","header-below-stick-meta":"","astra-migrate-meta-layouts":"default","ast-page-background-enabled":"default","ast-page-background-meta":{"desktop":{"background-color":"var(--ast-global-color-4)","background-image":"","background-repeat":"repeat","background-position":"center center","background-size":"auto","background-attachment":"scroll","background-type":"","background-media":"","overlay-type":"","overlay-color":"","overlay-opacity":"","overlay-gradient":""},"tablet":{"background-color":"","background-image":"","background-repeat":"repeat","background-position":"center center","background-size":"auto","background-attachment":"scroll","background-type":"","background-media":"","overlay-type":"","overlay-color":"","overlay-opacity":"","overlay-gradient":""},"mobile":{"background-color":"","background-image":"","background-repeat":"repeat","background-position":"center center","background-size":"auto","background-attachment":"scroll","background-type":"","background-media":"","overlay-type":"","overlay-color":"","overlay-opacity":"","overlay-gradient":""}},"ast-content-background-meta":{"desktop":{"background-color":"var(--ast-global-color-5)","background-image":"","background-repeat":"repeat","background-position":"center center","background-size":"auto","background-attachment":"scroll","background-type":"","background-media":"","overlay-type":"","overlay-color":"","overlay-opacity":"","overlay-gradient":""},"tablet":{"background-color":"var(--ast-global-color-5)","background-image":"","background-repeat":"repeat","background-position":"center center","background-size":"auto","background-attachment":"scroll","background-type":"","background-media":"","overlay-type":"","overlay-color":"","overlay-opacity":"","overlay-gradient":""},"mobile":{"background-color":"var(--ast-global-color-5)","background-image":"","background-repeat":"repeat","background-position":"center center","background-size":"auto","background-attachment":"scroll","background-type":"","background-media":"","overlay-type":"","overlay-color":"","overlay-opacity":"","overlay-gradient":""}},"footnotes":""},"class_list":["post-2377","page","type-page","status-publish","hentry"],"post_mailing_queue_ids":[],"_links":{"self":[{"href":"https:\/\/agora.xtec.cat\/iesjoanbrudieu\/wp-json\/wp\/v2\/pages\/2377","targetHints":{"allow":["GET"]}}],"collection":[{"href":"https:\/\/agora.xtec.cat\/iesjoanbrudieu\/wp-json\/wp\/v2\/pages"}],"about":[{"href":"https:\/\/agora.xtec.cat\/iesjoanbrudieu\/wp-json\/wp\/v2\/types\/page"}],"author":[{"embeddable":true,"href":"https:\/\/agora.xtec.cat\/iesjoanbrudieu\/wp-json\/wp\/v2\/users\/1"}],"replies":[{"embeddable":true,"href":"https:\/\/agora.xtec.cat\/iesjoanbrudieu\/wp-json\/wp\/v2\/comments?post=2377"}],"version-history":[{"count":4,"href":"https:\/\/agora.xtec.cat\/iesjoanbrudieu\/wp-json\/wp\/v2\/pages\/2377\/revisions"}],"predecessor-version":[{"id":5586,"href":"https:\/\/agora.xtec.cat\/iesjoanbrudieu\/wp-json\/wp\/v2\/pages\/2377\/revisions\/5586"}],"up":[{"embeddable":true,"href":"https:\/\/agora.xtec.cat\/iesjoanbrudieu\/wp-json\/wp\/v2\/pages\/2341"}],"wp:attachment":[{"href":"https:\/\/agora.xtec.cat\/iesjoanbrudieu\/wp-json\/wp\/v2\/media?parent=2377"}],"curies":[{"name":"wp","href":"https:\/\/api.w.org\/{rel}","templated":true}]}}