{"id":1888,"date":"2016-10-03T18:18:49","date_gmt":"2016-10-03T16:18:49","guid":{"rendered":"http:\/\/agora.xtec.cat\/iesjoanbrudieu\/?page_id=1888"},"modified":"2022-09-10T09:38:48","modified_gmt":"2022-09-10T07:38:48","slug":"fotografies-curs-2006-2007","status":"publish","type":"page","link":"https:\/\/agora.xtec.cat\/iesjoanbrudieu\/fotografies-de-linstitut\/fotografies-curs-2006-2007\/","title":{"rendered":"Fotografies: curs 2006-2007"},"content":{"rendered":"<h2 class=\"titolh2\">CURS 2006-2007<\/h2>\n<div class=\"blocimg\"><a href=\"https:\/\/goo.gl\/photos\/oE1qyHGiEfM7A6X87\" target=\"_blank\" rel=\"noopener\"><br \/>\n<img decoding=\"async\" class=\"size-thumbnail wp-image-1717 aligncenter img150x150\" src=\"http:\/\/institutjoanbrudieu.cat\/public\/web_centre\/html\/documents\/fotos_web\/070517_Exposicio_BTX_artistic.jpg\" alt=\"070517_Exposicio_BTX_artistic\" \/><br \/>\n070517 Exposici\u00f3 BTX-art\u00edstic<\/a><\/div>\n<div class=\"blocimg\"><a href=\"https:\/\/goo.gl\/photos\/BTw8dzRgkmatfeof6\" target=\"_blank\" rel=\"noopener\"><br \/>\n<img decoding=\"async\" class=\"size-thumbnail wp-image-1717 aligncenter img150x150\" src=\"http:\/\/institutjoanbrudieu.cat\/public\/web_centre\/html\/documents\/fotos_web\/070413_Fira_FP.jpg\" alt=\"070413_Fira_FP\" \/><br \/>\n070413 Fira FP<\/a><\/div>\n<div class=\"blocimg\"><a href=\"https:\/\/goo.gl\/photos\/RpF3xfWrULayNgWB6\" target=\"_blank\" rel=\"noopener\"><br \/>\n<img decoding=\"async\" class=\"size-thumbnail wp-image-1717 aligncenter img150x150\" src=\"http:\/\/institutjoanbrudieu.cat\/public\/web_centre\/html\/documents\/fotos_web\/070228_Visita_alumnat_primaria.jpg\" alt=\"070228_Visita_alumnat_primaria\" \/><br \/>\n070228 Visita alumnat prim\u00e0ria<\/a><\/div>\n<div class=\"blocimg\"><a href=\"https:\/\/goo.gl\/photos\/UjwgxkZKBLh4cqDN9\" target=\"_blank\" rel=\"noopener\"><br \/>\n<img decoding=\"async\" class=\"size-thumbnail wp-image-1717 aligncenter img150x150\" src=\"http:\/\/institutjoanbrudieu.cat\/public\/web_centre\/html\/documents\/fotos_web\/070128_Sant_Tomas_activitats.jpg\" alt=\"070128_Sant_Tomas_activitats\" \/><br \/>\n070128 Sant Tom\u00e0s: activitats<\/a><\/div>\n<div class=\"blocimg\"><a href=\"https:\/\/goo.gl\/photos\/Yww1BRFnR4HmfjYCA\" target=\"_blank\" rel=\"noopener\"><br \/>\n<img decoding=\"async\" class=\"size-thumbnail wp-image-1717 aligncenter img150x150\" src=\"http:\/\/institutjoanbrudieu.cat\/public\/web_centre\/html\/documents\/fotos_web\/061213_Escola_Verda_Distintiu.jpg\" alt=\"061213_Escola_Verda_Distintiu\" \/><br \/>\n061213 Escola Verda Distintiu<\/a><\/div>\n","protected":false},"excerpt":{"rendered":"<p>CURS 2006-2007 070517 Exposici\u00f3 BTX-art\u00edstic 070413 Fira FP 070228 Visita alumnat prim\u00e0ria 070128 Sant Tom\u00e0s: activitats 061213 Escola Verda Distintiu<\/p>\n","protected":false},"author":1,"featured_media":0,"parent":1712,"menu_order":30,"comment_status":"closed","ping_status":"closed","template":"page-templates\/side-menu.php","meta":{"_bbp_topic_count":0,"_bbp_reply_count":0,"_bbp_total_topic_count":0,"_bbp_total_reply_count":0,"_bbp_voice_count":0,"_bbp_anonymous_reply_count":0,"_bbp_topic_count_hidden":0,"_bbp_reply_count_hidden":0,"_bbp_forum_subforum_count":0,"site-sidebar-layout":"default","site-content-layout":"","ast-site-content-layout":"","site-content-style":"default","site-sidebar-style":"default","ast-global-header-display":"","ast-banner-title-visibility":"","ast-main-header-display":"","ast-hfb-above-header-display":"","ast-hfb-below-header-display":"","ast-hfb-mobile-header-display":"","site-post-title":"","ast-breadcrumbs-content":"","ast-featured-img":"","footer-sml-layout":"","theme-transparent-header-meta":"","adv-header-id-meta":"","stick-header-meta":"","header-above-stick-meta":"","header-main-stick-meta":"","header-below-stick-meta":"","astra-migrate-meta-layouts":"default","ast-page-background-enabled":"default","ast-page-background-meta":{"desktop":{"background-color":"var(--ast-global-color-4)","background-image":"","background-repeat":"repeat","background-position":"center center","background-size":"auto","background-attachment":"scroll","background-type":"","background-media":"","overlay-type":"","overlay-color":"","overlay-opacity":"","overlay-gradient":""},"tablet":{"background-color":"","background-image":"","background-repeat":"repeat","background-position":"center center","background-size":"auto","background-attachment":"scroll","background-type":"","background-media":"","overlay-type":"","overlay-color":"","overlay-opacity":"","overlay-gradient":""},"mobile":{"background-color":"","background-image":"","background-repeat":"repeat","background-position":"center center","background-size":"auto","background-attachment":"scroll","background-type":"","background-media":"","overlay-type":"","overlay-color":"","overlay-opacity":"","overlay-gradient":""}},"ast-content-background-meta":{"desktop":{"background-color":"var(--ast-global-color-5)","background-image":"","background-repeat":"repeat","background-position":"center center","background-size":"auto","background-attachment":"scroll","background-type":"","background-media":"","overlay-type":"","overlay-color":"","overlay-opacity":"","overlay-gradient":""},"tablet":{"background-color":"var(--ast-global-color-5)","background-image":"","background-repeat":"repeat","background-position":"center center","background-size":"auto","background-attachment":"scroll","background-type":"","background-media":"","overlay-type":"","overlay-color":"","overlay-opacity":"","overlay-gradient":""},"mobile":{"background-color":"var(--ast-global-color-5)","background-image":"","background-repeat":"repeat","background-position":"center center","background-size":"auto","background-attachment":"scroll","background-type":"","background-media":"","overlay-type":"","overlay-color":"","overlay-opacity":"","overlay-gradient":""}},"footnotes":""},"class_list":["post-1888","page","type-page","status-publish","hentry"],"post_mailing_queue_ids":[],"_links":{"self":[{"href":"https:\/\/agora.xtec.cat\/iesjoanbrudieu\/wp-json\/wp\/v2\/pages\/1888","targetHints":{"allow":["GET"]}}],"collection":[{"href":"https:\/\/agora.xtec.cat\/iesjoanbrudieu\/wp-json\/wp\/v2\/pages"}],"about":[{"href":"https:\/\/agora.xtec.cat\/iesjoanbrudieu\/wp-json\/wp\/v2\/types\/page"}],"author":[{"embeddable":true,"href":"https:\/\/agora.xtec.cat\/iesjoanbrudieu\/wp-json\/wp\/v2\/users\/1"}],"replies":[{"embeddable":true,"href":"https:\/\/agora.xtec.cat\/iesjoanbrudieu\/wp-json\/wp\/v2\/comments?post=1888"}],"version-history":[{"count":3,"href":"https:\/\/agora.xtec.cat\/iesjoanbrudieu\/wp-json\/wp\/v2\/pages\/1888\/revisions"}],"predecessor-version":[{"id":7713,"href":"https:\/\/agora.xtec.cat\/iesjoanbrudieu\/wp-json\/wp\/v2\/pages\/1888\/revisions\/7713"}],"up":[{"embeddable":true,"href":"https:\/\/agora.xtec.cat\/iesjoanbrudieu\/wp-json\/wp\/v2\/pages\/1712"}],"wp:attachment":[{"href":"https:\/\/agora.xtec.cat\/iesjoanbrudieu\/wp-json\/wp\/v2\/media?parent=1888"}],"curies":[{"name":"wp","href":"https:\/\/api.w.org\/{rel}","templated":true}]}}

<h2 class="titolh2">CURS 2006-2007</h2>
<div class="blocimg"><a href="https://goo.gl/photos/oE1qyHGiEfM7A6X87" target="_blank" rel="noopener"><br />
<img decoding="async" class="size-thumbnail wp-image-1717 aligncenter img150x150" src="http://institutjoanbrudieu.cat/public/web_centre/html/documents/fotos_web/070517_Exposicio_BTX_artistic.jpg" alt="070517_Exposicio_BTX_artistic" /><br />
070517 Exposició BTX-artístic</a></div>
<div class="blocimg"><a href="https://goo.gl/photos/BTw8dzRgkmatfeof6" target="_blank" rel="noopener"><br />
<img decoding="async" class="size-thumbnail wp-image-1717 aligncenter img150x150" src="http://institutjoanbrudieu.cat/public/web_centre/html/documents/fotos_web/070413_Fira_FP.jpg" alt="070413_Fira_FP" /><br />
070413 Fira FP</a></div>
<div class="blocimg"><a href="https://goo.gl/photos/RpF3xfWrULayNgWB6" target="_blank" rel="noopener"><br />
<img decoding="async" class="size-thumbnail wp-image-1717 aligncenter img150x150" src="http://institutjoanbrudieu.cat/public/web_centre/html/documents/fotos_web/070228_Visita_alumnat_primaria.jpg" alt="070228_Visita_alumnat_primaria" /><br />
070228 Visita alumnat primària</a></div>
<div class="blocimg"><a href="https://goo.gl/photos/UjwgxkZKBLh4cqDN9" target="_blank" rel="noopener"><br />
<img decoding="async" class="size-thumbnail wp-image-1717 aligncenter img150x150" src="http://institutjoanbrudieu.cat/public/web_centre/html/documents/fotos_web/070128_Sant_Tomas_activitats.jpg" alt="070128_Sant_Tomas_activitats" /><br />
070128 Sant Tomàs: activitats</a></div>
<div class="blocimg"><a href="https://goo.gl/photos/Yww1BRFnR4HmfjYCA" target="_blank" rel="noopener"><br />
<img decoding="async" class="size-thumbnail wp-image-1717 aligncenter img150x150" src="http://institutjoanbrudieu.cat/public/web_centre/html/documents/fotos_web/061213_Escola_Verda_Distintiu.jpg" alt="061213_Escola_Verda_Distintiu" /><br />
061213 Escola Verda Distintiu</a></div>

<p>CURS 2006-2007 070517 Exposició BTX-artístic 070413 Fira FP 070228 Visita alumnat primària 070128 Sant Tomàs: activitats 061213 Escola Verda Distintiu</p>
