{"id":1507,"date":"2016-07-02T18:40:17","date_gmt":"2016-07-02T17:40:17","guid":{"rendered":"http:\/\/agora.xtec.cat\/iesjoanbrudieu\/?page_id=1507"},"modified":"2025-05-12T14:34:32","modified_gmt":"2025-05-12T12:34:32","slug":"ioc-estudis-a-distancia","status":"publish","type":"page","link":"https:\/\/agora.xtec.cat\/iesjoanbrudieu\/estudis\/ioc-estudis-a-distancia\/","title":{"rendered":"IOC &#8211; Estudis a dist\u00e0ncia"},"content":{"rendered":"<table>\n<tbody>\n<tr>\n<td style=\"vertical-align: top;\">\u00a0<a href=\"https:\/\/ioc.xtec.cat\/educacio\/\" target=\"_blank\" rel=\"attachment noopener wp-att-1525 noreferrer\"><img loading=\"lazy\" decoding=\"async\" class=\"alignnone wp-image-1525 size-full\" src=\"https:\/\/agora.xtec.cat\/iesjoanbrudieu\/wp-content\/uploads\/usu1248\/2016\/07\/logo-ioc-nou.gif\" alt=\"logo ioc nou\" width=\"121\" height=\"92\" \/><\/a><\/td>\n<td style=\"vertical-align: top;\">\u00a0<a href=\"https:\/\/ioc.xtec.cat\/educacio\/\" target=\"_blank\" rel=\"attachment noopener wp-att-1524 noreferrer\"><img loading=\"lazy\" decoding=\"async\" class=\"alignnone wp-image-1524\" src=\"https:\/\/agora.xtec.cat\/iesjoanbrudieu\/wp-content\/uploads\/usu1248\/2016\/07\/IOC_centre_col_256.jpg\" alt=\"IOC_centre_col_256\" width=\"139\" height=\"63\" \/><\/a><\/td>\n<\/tr>\n<\/tbody>\n<\/table>\n<p>L&#8217;Institut Joan Brudieu \u00e9s un centre col\u00b7laborador de l&#8217;Institut Obert de Catalunya. El correu de contacte \u00e9s ioc@insjoanbrudieu.cat.<\/p>\n<h2><strong><span style=\"color: #ff0000;\">BATXILLERAT<\/span><\/strong><\/h2>\n<ul>\n<li><a href=\"https:\/\/ioc.xtec.cat\/educacio\/batxillerat\" target=\"_blank\" rel=\"noopener noreferrer\">Informaci\u00f3 per a l&#8217;estudiant de <strong>Batxillerat &#8211; IOC<\/strong><\/a><strong>.<\/strong>\n<ul>\n<li>Centres col\u00b7laboradors de Batxillerat (<a href=\"https:\/\/ioc.xtec.cat\/educacio\/centres-suport-btx\" target=\"_blank\" rel=\"noopener\">mapa<\/a>)<\/li>\n<li>Calendari de matr\u00edcula BTX<\/li>\n<\/ul>\n<\/li>\n<\/ul>\n<p><img loading=\"lazy\" decoding=\"async\" class=\"aligncenter\" src=\"https:\/\/institutjoanbrudieu.cat\/public\/web_centre\/html\/documents\/institut\/curs\/2526_IOC_Calendari_matricula_BTX.jpg\" width=\"500\" height=\"346\" \/><\/p>\n<p><img loading=\"lazy\" decoding=\"async\" class=\"aligncenter\" src=\"https:\/\/institutjoanbrudieu.cat\/public\/web_centre\/html\/documents\/institut\/curs\/2526_IOC_Calendari_matricula_BTX_alumnat_visitant.jpg\" width=\"500\" height=\"346\" \/><\/p>\n<h2><strong><span style=\"color: #ff0000;\">FORMACI\u00d3 PROFESSIONAL<\/span><\/strong><\/h2>\n<ul>\n<li><a href=\"https:\/\/ioc.xtec.cat\/educacio\/cicles-formatius\" target=\"_blank\" rel=\"noopener noreferrer\">Informaci\u00f3 per a l&#8217;estudiant d&#8217;<strong>Formaci\u00f3 Professional &#8211; IOC<\/strong><\/a><strong>.<\/strong>\n<ul>\n<li>Centres de suport de Formaci\u00f3 Professional (<a href=\"https:\/\/ioc.xtec.cat\/educacio\/centres-suport-fp\" target=\"_blank\" rel=\"noopener\">mapa<\/a>).<\/li>\n<li>Calendari de matr\u00edcula FP.<\/li>\n<\/ul>\n<\/li>\n<\/ul>\n<p><img loading=\"lazy\" decoding=\"async\" class=\"aligncenter\" src=\"https:\/\/institutjoanbrudieu.cat\/public\/web_centre\/html\/documents\/institut\/curs\/2526_IOC_Calendari_matricula_FP.jpg\" width=\"500\" height=\"372\" \/><\/p>\n<h2><span style=\"color: #ff0000;\"><strong>CURS DE PREPARACI\u00d3 PER A LA PROVA D&#8217;ACC\u00c9S A CFGS<\/strong><\/span><\/h2>\n<ul>\n<li><a href=\"https:\/\/ioc.xtec.cat\/educacio\/acfgs\" target=\"_blank\" rel=\"noopener noreferrer\">Informaci\u00f3 per a l&#8217;estudiant de Preparaci\u00f3 per a l&#8217;<strong>acc\u00e9s als cicles de grau superior &#8211; IOC<\/strong><\/a><strong>.<\/strong>\n<ul>\n<li><a href=\"https:\/\/ioc.xtec.cat\/educacio\/pacfgs\" target=\"_blank\" rel=\"noopener noreferrer\">Curs de preparaci\u00f3 per a la prova d&#8217;acc\u00e9s a cicles de grau superior (PACFGS)<\/a>.<\/li>\n<\/ul>\n<\/li>\n<\/ul>\n<p><img loading=\"lazy\" decoding=\"async\" class=\"aligncenter\" src=\"https:\/\/institutjoanbrudieu.cat\/public\/web_centre\/html\/documents\/institut\/curs\/2526_IOC_Calendari_matricula_PACFGS.jpg\" width=\"500\" height=\"346\" \/><\/p>\n<h2><strong><span style=\"color: #ff0000;\">DUBTES FREQ\u00dcENTS<\/span><\/strong><\/h2>\n<ul>\n<li><a href=\"https:\/\/ioc.xtec.cat\/educacio\/dubtes-frequents\" target=\"_blank\" rel=\"noopener noreferrer\">IOC: Dubtes freq\u00fcents<\/a>.<\/li>\n<\/ul>\n","protected":false},"excerpt":{"rendered":"<p>\u00a0 \u00a0 L&#8217;Institut Joan Brudieu \u00e9s un centre col\u00b7laborador de l&#8217;Institut Obert de Catalunya. El correu de contacte \u00e9s ioc@insjoanbrudieu.cat. BATXILLERAT Informaci\u00f3 per a l&#8217;estudiant de Batxillerat &#8211; IOC. Centres col\u00b7laboradors de Batxillerat (mapa) Calendari de matr\u00edcula BTX FORMACI\u00d3 PROFESSIONAL Informaci\u00f3 per a l&#8217;estudiant d&#8217;Formaci\u00f3 Professional &#8211; IOC. Centres de suport de Formaci\u00f3 Professional (mapa). [&hellip;]<\/p>\n","protected":false},"author":1,"featured_media":0,"parent":195,"menu_order":50,"comment_status":"closed","ping_status":"closed","template":"page-templates\/side-menu.php","meta":{"_bbp_topic_count":0,"_bbp_reply_count":0,"_bbp_total_topic_count":0,"_bbp_total_reply_count":0,"_bbp_voice_count":0,"_bbp_anonymous_reply_count":0,"_bbp_topic_count_hidden":0,"_bbp_reply_count_hidden":0,"_bbp_forum_subforum_count":0,"site-sidebar-layout":"default","site-content-layout":"","ast-site-content-layout":"","site-content-style":"default","site-sidebar-style":"default","ast-global-header-display":"","ast-banner-title-visibility":"","ast-main-header-display":"","ast-hfb-above-header-display":"","ast-hfb-below-header-display":"","ast-hfb-mobile-header-display":"","site-post-title":"","ast-breadcrumbs-content":"","ast-featured-img":"","footer-sml-layout":"","theme-transparent-header-meta":"","adv-header-id-meta":"","stick-header-meta":"","header-above-stick-meta":"","header-main-stick-meta":"","header-below-stick-meta":"","astra-migrate-meta-layouts":"default","ast-page-background-enabled":"default","ast-page-background-meta":{"desktop":{"background-color":"var(--ast-global-color-4)","background-image":"","background-repeat":"repeat","background-position":"center center","background-size":"auto","background-attachment":"scroll","background-type":"","background-media":"","overlay-type":"","overlay-color":"","overlay-opacity":"","overlay-gradient":""},"tablet":{"background-color":"","background-image":"","background-repeat":"repeat","background-position":"center center","background-size":"auto","background-attachment":"scroll","background-type":"","background-media":"","overlay-type":"","overlay-color":"","overlay-opacity":"","overlay-gradient":""},"mobile":{"background-color":"","background-image":"","background-repeat":"repeat","background-position":"center center","background-size":"auto","background-attachment":"scroll","background-type":"","background-media":"","overlay-type":"","overlay-color":"","overlay-opacity":"","overlay-gradient":""}},"ast-content-background-meta":{"desktop":{"background-color":"var(--ast-global-color-5)","background-image":"","background-repeat":"repeat","background-position":"center center","background-size":"auto","background-attachment":"scroll","background-type":"","background-media":"","overlay-type":"","overlay-color":"","overlay-opacity":"","overlay-gradient":""},"tablet":{"background-color":"var(--ast-global-color-5)","background-image":"","background-repeat":"repeat","background-position":"center center","background-size":"auto","background-attachment":"scroll","background-type":"","background-media":"","overlay-type":"","overlay-color":"","overlay-opacity":"","overlay-gradient":""},"mobile":{"background-color":"var(--ast-global-color-5)","background-image":"","background-repeat":"repeat","background-position":"center center","background-size":"auto","background-attachment":"scroll","background-type":"","background-media":"","overlay-type":"","overlay-color":"","overlay-opacity":"","overlay-gradient":""}},"footnotes":""},"class_list":["post-1507","page","type-page","status-publish","hentry"],"post_mailing_queue_ids":[],"_links":{"self":[{"href":"https:\/\/agora.xtec.cat\/iesjoanbrudieu\/wp-json\/wp\/v2\/pages\/1507","targetHints":{"allow":["GET"]}}],"collection":[{"href":"https:\/\/agora.xtec.cat\/iesjoanbrudieu\/wp-json\/wp\/v2\/pages"}],"about":[{"href":"https:\/\/agora.xtec.cat\/iesjoanbrudieu\/wp-json\/wp\/v2\/types\/page"}],"author":[{"embeddable":true,"href":"https:\/\/agora.xtec.cat\/iesjoanbrudieu\/wp-json\/wp\/v2\/users\/1"}],"replies":[{"embeddable":true,"href":"https:\/\/agora.xtec.cat\/iesjoanbrudieu\/wp-json\/wp\/v2\/comments?post=1507"}],"version-history":[{"count":7,"href":"https:\/\/agora.xtec.cat\/iesjoanbrudieu\/wp-json\/wp\/v2\/pages\/1507\/revisions"}],"predecessor-version":[{"id":10172,"href":"https:\/\/agora.xtec.cat\/iesjoanbrudieu\/wp-json\/wp\/v2\/pages\/1507\/revisions\/10172"}],"up":[{"embeddable":true,"href":"https:\/\/agora.xtec.cat\/iesjoanbrudieu\/wp-json\/wp\/v2\/pages\/195"}],"wp:attachment":[{"href":"https:\/\/agora.xtec.cat\/iesjoanbrudieu\/wp-json\/wp\/v2\/media?parent=1507"}],"curies":[{"name":"wp","href":"https:\/\/api.w.org\/{rel}","templated":true}]}}