{"id":1469,"date":"2016-07-02T16:34:10","date_gmt":"2016-07-02T15:34:10","guid":{"rendered":"http:\/\/agora.xtec.cat\/iesjoanbrudieu\/?page_id=1469"},"modified":"2026-01-14T07:51:54","modified_gmt":"2026-01-14T06:51:54","slug":"proves-anuals-per-completar-eso","status":"publish","type":"page","link":"https:\/\/agora.xtec.cat\/iesjoanbrudieu\/estudis\/proves-anuals-per-completar-eso\/","title":{"rendered":"Proves anuals per completar ESO"},"content":{"rendered":"<h3><span style=\"color: #ff0000;\"><strong>CONVOCAT\u00d2RIA 2026<\/strong><\/span><\/h3>\n<p>Cada any es convoca la prova per a l&#8217;obtenci\u00f3 del t\u00edtol de graduat o graduada en educaci\u00f3 secund\u00e0ria obligat\u00f2ria (GESO), per a l&#8217;alumnat que no l&#8217;hagi obtingut en finalitzar l&#8217;etapa. Per poder-s&#8217;hi presentar l&#8217;alumnat ha d&#8217;haver finalitzat l&#8217;etapa durant un dels dos cursos anteriors al qual es presenti a la prova. Aquestes proves es realitzen sempre en el centre on es troba l&#8217;expedient de l&#8217;alumne\/na.<\/p>\n<p><span style=\"color: #ff0000;\"><strong>Alumnat que s&#8217;hi pot presentar<\/strong><\/span><\/p>\n<p>Els dos <strong>requisits<\/strong> que han de reunir els alumnes per poder presentar-se a aquestes proves l\u2019any 2026 s\u00f3n:<\/p>\n<ol>\n<li><strong>Tenir almenys 18 anys o complir-los dins de l&#8217;any 2026 [com a m\u00ednim, nascuts el 2008]<\/strong>. L&#8217;edat requerida es podr\u00e0 rebaixar fins als que tenen 17 anys o que els compleixen al llarg del 2026 [com a m\u00ednim, nascuts el 2009] sempre que compleixi alguna de les condicions seg\u00fcents:\n<ul style=\"list-style-type: disc;\">\n<li>Tenir un contracte laboral que l\u2019impedeixi assistir al centre en r\u00e8gim ordinari.<\/li>\n<li>Trobar-se en proc\u00e9s d&#8217;obtenci\u00f3 d&#8217;un perm\u00eds de treball (alumnat estranger).<\/li>\n<li>Ser esportista d&#8217;alt rendiment. En aquest cas, caldr\u00e0 presentar una certifica\u200bci\u00f3 del Consell Catal\u00e0 de l\u2019Esport que acrediti que aquests esportistes figuren en el programa de tecnificaci\u00f3 (ARC) de la federaci\u00f3 catalana corresponent.<\/li>\n<li>Tenir un exp\u200bedient d\u2019homologaci\u00f3 obert d\u2019estudis estrangers al t\u00edtol de GESO.<\/li>\n<\/ul>\n<\/li>\n<li><strong>Haver finalitzat l&#8217;ESO l\u2019any 2024 o 2025, <\/strong><strong>sense haver obtingut el t\u00edtol<\/strong> o haver finalitzat l&#8217;equivalent del quart curs de l&#8217;educaci\u00f3 secund\u00e0ria obligat\u00f2ria en un sistema educatiu estranger amb mat\u00e8ries amb avaluaci\u00f3 negativa en cursos anteriors.\n<ul style=\"list-style-type: disc;\">\n<li>De manera excepcional, tamb\u00e9 s&#8217;hi poden acollir alumnes amb informe de reconeixement de necessitats educatives especials, em\u00e8s per l&#8217;equip d&#8217;assessorament psicopedag\u00f2gic (EAP), per als quals es va elaborar un pla de suport individualitzat durant el per\u00edode compr\u00e8s entre els cursos 2017-2018 i 2022-2023.<\/li>\n<\/ul>\n<\/li>\n<\/ol>\n<p>En aplicaci\u00f3 d\u2019aquests requisits, queden exclosos de la prova els alumnes inscrits per repetir quart d\u2019ESO en el present curs 2025-2026. D\u2019altra banda, els alumnes que estan matriculats en ensenyaments d&#8217;adults o a l&#8217;Institut Obert de Catalunya hi poden conc\u00f3rrer, sempre que compleixin els requisits abans esmentats.<\/p>\n<p><strong><span style=\"color: #ff0000;\">Calendari 2026<br \/>\n<\/span><\/strong><\/p>\n<table>\n<tbody>\n<tr>\n<td>Termini de presentaci\u00f3 de sol\u00b7licituds d&#8217;inscripci\u00f3<\/td>\n<td>del 2 al 13 de febrer<\/td>\n<\/tr>\n<tr>\n<td>Publicaci\u00f3 del llistat de les persones admeses i excloses<\/td>\n<td>19 de febrer<\/td>\n<\/tr>\n<tr>\n<td>Termini de presentaci\u00f3 de reclamacions a les llistes de persones admeses i excloses<\/td>\n<td>en els tres dies posteriors a la publicaci\u00f3 de les llistes de persones admeses i excloses (20, 23 i 24 de febrer)<\/td>\n<\/tr>\n<tr>\n<td>Llista definitiva d&#8217;admesos<\/td>\n<td>26 de febrer<\/td>\n<\/tr>\n<tr>\n<td>Realitzaci\u00f3 de les proves<\/td>\n<td><strong>1r dia<\/strong>. dimecres 4 de mar\u00e7 (ANG-MAT-EA-EB-TEC-DIG-EVEC-ALT)<\/td>\n<\/tr>\n<tr>\n<td><\/td>\n<td><strong>2n dia<\/strong>: dijous 5 de mar\u00e7 (CAT-CAS-SOC-EFI-FIL-FIQ_BIG-MUS)<\/td>\n<\/tr>\n<tr>\n<td>Lliurament de qualificacions<\/td>\n<td>a partir del 16 de mar\u00e7, a Secretaria<\/td>\n<\/tr>\n<tr>\n<td>Reclamaci\u00f3 de qualificacions<\/td>\n<td>17, 18 i 19 de mar\u00e7<\/td>\n<\/tr>\n<tr>\n<td>Qualificacions definitives<\/td>\n<td>25 de mar\u00e7<\/td>\n<\/tr>\n<\/tbody>\n<\/table>\n<p><span style=\"color: #ff0000;\"><strong>C\u00f2mput i avaluaci\u00f3 de les mat\u00e8ries pendents<\/strong><\/span><\/p>\n<ul>\n<li>Es comptabilitzen com una sola mat\u00e8ria les cursades amb el mateix nom en diferents cursos. A aquests efectes es considera que la mat\u00e8ria de 3r \u201cTecnologies\u201d i la mat\u00e8ria de 4t \u201cTecnologia\u201d tenen el mateix nom.<\/li>\n<li>Els alumnes que han susp\u00e8s la mateixa mat\u00e8ria a m\u00e9s d\u2019un curs fan un \u00fanic examen, el corresponent a l\u2019\u00faltim curs.<\/li>\n<li>Per als alumnes que van suspendre a 3r una mat\u00e8ria que no van continuar a 4t \u2013 per exemple, M\u00fasica -, s\u2019haur\u00e0 de dissenyar una prova de recuperaci\u00f3 de la mat\u00e8ria de 3r.<\/li>\n<li>Als efectes d\u2019aquestes proves, no tenen validesa les qualificacions positives que l\u2019alumne\/a hagi pogut obtenir, amb posterioritat a la finalitzaci\u00f3 de 4t d\u2019ESO, per ensenyaments d\u2019adults, a dist\u00e0ncia o proves lliures.<\/li>\n<li>Els alumnes poden sol\u00b7licitar examinar-se de totes o sols d\u2019algunes mat\u00e8ries pendents.<\/li>\n<li>L\u2019alumnat que va finalitzar l\u2019ESO l\u2019any 2025 podr\u00e0 conc\u00f3rrer de nou a les proves de compleci\u00f3 en la convocat\u00f2ria de 2026.<\/li>\n<li>L\u2019alumnat que va finalitzar l\u2019ESO l\u2019any 2024 esgota amb la convocat\u00f2ria de 2025 les seves possibilitats d\u2019obtenir el t\u00edtol de GESO mitjan\u00e7ant les proves de compleci\u00f3. En tot cas, cal tenir en compte que a partir dels 18 anys tothom t\u00e9 la possibilitat d\u2019obtenir el t\u00edtol a trav\u00e9s d\u2019altres vies (ensenyaments d\u2019adults, a dist\u00e0ncia o proves lliures) on s\u00ed es tenen en compte les mat\u00e8ries superades en cursar l\u2019ESO i en realitzar les proves de compleci\u00f3.<\/li>\n<\/ul>\n<p><strong><span style=\"color: #ff0000;\">Tramitaci\u00f3 del t\u00edtol de GESO (Graduat en ESO)<\/span><\/strong><\/p>\n<p>La tramitaci\u00f3 del t\u00edtol de GESO per a l&#8217;alumnat que ha completat l&#8217;etapa mitjan\u00e7ant proves de compleci\u00f3 es fa amb efectes del curs 2025-2026.<\/p>\n<p><span style=\"color: #ff0000;\"><strong>Continguts i criteris d&#8217;avaluaci\u00f3 m\u00ednims de les mat\u00e8ries<\/strong><\/span><\/p>\n<ul>\n<li><a href=\"https:\/\/institutjoanbrudieu.cat\/public\/web_centre\/html\/documents\/institut\/curs\/Complecio_ESO_Continguts_minims_S4_BiG.pdf\" target=\"_blank\" rel=\"noopener noreferrer\">Biologia i Geologia<\/a><\/li>\n<li><a href=\"https:\/\/institutjoanbrudieu.cat\/public\/web_centre\/html\/documents\/institut\/curs\/Complecio_ESO_Continguts_minims_S4_SOC.pdf\" target=\"_blank\" rel=\"noopener noreferrer\">Ci\u00e8ncies socials, geografia i hist\u00f2ria<\/a><\/li>\n<li><a href=\"https:\/\/institutjoanbrudieu.cat\/public\/web_centre\/html\/documents\/institut\/curs\/Complecio_ESO_Continguts_minims_S4_EB.pdf\" target=\"_blank\" rel=\"noopener\">Economia b\u00e0sica<\/a><\/li>\n<li><a href=\"https:\/\/institutjoanbrudieu.cat\/public\/web_centre\/html\/documents\/institut\/curs\/Complecio_ESO_Continguts_minims_S4_EFI.pdf\" target=\"_blank\" rel=\"noopener\">Educaci\u00f3 f\u00edsica<\/a><\/li>\n<li><a href=\"https:\/\/institutjoanbrudieu.cat\/public\/web_centre\/html\/documents\/institut\/curs\/Complecio_ESO_Continguts_minims_S4_EART.pdf\" target=\"_blank\" rel=\"noopener noreferrer\">Expressi\u00f3 art\u00edstica<\/a><\/li>\n<li><a href=\"https:\/\/institutjoanbrudieu.cat\/public\/web_centre\/html\/documents\/institut\/curs\/Complecio_ESO_Continguts_minims_S4_FIL.pdf\" target=\"_blank\" rel=\"noopener\">Filosofia<\/a><\/li>\n<li><a href=\"https:\/\/institutjoanbrudieu.cat\/public\/web_centre\/html\/documents\/institut\/curs\/Complecio_ESO_Continguts_minims_S4_FiQ.pdf\" target=\"_blank\" rel=\"noopener noreferrer\">F\u00edsica i Qu\u00edmica<\/a><\/li>\n<li><a href=\"https:\/\/institutjoanbrudieu.cat\/public\/web_centre\/html\/documents\/institut\/curs\/Complecio_ESO_Continguts_minims_S4_ANG.pdf\" target=\"_blank\" rel=\"noopener noreferrer\">Llengua estrangera: llengua anglesa<\/a><\/li>\n<li><a href=\"https:\/\/institutjoanbrudieu.cat\/public\/web_centre\/html\/documents\/institut\/curs\/Complecio_ESO_Continguts_minims_S4_CAS.pdf\" target=\"_blank\" rel=\"noopener noreferrer\">Llengua castellana i literatura<\/a><\/li>\n<li><a href=\"https:\/\/institutjoanbrudieu.cat\/public\/web_centre\/html\/documents\/institut\/curs\/Complecio_ESO_Continguts_minims_S4_CAT.pdf\" target=\"_blank\" rel=\"noopener noreferrer\">Llengua catalana i literatura<\/a><\/li>\n<li><a href=\"https:\/\/institutjoanbrudieu.cat\/public\/web_centre\/html\/documents\/institut\/curs\/Complecio_ESO_Continguts_minims_S4_MAT.pdf\" target=\"_blank\" rel=\"noopener noreferrer\">Matem\u00e0tiques<\/a><\/li>\n<li><a href=\"https:\/\/institutjoanbrudieu.cat\/public\/web_centre\/html\/documents\/institut\/curs\/Complecio_ESO_Continguts_minims_S4_TEC.pdf\" target=\"_blank\" rel=\"noopener noreferrer\">Tecnologia S4 [Tecnologia i digitalitzaci\u00f3 S3]<\/a><\/li>\n<\/ul>\n<p><strong><span style=\"color: #ff0000;\">Impresos<\/span><\/strong><\/p>\n<ul>\n<li><a href=\"https:\/\/institutjoanbrudieu.cat\/public\/web_centre\/html\/documents\/institut\/curs\/Complecio_ESO_Inscripcio.pdf\" target=\"_blank\" rel=\".self noopener noreferrer\">Impr\u00e8s de sol\u00b7licitud<\/a><\/li>\n<li><a href=\"https:\/\/institutjoanbrudieu.cat\/public\/web_centre\/html\/documents\/institut\/curs\/2526_Carta_informativa_Proves_per_completar_ESO.pdf\" target=\"_blank\" rel=\"noopener noreferrer\">Carta informativa lliurada a l&#8217;alumnat (curs 2025-2026)<\/a><\/li>\n<\/ul>\n<p><span style=\"color: #ff0000;\"><strong>Normativa<\/strong><\/span><\/p>\n<ul>\n<li><a href=\"https:\/\/institutjoanbrudieu.cat\/public\/web_centre\/html\/documents\/institut\/curs\/Complecio_ESO_Resolucio_091202.pdf\" target=\"_blank\" rel=\"noopener noreferrer\">Resoluci\u00f3 EDU\/2730\/2024<\/a>, de 16 de juliol, per la qual es regula la convocat\u00f2ria anual de les proves per a l\u2019obtenci\u00f3 del t\u00edtol de graduat en educaci\u00f3 secund\u00e0ria obligat\u00f2ria per a l\u2019alumnat que no l\u2019hagi obtingut en finalitzar l\u2019etapa esmentada.<\/li>\n<li><a title=\"Ves al web\" href=\"https:\/\/portaljuridic.gencat.cat\/eli\/es-ct\/d\/2022\/09\/27\/175\" target=\"_blank\" rel=\"noopener\" data-cke-saved-href=\"https:\/\/portaljuridic.gencat.cat\/eli\/es-ct\/d\/2022\/09\/27\/175\">Decret 175\/2022<\/a>, de 27 de setembre, d&#8217;ordenaci\u00f3 dels ensenyaments de l&#8217;educaci\u00f3 b\u00e0sica.<\/li>\n<li>M\u00e9s informaci\u00f3 a la p\u00e0gina web del <a href=\"https:\/\/educacio.gencat.cat\/ca\/serveis-tramits\/proves\/proves-lliures-obtencio-titols\/obtencio-titol-eso\/\" target=\"_blank\" rel=\"noopener noreferrer\">Departament d&#8217;Educaci\u00f3<\/a>.<\/li>\n<\/ul>\n","protected":false},"excerpt":{"rendered":"<p>CONVOCAT\u00d2RIA 2026 Cada any es convoca la prova per a l&#8217;obtenci\u00f3 del t\u00edtol de graduat o graduada en educaci\u00f3 secund\u00e0ria obligat\u00f2ria (GESO), per a l&#8217;alumnat que no l&#8217;hagi obtingut en finalitzar l&#8217;etapa. Per poder-s&#8217;hi presentar l&#8217;alumnat ha d&#8217;haver finalitzat l&#8217;etapa durant un dels dos cursos anteriors al qual es presenti a la prova. Aquestes proves [&hellip;]<\/p>\n","protected":false},"author":1,"featured_media":0,"parent":195,"menu_order":5,"comment_status":"closed","ping_status":"closed","template":"page-templates\/side-menu.php","meta":{"_bbp_topic_count":0,"_bbp_reply_count":0,"_bbp_total_topic_count":0,"_bbp_total_reply_count":0,"_bbp_voice_count":0,"_bbp_anonymous_reply_count":0,"_bbp_topic_count_hidden":0,"_bbp_reply_count_hidden":0,"_bbp_forum_subforum_count":0,"site-sidebar-layout":"default","site-content-layout":"","ast-site-content-layout":"","site-content-style":"default","site-sidebar-style":"default","ast-global-header-display":"","ast-banner-title-visibility":"","ast-main-header-display":"","ast-hfb-above-header-display":"","ast-hfb-below-header-display":"","ast-hfb-mobile-header-display":"","site-post-title":"","ast-breadcrumbs-content":"","ast-featured-img":"","footer-sml-layout":"","theme-transparent-header-meta":"","adv-header-id-meta":"","stick-header-meta":"","header-above-stick-meta":"","header-main-stick-meta":"","header-below-stick-meta":"","astra-migrate-meta-layouts":"default","ast-page-background-enabled":"default","ast-page-background-meta":{"desktop":{"background-color":"var(--ast-global-color-4)","background-image":"","background-repeat":"repeat","background-position":"center center","background-size":"auto","background-attachment":"scroll","background-type":"","background-media":"","overlay-type":"","overlay-color":"","overlay-opacity":"","overlay-gradient":""},"tablet":{"background-color":"","background-image":"","background-repeat":"repeat","background-position":"center center","background-size":"auto","background-attachment":"scroll","background-type":"","background-media":"","overlay-type":"","overlay-color":"","overlay-opacity":"","overlay-gradient":""},"mobile":{"background-color":"","background-image":"","background-repeat":"repeat","background-position":"center center","background-size":"auto","background-attachment":"scroll","background-type":"","background-media":"","overlay-type":"","overlay-color":"","overlay-opacity":"","overlay-gradient":""}},"ast-content-background-meta":{"desktop":{"background-color":"var(--ast-global-color-5)","background-image":"","background-repeat":"repeat","background-position":"center center","background-size":"auto","background-attachment":"scroll","background-type":"","background-media":"","overlay-type":"","overlay-color":"","overlay-opacity":"","overlay-gradient":""},"tablet":{"background-color":"var(--ast-global-color-5)","background-image":"","background-repeat":"repeat","background-position":"center center","background-size":"auto","background-attachment":"scroll","background-type":"","background-media":"","overlay-type":"","overlay-color":"","overlay-opacity":"","overlay-gradient":""},"mobile":{"background-color":"var(--ast-global-color-5)","background-image":"","background-repeat":"repeat","background-position":"center center","background-size":"auto","background-attachment":"scroll","background-type":"","background-media":"","overlay-type":"","overlay-color":"","overlay-opacity":"","overlay-gradient":""}},"footnotes":""},"class_list":["post-1469","page","type-page","status-publish","hentry"],"post_mailing_queue_ids":[],"_links":{"self":[{"href":"https:\/\/agora.xtec.cat\/iesjoanbrudieu\/wp-json\/wp\/v2\/pages\/1469","targetHints":{"allow":["GET"]}}],"collection":[{"href":"https:\/\/agora.xtec.cat\/iesjoanbrudieu\/wp-json\/wp\/v2\/pages"}],"about":[{"href":"https:\/\/agora.xtec.cat\/iesjoanbrudieu\/wp-json\/wp\/v2\/types\/page"}],"author":[{"embeddable":true,"href":"https:\/\/agora.xtec.cat\/iesjoanbrudieu\/wp-json\/wp\/v2\/users\/1"}],"replies":[{"embeddable":true,"href":"https:\/\/agora.xtec.cat\/iesjoanbrudieu\/wp-json\/wp\/v2\/comments?post=1469"}],"version-history":[{"count":5,"href":"https:\/\/agora.xtec.cat\/iesjoanbrudieu\/wp-json\/wp\/v2\/pages\/1469\/revisions"}],"predecessor-version":[{"id":10528,"href":"https:\/\/agora.xtec.cat\/iesjoanbrudieu\/wp-json\/wp\/v2\/pages\/1469\/revisions\/10528"}],"up":[{"embeddable":true,"href":"https:\/\/agora.xtec.cat\/iesjoanbrudieu\/wp-json\/wp\/v2\/pages\/195"}],"wp:attachment":[{"href":"https:\/\/agora.xtec.cat\/iesjoanbrudieu\/wp-json\/wp\/v2\/media?parent=1469"}],"curies":[{"name":"wp","href":"https:\/\/api.w.org\/{rel}","templated":true}]}}