{"id":1459,"date":"2016-07-02T15:56:42","date_gmt":"2016-07-02T14:56:42","guid":{"rendered":"http:\/\/agora.xtec.cat\/iesjoanbrudieu\/?page_id=1459"},"modified":"2026-03-26T08:40:13","modified_gmt":"2026-03-26T07:40:13","slug":"eso","status":"publish","type":"page","link":"https:\/\/agora.xtec.cat\/iesjoanbrudieu\/estudis\/eso\/","title":{"rendered":"Educaci\u00f3 Secund\u00e0ria Obligat\u00f2ria (ESO)"},"content":{"rendered":"\n<figure class=\"wp-block-image aligncenter size-full is-resized\"><a href=\"https:\/\/agora.xtec.cat\/iesjoanbrudieu\/wp-content\/uploads\/usu1248\/2026\/03\/Logo_ESO_fig.jpg\"><img loading=\"lazy\" decoding=\"async\" width=\"576\" height=\"504\" src=\"https:\/\/agora.xtec.cat\/iesjoanbrudieu\/wp-content\/uploads\/usu1248\/2026\/03\/Logo_ESO_fig.jpg\" alt=\"\" class=\"wp-image-11017\" style=\"width:346px;height:auto\" srcset=\"https:\/\/agora.xtec.cat\/iesjoanbrudieu\/wp-content\/uploads\/usu1248\/2026\/03\/Logo_ESO_fig.jpg 576w, https:\/\/agora.xtec.cat\/iesjoanbrudieu\/wp-content\/uploads\/usu1248\/2026\/03\/Logo_ESO_fig-300x263.jpg 300w\" sizes=\"auto, (max-width: 576px) 100vw, 576px\" \/><\/a><\/figure>\n\n\n\n<p>L&#8217;educaci\u00f3 secund\u00e0ria obligat\u00f2ria (ESO) \u00e9s gratu\u00efta. Compr\u00e8n quatre cursos acad\u00e8mics. Generalment s&#8217;inicia l&#8217;any natural en qu\u00e8 es compleixen 12 anys i s&#8217;acaba als 16, tot i que els alumnes tenen dret a romandre en el centre amb r\u00e8gim ordinari fins als 18.&nbsp;<\/p>\n\n\n\n<div class=\"wp-block-getwid-tabs\" data-active-tab=\"0\"><ul class=\"wp-block-getwid-tabs__nav-links\"><\/ul>\n<div class=\"wp-block-getwid-tabs__nav-link\"><span class=\"wp-block-getwid-tabs__title-wrapper\"><a href=\"#\"><span class=\"wp-block-getwid-tabs__title\">Curr\u00edculum ESO (Institut)<\/span><\/a><\/span><\/div><div class=\"wp-block-getwid-tabs__tab-content-wrapper\"><div class=\"wp-block-getwid-tabs__tab-content\">\n<h3 class=\"wp-block-heading\"><span style=\"color: #ff0000;\"><strong>Curr\u00edculum ESO (Institut Joan Brudieu)<\/strong><\/span><\/h3>\n\n\n\n<ul class=\"wp-block-list\">\n<li><a href=\"https:\/\/institutjoanbrudieu.cat\/public\/web_centre\/html\/documents\/institut\/estudis\/ESO_Curriculum_LOMLOE_2627.pdf\" target=\"_blank\" rel=\"noopener\">Curr\u00edculum LOMLOE a l&#8217;Institut<\/a> .<\/li>\n<\/ul>\n\n\n\n<p class=\"has-text-align-center\"><object style=\"width: 800px; height: 600px;\" data=\"https:\/\/institutjoanbrudieu.cat\/public\/web_centre\/html\/documents\/institut\/estudis\/ESO_Curriculum_LOMLOE_2627.pdf\" width=\"300\" height=\"150\"><\/object><\/p>\n\n\n\n<ul class=\"wp-block-list\">\n<li><a href=\"https:\/\/xtec.gencat.cat\/ca\/curriculum\/eso\/\" target=\"_blank\" rel=\"noopener noreferrer\">Estructura del curr\u00edculum ESO &#8211; (web XTEC)<\/a>.<\/li>\n\n\n\n<li><a href=\"https:\/\/projectes.xtec.cat\/nou-curriculum\/\" target=\"_blank\" rel=\"noreferrer noopener\">Web de recursos<\/a> del nou curr\u00edculum d&#8217;ESO.<\/li>\n\n\n\n<li><a href=\"https:\/\/institutjoanbrudieu.cat\/public\/web_centre\/html\/documents\/institut\/estudis\/MCONV-ESO_Manual_Convalidacions_Exempcions_ESO.pdf\" target=\"_blank\" rel=\"noopener noreferrer\">MCONV-ESO Manual de convalidacions i exempcions ESO [Institut Joan Brudieu]<\/a><\/li>\n<\/ul>\n\n\n\n<p><\/p>\n<\/div><\/div>\n\n\n\n<div class=\"wp-block-getwid-tabs__nav-link\"><span class=\"wp-block-getwid-tabs__title-wrapper\"><a href=\"#\"><span class=\"wp-block-getwid-tabs__title\">Optativitat ESO (Institut)<\/span><\/a><\/span><\/div><div class=\"wp-block-getwid-tabs__tab-content-wrapper\"><div class=\"wp-block-getwid-tabs__tab-content\">\n<h3 class=\"wp-block-heading\"><strong><span style=\"color: #ff0000;\">Optativitat ESO (LOMLOE)<\/span><\/strong><\/h3>\n\n\n\n<ul class=\"wp-block-list\">\n<li>Mat\u00e8ries Optatives S1-S2-S3.<\/li>\n<\/ul>\n\n\n\n<figure class=\"wp-block-image aligncenter is-resized\"><a href=\"https:\/\/institutjoanbrudieu.cat\/public\/web_centre\/html\/documents\/secretaria\/fulls\/ESO_Optatives_S1_S2_S3.jpg\" target=\"_blank\" rel=\"noopener noreferrer\"><img decoding=\"async\" src=\"https:\/\/institutjoanbrudieu.cat\/public\/web_centre\/html\/documents\/secretaria\/fulls\/ESO_Optatives_S1_S2_S3.jpg\" alt=\"https:\/\/institutjoanbrudieu.cat\/public\/web_centre\/html\/documents\/secretaria\/fulls\/ESO_Optatives_S1_S2_S3.jpg\" class=\"wp-image-5576\" style=\"width:620px;height:auto\"\/><\/a><\/figure>\n\n\n\n<p><\/p>\n\n\n\n<ul class=\"wp-block-list\">\n<li><a href=\"https:\/\/institutjoanbrudieu.cat\/public\/web_centre\/html\/documents\/secretaria\/fulls\/D-PR-C0102-032_ESO_Matematiques_i_Optativitat_especifica_S4.pdf\" target=\"_blank\" rel=\"noopener noreferrer\">Matem\u00e0tiques A\/B i Optativitat a S4<\/a>.<\/li>\n<\/ul>\n\n\n\n<div class=\"wp-block-buttons is-content-justification-center is-layout-flex wp-container-core-buttons-is-layout-1 wp-block-buttons-is-layout-flex\">\n<div class=\"wp-block-button has-custom-width wp-block-button__width-75 has-custom-font-size\" style=\"font-size:25px\"><a class=\"wp-block-button__link has-text-align-center wp-element-button\" href=\"https:\/\/forms.gle\/LTjHPjzSWNVrnCEz6\" style=\"padding-top:var(--wp--preset--spacing--40);padding-bottom:var(--wp--preset--spacing--40)\" target=\"_blank\" rel=\"noreferrer noopener\">Formulari de tria de Matem\u00e0tiques A\/B i de Mat\u00e8ries Optatives [4t ESO]<\/a><\/div>\n<\/div>\n\n\n\n<p><\/p>\n\n\n\n<figure class=\"wp-block-image aligncenter is-resized\"><a href=\"https:\/\/institutjoanbrudieu.cat\/public\/web_centre\/html\/documents\/secretaria\/fulls\/ESO_MAT_i_Optatives_S4.jpg\" target=\"_blank\" rel=\"noopener noreferrer\"><img decoding=\"async\" src=\"https:\/\/institutjoanbrudieu.cat\/public\/web_centre\/html\/documents\/secretaria\/fulls\/ESO_MAT_i_Optatives_S4.jpg\" alt=\"https:\/\/institutjoanbrudieu.cat\/public\/web_centre\/html\/documents\/secretaria\/fulls\/ESO_MAT_i_Optatives_S4.jpg\" class=\"wp-image-5576\" style=\"width:700px\"\/><\/a><\/figure>\n\n\n\n<p class=\"has-text-align-center\"><object style=\"width: 800px; height: 600px;\" data=\"https:\/\/institutjoanbrudieu.cat\/public\/web_centre\/html\/documents\/secretaria\/fulls\/D-PR-C0102-032_ESO_Matematiques_i_Optativitat_especifica_S4.pdf\" width=\"300\" height=\"150\"><\/object><\/p>\n\n\n\n<p><\/p>\n<\/div><\/div>\n\n\n\n<div class=\"wp-block-getwid-tabs__nav-link\"><span class=\"wp-block-getwid-tabs__title-wrapper\"><a href=\"#\"><span class=\"wp-block-getwid-tabs__title\">Altres informacions<\/span><\/a><\/span><\/div><div class=\"wp-block-getwid-tabs__tab-content-wrapper\"><div class=\"wp-block-getwid-tabs__tab-content\">\n<h3 class=\"wp-block-heading\"><span style=\"color: #ff0000;\"><strong>Tractament de la diversitat<\/strong><\/span><\/h3>\n\n\n\n<ul class=\"wp-block-list\">\n<li><a href=\"https:\/\/institutjoanbrudieu.cat\/public\/web_centre\/html\/documents\/institut\/estudis\/Diversitat-INS-Joan-Brudieu.pdf\" target=\"_blank\" rel=\"noopener noreferrer\">Diversitat a l&#8217;Institut: Plans individualitzats<\/a><\/li>\n\n\n\n<li>Fem futur: <a href=\"http:\/\/www.scribd.com\/full\/28978575?access_key=key-1cndxrwsuhcrdcctdfgg\" target=\"_blank\" rel=\"noopener noreferrer\">Projecte<\/a> &#8211; <a href=\"https:\/\/institutjoanbrudieu.cat\/public\/web_centre\/html\/documents\/institut\/estudis\/Diversitat-Femfutur-INSJoanBrudieu-Poster.pdf\" target=\"_blank\" rel=\"noopener noreferrer\">P\u00f2ster<\/a><\/li>\n\n\n\n<li><a href=\"http:\/\/auladeladiversitat.blogspot.com\/\" target=\"_blank\" rel=\"noopener noreferrer\">Aula Oberta [blog]<\/a> &#8211; <a href=\"https:\/\/institutjoanbrudieu.cat\/public\/web_centre\/html\/documents\/institut\/estudis\/Diversitat-INSJoanBrudieu-Poster.pdf\" target=\"_blank\" rel=\"noopener noreferrer\">P\u00f2ster<\/a><\/li>\n\n\n\n<li><a href=\"http:\/\/auladeladiversitat.blogspot.com\/\" target=\"_blank\" rel=\"noopener noreferrer\">Aula USEE [blog]<\/a> &#8211; <a href=\"https:\/\/institutjoanbrudieu.cat\/public\/web_centre\/html\/documents\/institut\/estudis\/Diversitat-INSJoanBrudieu-Poster.pdf\" target=\"_blank\" rel=\"noopener noreferrer\">P\u00f2ster<\/a><\/li>\n\n\n\n<li><a href=\"http:\/\/aulaacollidajoanbrudieu.blogspot.com\/\" target=\"_blank\" rel=\".self noopener noreferrer\">Aula d&#8217;Acollida [blog]<\/a><\/li>\n\n\n\n<li><a href=\"https:\/\/institutjoanbrudieu.cat\/public\/web_centre\/documents\/web\/projectes\/autonomia03_TAE.html\">Taller d&#8217;estudi assistit &#8211; TAE (curs 2010-2011)<\/a><\/li>\n<\/ul>\n\n\n\n<h3 class=\"wp-block-heading\"><strong><span style=\"color: #ff0000;\">Treballs de S\u00edntesi i Projecte de Recerca<\/span><\/strong><\/h3>\n\n\n\n<ul class=\"wp-block-list\">\n<li><a href=\"https:\/\/institutjoanbrudieu.cat\/public\/web_centre\/html\/documents\/S1_TdS_19.pdf\" target=\"_blank\" rel=\"noopener noreferrer\">Treball de S\u00edntesi S1<\/a><\/li>\n\n\n\n<li><a href=\"https:\/\/institutjoanbrudieu.cat\/public\/web_centre\/html\/documents\/S2_TdS_19.pdf\" target=\"_blank\" rel=\"noopener noreferrer\">Treball de S\u00edntesi S2<\/a><\/li>\n\n\n\n<li><a href=\"https:\/\/institutjoanbrudieu.cat\/public\/web_centre\/html\/documents\/S3_TdS_19.pdf\" target=\"_blank\" rel=\"noopener noreferrer\">Treball de S\u00edntesi S3<\/a><\/li>\n\n\n\n<li><a href=\"https:\/\/institutjoanbrudieu.cat\/public\/web_centre\/html\/documents\/S4_PdR_19.pdf\" target=\"_blank\" rel=\"noopener noreferrer\">Projecte de Recerca S4<\/a><\/li>\n<\/ul>\n\n\n\n<h3 class=\"wp-block-heading\"><strong><span style=\"color: #ff0000;\">Fulls impresos<\/span><\/strong><\/h3>\n\n\n\n<ul class=\"wp-block-list\">\n<li>Consulteu a <a href=\"https:\/\/agora.xtec.cat\/iesjoanbrudieu\/secretaria\/fulls-impresos\/\" target=\"_blank\" rel=\"noopener noreferrer\">Secretaria &#8211; Fulls Impresos<\/a><\/li>\n<\/ul>\n\n\n\n<h3 class=\"wp-block-heading\"><strong><span style=\"color: #ff0000;\">Departaments did\u00e0ctics<\/span><\/strong><\/h3>\n\n\n\n<ul class=\"wp-block-list\">\n<li><strong>Llengua catalana<\/strong>:\n<ul class=\"wp-block-list\">\n<li><a href=\"https:\/\/institutjoanbrudieu.cat\/public\/web_centre\/html\/documents\/departaments\/catala\/2021_S1_S2_Llibres.pdf\" target=\"_blank\" rel=\"noopener noreferrer\">Llibres de lectura S1 &#8211; S2<\/a> (llistat actualitzat a agost 2020)<\/li>\n\n\n\n<li><a href=\"https:\/\/institutjoanbrudieu.cat\/public\/web_centre\/html\/documents\/departaments\/catala\/2021_S3_S4_Llibres.pdf\" target=\"_blank\" rel=\"noopener noreferrer\">Llibres de lectura S3 &#8211; S4 <\/a>(llistat actualitzat a agost 2020)<\/li>\n<\/ul>\n<\/li>\n<\/ul>\n\n\n\n<p><\/p>\n<\/div><\/div>\n<\/div>\n\n\n\n<p><\/p>\n","protected":false},"excerpt":{"rendered":"<p>L&#8217;educaci\u00f3 secund\u00e0ria obligat\u00f2ria (ESO) \u00e9s gratu\u00efta. Compr\u00e8n quatre cursos acad\u00e8mics. Generalment s&#8217;inicia l&#8217;any natural en qu\u00e8 es compleixen 12 anys i s&#8217;acaba als 16, tot i que els alumnes tenen dret a romandre en el centre amb r\u00e8gim ordinari fins als 18.&nbsp;<\/p>\n","protected":false},"author":1,"featured_media":0,"parent":195,"menu_order":3,"comment_status":"closed","ping_status":"closed","template":"","meta":{"_bbp_topic_count":0,"_bbp_reply_count":0,"_bbp_total_topic_count":0,"_bbp_total_reply_count":0,"_bbp_voice_count":0,"_bbp_anonymous_reply_count":0,"_bbp_topic_count_hidden":0,"_bbp_reply_count_hidden":0,"_bbp_forum_subforum_count":0,"site-sidebar-layout":"default","site-content-layout":"","ast-site-content-layout":"default","site-content-style":"default","site-sidebar-style":"default","ast-global-header-display":"","ast-banner-title-visibility":"","ast-main-header-display":"","ast-hfb-above-header-display":"","ast-hfb-below-header-display":"","ast-hfb-mobile-header-display":"","site-post-title":"","ast-breadcrumbs-content":"","ast-featured-img":"","footer-sml-layout":"","theme-transparent-header-meta":"","adv-header-id-meta":"","stick-header-meta":"","header-above-stick-meta":"","header-main-stick-meta":"","header-below-stick-meta":"","astra-migrate-meta-layouts":"set","ast-page-background-enabled":"default","ast-page-background-meta":{"desktop":{"background-color":"var(--ast-global-color-4)","background-image":"","background-repeat":"repeat","background-position":"center center","background-size":"auto","background-attachment":"scroll","background-type":"","background-media":"","overlay-type":"","overlay-color":"","overlay-opacity":"","overlay-gradient":""},"tablet":{"background-color":"","background-image":"","background-repeat":"repeat","background-position":"center center","background-size":"auto","background-attachment":"scroll","background-type":"","background-media":"","overlay-type":"","overlay-color":"","overlay-opacity":"","overlay-gradient":""},"mobile":{"background-color":"","background-image":"","background-repeat":"repeat","background-position":"center center","background-size":"auto","background-attachment":"scroll","background-type":"","background-media":"","overlay-type":"","overlay-color":"","overlay-opacity":"","overlay-gradient":""}},"ast-content-background-meta":{"desktop":{"background-color":"var(--ast-global-color-5)","background-image":"","background-repeat":"repeat","background-position":"center center","background-size":"auto","background-attachment":"scroll","background-type":"","background-media":"","overlay-type":"","overlay-color":"","overlay-opacity":"","overlay-gradient":""},"tablet":{"background-color":"var(--ast-global-color-5)","background-image":"","background-repeat":"repeat","background-position":"center center","background-size":"auto","background-attachment":"scroll","background-type":"","background-media":"","overlay-type":"","overlay-color":"","overlay-opacity":"","overlay-gradient":""},"mobile":{"background-color":"var(--ast-global-color-5)","background-image":"","background-repeat":"repeat","background-position":"center center","background-size":"auto","background-attachment":"scroll","background-type":"","background-media":"","overlay-type":"","overlay-color":"","overlay-opacity":"","overlay-gradient":""}},"footnotes":""},"class_list":["post-1459","page","type-page","status-publish","hentry"],"post_mailing_queue_ids":[],"_links":{"self":[{"href":"https:\/\/agora.xtec.cat\/iesjoanbrudieu\/wp-json\/wp\/v2\/pages\/1459","targetHints":{"allow":["GET"]}}],"collection":[{"href":"https:\/\/agora.xtec.cat\/iesjoanbrudieu\/wp-json\/wp\/v2\/pages"}],"about":[{"href":"https:\/\/agora.xtec.cat\/iesjoanbrudieu\/wp-json\/wp\/v2\/types\/page"}],"author":[{"embeddable":true,"href":"https:\/\/agora.xtec.cat\/iesjoanbrudieu\/wp-json\/wp\/v2\/users\/1"}],"replies":[{"embeddable":true,"href":"https:\/\/agora.xtec.cat\/iesjoanbrudieu\/wp-json\/wp\/v2\/comments?post=1459"}],"version-history":[{"count":6,"href":"https:\/\/agora.xtec.cat\/iesjoanbrudieu\/wp-json\/wp\/v2\/pages\/1459\/revisions"}],"predecessor-version":[{"id":11168,"href":"https:\/\/agora.xtec.cat\/iesjoanbrudieu\/wp-json\/wp\/v2\/pages\/1459\/revisions\/11168"}],"up":[{"embeddable":true,"href":"https:\/\/agora.xtec.cat\/iesjoanbrudieu\/wp-json\/wp\/v2\/pages\/195"}],"wp:attachment":[{"href":"https:\/\/agora.xtec.cat\/iesjoanbrudieu\/wp-json\/wp\/v2\/media?parent=1459"}],"curies":[{"name":"wp","href":"https:\/\/api.w.org\/{rel}","templated":true}]}}