{"id":77,"date":"2016-09-18T10:29:25","date_gmt":"2016-09-18T08:29:25","guid":{"rendered":"http:\/\/agora.xtec.cat\/iesjoanamigo\/?page_id=77"},"modified":"2024-09-18T15:13:45","modified_gmt":"2024-09-18T13:13:45","slug":"transport-escolar","status":"publish","type":"page","link":"https:\/\/agora.xtec.cat\/iesjoanamigo\/serveis\/transport-escolar\/","title":{"rendered":"Transport escolar"},"content":{"rendered":"<p>Per les caracter\u00edstiques de la comarca, cada dia un gran nombre d&#8217;estudiants es veuen obligats a despla\u00e7ar-se per poder seguir els seus estudis als centres ubicats a les poblacions m\u00e9s grans de la Conca de Barber\u00e0.<\/p>\n<p>El Consell Comarcal gestiona les l\u00ednies que desplacen aquests estudiants.<\/p>\n<p>Val a dir que, a fi de maximitzar els mitjans, algunes d&#8217;aquestes l\u00ednies, s\u00f3n emprades tamb\u00e9 com a l\u00ednies de transport regular de viatgers, a fi de poder aprofitar les places que no s\u00f3n ocupades pels estudiants. A banda, el Consell Comarcal concedeix ajuts als estudiants que han de despla\u00e7ar-se per poder assistir a classe i no disposen de transport escolar obligatori.<\/p>\n<p>Les rutes que es realitzen a l&#8217;institut s\u00f3n les seg\u00fcents:<\/p>\n<ul>\n<li><strong>Ruta 1<\/strong>. Vilanova de Prades &#8211; Vallclara &#8211; Poblet &#8211; INS Joan Amig\u00f3<\/li>\n<li><strong>Ruta 2<\/strong>. Vimbod\u00ed &#8211; INS Joan Amig\u00f3<\/li>\n<\/ul>\n<p>Els horaris s\u00f3n els seg\u00fcents:<\/p>\n<ul>\n<li><strong>Arribada<\/strong>. 8.25h<\/li>\n<li><strong>Sortida<\/strong>. 15.00h<\/li>\n<\/ul>\n<p>A la web del\u00a0<a href=\"http:\/\/www.concadebarbera.cat\/transport-escolar\">transport escolar del Consell Comarcal<\/a> trobareu m\u00e9s informaci\u00f3.<\/p>\n","protected":false},"excerpt":{"rendered":"<p>Per les caracter\u00edstiques de la comarca, cada dia un gran nombre d&#8217;estudiants es veuen obligats a despla\u00e7ar-se per poder seguir els seus estudis als centres ubicats a les poblacions m\u00e9s grans de la Conca de Barber\u00e0. El Consell Comarcal gestiona les l\u00ednies que desplacen aquests estudiants. Val a dir que, a fi de maximitzar els [&hellip;]<\/p>\n","protected":false},"author":1,"featured_media":0,"parent":63,"menu_order":30,"comment_status":"closed","ping_status":"closed","template":"page-templates\/side-menu.php","meta":{"_bbp_topic_count":0,"_bbp_reply_count":0,"_bbp_total_topic_count":0,"_bbp_total_reply_count":0,"_bbp_voice_count":0,"_bbp_anonymous_reply_count":0,"_bbp_topic_count_hidden":0,"_bbp_reply_count_hidden":0,"_bbp_forum_subforum_count":0,"site-sidebar-layout":"default","site-content-layout":"","ast-site-content-layout":"","site-content-style":"default","site-sidebar-style":"default","ast-global-header-display":"","ast-banner-title-visibility":"","ast-main-header-display":"","ast-hfb-above-header-display":"","ast-hfb-below-header-display":"","ast-hfb-mobile-header-display":"","site-post-title":"","ast-breadcrumbs-content":"","ast-featured-img":"","footer-sml-layout":"","theme-transparent-header-meta":"","adv-header-id-meta":"","stick-header-meta":"","header-above-stick-meta":"","header-main-stick-meta":"","header-below-stick-meta":"","astra-migrate-meta-layouts":"default","ast-page-background-enabled":"default","ast-page-background-meta":{"desktop":{"background-color":"var(--ast-global-color-4)","background-image":"","background-repeat":"repeat","background-position":"center center","background-size":"auto","background-attachment":"scroll","background-type":"","background-media":"","overlay-type":"","overlay-color":"","overlay-opacity":"","overlay-gradient":""},"tablet":{"background-color":"","background-image":"","background-repeat":"repeat","background-position":"center center","background-size":"auto","background-attachment":"scroll","background-type":"","background-media":"","overlay-type":"","overlay-color":"","overlay-opacity":"","overlay-gradient":""},"mobile":{"background-color":"","background-image":"","background-repeat":"repeat","background-position":"center center","background-size":"auto","background-attachment":"scroll","background-type":"","background-media":"","overlay-type":"","overlay-color":"","overlay-opacity":"","overlay-gradient":""}},"ast-content-background-meta":{"desktop":{"background-color":"var(--ast-global-color-5)","background-image":"","background-repeat":"repeat","background-position":"center center","background-size":"auto","background-attachment":"scroll","background-type":"","background-media":"","overlay-type":"","overlay-color":"","overlay-opacity":"","overlay-gradient":""},"tablet":{"background-color":"var(--ast-global-color-5)","background-image":"","background-repeat":"repeat","background-position":"center center","background-size":"auto","background-attachment":"scroll","background-type":"","background-media":"","overlay-type":"","overlay-color":"","overlay-opacity":"","overlay-gradient":""},"mobile":{"background-color":"var(--ast-global-color-5)","background-image":"","background-repeat":"repeat","background-position":"center center","background-size":"auto","background-attachment":"scroll","background-type":"","background-media":"","overlay-type":"","overlay-color":"","overlay-opacity":"","overlay-gradient":""}},"footnotes":""},"class_list":["post-77","page","type-page","status-publish","hentry"],"post_mailing_queue_ids":[],"_links":{"self":[{"href":"https:\/\/agora.xtec.cat\/iesjoanamigo\/wp-json\/wp\/v2\/pages\/77","targetHints":{"allow":["GET"]}}],"collection":[{"href":"https:\/\/agora.xtec.cat\/iesjoanamigo\/wp-json\/wp\/v2\/pages"}],"about":[{"href":"https:\/\/agora.xtec.cat\/iesjoanamigo\/wp-json\/wp\/v2\/types\/page"}],"author":[{"embeddable":true,"href":"https:\/\/agora.xtec.cat\/iesjoanamigo\/wp-json\/wp\/v2\/users\/1"}],"replies":[{"embeddable":true,"href":"https:\/\/agora.xtec.cat\/iesjoanamigo\/wp-json\/wp\/v2\/comments?post=77"}],"version-history":[{"count":4,"href":"https:\/\/agora.xtec.cat\/iesjoanamigo\/wp-json\/wp\/v2\/pages\/77\/revisions"}],"predecessor-version":[{"id":6298,"href":"https:\/\/agora.xtec.cat\/iesjoanamigo\/wp-json\/wp\/v2\/pages\/77\/revisions\/6298"}],"up":[{"embeddable":true,"href":"https:\/\/agora.xtec.cat\/iesjoanamigo\/wp-json\/wp\/v2\/pages\/63"}],"wp:attachment":[{"href":"https:\/\/agora.xtec.cat\/iesjoanamigo\/wp-json\/wp\/v2\/media?parent=77"}],"curies":[{"name":"wp","href":"https:\/\/api.w.org\/{rel}","templated":true}]}}

<p>Per les característiques de la comarca, cada dia un gran nombre d&#8217;estudiants es veuen obligats a desplaçar-se per poder seguir els seus estudis als centres ubicats a les poblacions més grans de la Conca de Barberà.</p>
<p>El Consell Comarcal gestiona les línies que desplacen aquests estudiants.</p>
<p>Val a dir que, a fi de maximitzar els mitjans, algunes d&#8217;aquestes línies, són emprades també com a línies de transport regular de viatgers, a fi de poder aprofitar les places que no són ocupades pels estudiants. A banda, el Consell Comarcal concedeix ajuts als estudiants que han de desplaçar-se per poder assistir a classe i no disposen de transport escolar obligatori.</p>
<p>Les rutes que es realitzen a l&#8217;institut són les següents:</p>
<ul>
<li><strong>Ruta 1</strong>. Vilanova de Prades &#8211; Vallclara &#8211; Poblet &#8211; INS Joan Amigó</li>
<li><strong>Ruta 2</strong>. Vimbodí &#8211; INS Joan Amigó</li>
</ul>
<p>Els horaris són els següents:</p>
<ul>
<li><strong>Arribada</strong>. 8.25h</li>
<li><strong>Sortida</strong>. 15.00h</li>
</ul>
<p>A la web del <a href="http://www.concadebarbera.cat/transport-escolar">transport escolar del Consell Comarcal</a> trobareu més informació.</p>

<p>Per les característiques de la comarca, cada dia un gran nombre d&#8217;estudiants es veuen obligats a desplaçar-se per poder seguir els seus estudis als centres ubicats a les poblacions més grans de la Conca de Barberà. El Consell Comarcal gestiona les línies que desplacen aquests estudiants. Val a dir que, a fi de maximitzar els [&hellip;]</p>
