{"id":681,"date":"2016-11-19T18:46:53","date_gmt":"2016-11-19T17:46:53","guid":{"rendered":"http:\/\/agora.xtec.cat\/iesjoanamigo\/?page_id=681"},"modified":"2016-12-15T11:14:21","modified_gmt":"2016-12-15T10:14:21","slug":"requisits-dacces","status":"publish","type":"page","link":"https:\/\/agora.xtec.cat\/iesjoanamigo\/oferta-formativa\/cfgm-sistemes-microinformatics-i-xarxes\/requisits-dacces\/","title":{"rendered":"Requisits d&#8217;acc\u00e9s"},"content":{"rendered":"<p>Per poder accedir a un cicle formatiu de grau mitj\u00e0 cal haver superat la prova d&#8217;acc\u00e9s o tenir un dels t\u00edtols seg\u00fcents:<\/p>\n<ul>\n<li>T\u00edtol de graduat\/da en educaci\u00f3 secund\u00e0ria obligat\u00f2ria (ESO).<\/li>\n<li>T\u00edtol de t\u00e8cnic\/a d&#8217;un cicle formatiu de grau mitj\u00e0.<\/li>\n<li>T\u00edtol de batxillerat unificat polivalent (BUP).<\/li>\n<li>Un t\u00edtol oficial superior a qualsevol dels anteriors.<\/li>\n<\/ul>\n<p>S\u00f3n equivalents al t\u00edtol de graduat\/da en ESO:<\/p>\n<ul>\n<li>T\u00edtol de t\u00e8cnic\/a auxiliar (FP1 d&#8217;abans) de qualsevol especialitat.<\/li>\n<li>T\u00edtol de batxillerat superior, t\u00e8cnic o laboral del pla d&#8217;estudis del 1953 o del 1957.<\/li>\n<li>Primer i segon curs de BUP (sempre que no es tinguin m\u00e9s de dues mat\u00e8ries pendents entre els dos cursos).<\/li>\n<li>T\u00edtol d&#8217;oficial industrial (obtingut abans del 1975).<\/li>\n<\/ul>\n<p>No permeten l&#8217;acc\u00e9s als cicles formatius de grau mitj\u00e0:<\/p>\n<ul>\n<li>El graduat escolar de l&#8217;antiga EGB (pla d&#8217;estudis del 1970).<\/li>\n<li>El t\u00edtol de batxillerat elemental (pla d&#8217;estudis del 1953 o del 1957).<\/li>\n<li>Prova d&#8217;acc\u00e9s a la universitat per a majors de 45 anys.<\/li>\n<\/ul>\n","protected":false},"excerpt":{"rendered":"<p>Per poder accedir a un cicle formatiu de grau mitj\u00e0 cal haver superat la prova d&#8217;acc\u00e9s o tenir un dels t\u00edtols seg\u00fcents: T\u00edtol de graduat\/da en educaci\u00f3 secund\u00e0ria obligat\u00f2ria (ESO). T\u00edtol de t\u00e8cnic\/a d&#8217;un cicle formatiu de grau mitj\u00e0. T\u00edtol de batxillerat unificat polivalent (BUP). Un t\u00edtol oficial superior a qualsevol dels anteriors. S\u00f3n equivalents [&hellip;]<\/p>\n","protected":false},"author":1,"featured_media":0,"parent":586,"menu_order":0,"comment_status":"closed","ping_status":"closed","template":"page-templates\/side-menu.php","meta":{"_bbp_topic_count":0,"_bbp_reply_count":0,"_bbp_total_topic_count":0,"_bbp_total_reply_count":0,"_bbp_voice_count":0,"_bbp_anonymous_reply_count":0,"_bbp_topic_count_hidden":0,"_bbp_reply_count_hidden":0,"_bbp_forum_subforum_count":0,"site-sidebar-layout":"default","site-content-layout":"","ast-site-content-layout":"","site-content-style":"default","site-sidebar-style":"default","ast-global-header-display":"","ast-banner-title-visibility":"","ast-main-header-display":"","ast-hfb-above-header-display":"","ast-hfb-below-header-display":"","ast-hfb-mobile-header-display":"","site-post-title":"","ast-breadcrumbs-content":"","ast-featured-img":"","footer-sml-layout":"","theme-transparent-header-meta":"","adv-header-id-meta":"","stick-header-meta":"","header-above-stick-meta":"","header-main-stick-meta":"","header-below-stick-meta":"","astra-migrate-meta-layouts":"default","ast-page-background-enabled":"default","ast-page-background-meta":{"desktop":{"background-color":"var(--ast-global-color-4)","background-image":"","background-repeat":"repeat","background-position":"center center","background-size":"auto","background-attachment":"scroll","background-type":"","background-media":"","overlay-type":"","overlay-color":"","overlay-opacity":"","overlay-gradient":""},"tablet":{"background-color":"","background-image":"","background-repeat":"repeat","background-position":"center center","background-size":"auto","background-attachment":"scroll","background-type":"","background-media":"","overlay-type":"","overlay-color":"","overlay-opacity":"","overlay-gradient":""},"mobile":{"background-color":"","background-image":"","background-repeat":"repeat","background-position":"center center","background-size":"auto","background-attachment":"scroll","background-type":"","background-media":"","overlay-type":"","overlay-color":"","overlay-opacity":"","overlay-gradient":""}},"ast-content-background-meta":{"desktop":{"background-color":"var(--ast-global-color-5)","background-image":"","background-repeat":"repeat","background-position":"center center","background-size":"auto","background-attachment":"scroll","background-type":"","background-media":"","overlay-type":"","overlay-color":"","overlay-opacity":"","overlay-gradient":""},"tablet":{"background-color":"var(--ast-global-color-5)","background-image":"","background-repeat":"repeat","background-position":"center center","background-size":"auto","background-attachment":"scroll","background-type":"","background-media":"","overlay-type":"","overlay-color":"","overlay-opacity":"","overlay-gradient":""},"mobile":{"background-color":"var(--ast-global-color-5)","background-image":"","background-repeat":"repeat","background-position":"center center","background-size":"auto","background-attachment":"scroll","background-type":"","background-media":"","overlay-type":"","overlay-color":"","overlay-opacity":"","overlay-gradient":""}},"footnotes":""},"class_list":["post-681","page","type-page","status-publish","hentry"],"post_mailing_queue_ids":[],"_links":{"self":[{"href":"https:\/\/agora.xtec.cat\/iesjoanamigo\/wp-json\/wp\/v2\/pages\/681","targetHints":{"allow":["GET"]}}],"collection":[{"href":"https:\/\/agora.xtec.cat\/iesjoanamigo\/wp-json\/wp\/v2\/pages"}],"about":[{"href":"https:\/\/agora.xtec.cat\/iesjoanamigo\/wp-json\/wp\/v2\/types\/page"}],"author":[{"embeddable":true,"href":"https:\/\/agora.xtec.cat\/iesjoanamigo\/wp-json\/wp\/v2\/users\/1"}],"replies":[{"embeddable":true,"href":"https:\/\/agora.xtec.cat\/iesjoanamigo\/wp-json\/wp\/v2\/comments?post=681"}],"version-history":[{"count":2,"href":"https:\/\/agora.xtec.cat\/iesjoanamigo\/wp-json\/wp\/v2\/pages\/681\/revisions"}],"predecessor-version":[{"id":835,"href":"https:\/\/agora.xtec.cat\/iesjoanamigo\/wp-json\/wp\/v2\/pages\/681\/revisions\/835"}],"up":[{"embeddable":true,"href":"https:\/\/agora.xtec.cat\/iesjoanamigo\/wp-json\/wp\/v2\/pages\/586"}],"wp:attachment":[{"href":"https:\/\/agora.xtec.cat\/iesjoanamigo\/wp-json\/wp\/v2\/media?parent=681"}],"curies":[{"name":"wp","href":"https:\/\/api.w.org\/{rel}","templated":true}]}}