{"id":637,"date":"2016-11-08T09:13:47","date_gmt":"2016-11-08T08:13:47","guid":{"rendered":"http:\/\/agora.xtec.cat\/iesjoanamigo\/?page_id=637"},"modified":"2016-11-08T20:23:33","modified_gmt":"2016-11-08T19:23:33","slug":"projecte-curricular-3r-deso","status":"publish","type":"page","link":"https:\/\/agora.xtec.cat\/iesjoanamigo\/oferta-formativa\/projecte-curricular\/projecte-curricular-3r-deso\/","title":{"rendered":"Projecte Curricular 3r d\u2019ESO"},"content":{"rendered":"<table>\n<tbody>\n<tr>\n<td style=\"text-align: center;\" colspan=\"2\"><strong>CURR\u00cdCULUM DE 3r d\u2019ESO<\/strong><\/td>\n<\/tr>\n<tr>\n<td><strong>MAT\u00c8RIA<\/strong><\/td>\n<td><strong>HORES<\/strong><\/td>\n<\/tr>\n<tr>\n<td>Llengua catalana i literatura<\/td>\n<td style=\"text-align: center;\">3<\/td>\n<\/tr>\n<tr>\n<td>Llengua castellana i literatura<\/td>\n<td style=\"text-align: center;\">3<\/td>\n<\/tr>\n<tr>\n<td>Llengua estrangera<\/td>\n<td style=\"text-align: center;\">3<\/td>\n<\/tr>\n<tr>\n<td>Ci\u00e8ncies socials: geografia i hist\u00f2ria<\/td>\n<td style=\"text-align: center;\">3<\/td>\n<\/tr>\n<tr>\n<td>Ci\u00e8ncies de la naturalesa: biologia i geologia<\/td>\n<td style=\"text-align: center;\">3<\/td>\n<\/tr>\n<tr>\n<td>Matem\u00e0tiques<\/td>\n<td style=\"text-align: center;\">3<\/td>\n<\/tr>\n<tr>\n<td>Educaci\u00f3 f\u00edsica<\/td>\n<td style=\"text-align: center;\">2<\/td>\n<\/tr>\n<tr>\n<td>M\u00fasica<\/td>\n<td style=\"text-align: center;\">2<\/td>\n<\/tr>\n<tr>\n<td>Educaci\u00f3 visual i pl\u00e0stica<\/td>\n<td style=\"text-align: center;\">2<\/td>\n<\/tr>\n<tr>\n<td>Tecnologia<\/td>\n<td style=\"text-align: center;\">2<\/td>\n<\/tr>\n<tr>\n<td>Religi\u00f3 o cultura i valors \u00e8tics<\/td>\n<td style=\"text-align: center;\">1<\/td>\n<\/tr>\n<tr>\n<td>Tutoria<\/td>\n<td style=\"text-align: center;\">1<\/td>\n<\/tr>\n<tr>\n<td>Mat\u00e8ries optatives<\/td>\n<td style=\"text-align: center;\">2<\/td>\n<\/tr>\n<tr>\n<td>Total<\/td>\n<td style=\"text-align: center;\">30<\/td>\n<\/tr>\n<\/tbody>\n<\/table>\n<p>&nbsp;<\/p>\n<table>\n<tbody>\n<tr>\n<td><strong>ORGANITZACI\u00d3 CURRICULAR<\/strong><\/td>\n<td><strong>DESCRIPCI\u00d3<\/strong><\/td>\n<\/tr>\n<tr>\n<td><b>AGRUPAMENTS FLEXIBLES<\/b><\/td>\n<td>A les mat\u00e8ries de catal\u00e0, castell\u00e0 i angl\u00e8s. Dels tres grups de primer fem quatre grups en aquestes mat\u00e8ries (T1, T2, T3 i T4), distribu\u00efts per nivell acad\u00e8mic. Els grups T1 i T2 s\u00f3n grups equivalents en quant a nivell acad\u00e8mic.<\/td>\n<\/tr>\n<tr>\n<td><b>DESDOBLAMENTS<\/b><\/td>\n<td>A les mat\u00e8ries de tecnologia i ci\u00e8ncies naturals es divideix el grup en dos una hora a la setmana.<\/td>\n<\/tr>\n<tr>\n<td><b>OPTATIVES<\/b><\/td>\n<td>Durant aquestes dues hores, els alumnes poden triar entre:<\/p>\n<ol>\n<li>Alemany com a segona llengua estrangera: s\u2019ofereix des de 1r d\u2019ESO fins a 2n de batxillerat com a mat\u00e8ria optativa.<\/li>\n<li>Treball per projectes interdisciplinars, amb l\u2019objectiu d\u2019ampliar els coneixements i de refor\u00e7ar les compet\u00e8ncies b\u00e0siques.<\/li>\n<\/ol>\n<\/td>\n<\/tr>\n<tr>\n<td><strong>CULTURA I VALORS \u00c8TICS<br \/>\n<\/strong><\/td>\n<td>Oferim les mat\u00e8ries d\u2019Educaci\u00f3 Emocional, Fem institut i Escacs. Tots els alumnes fan les tres mat\u00e8ries organitzades de forma trimestral.<\/td>\n<\/tr>\n<\/tbody>\n<\/table>\n","protected":false},"excerpt":{"rendered":"<p>CURR\u00cdCULUM DE 3r d\u2019ESO MAT\u00c8RIA HORES Llengua catalana i literatura 3 Llengua castellana i literatura 3 Llengua estrangera 3 Ci\u00e8ncies socials: geografia i hist\u00f2ria 3 Ci\u00e8ncies de la naturalesa: biologia i geologia 3 Matem\u00e0tiques 3 Educaci\u00f3 f\u00edsica 2 M\u00fasica 2 Educaci\u00f3 visual i pl\u00e0stica 2 Tecnologia 2 Religi\u00f3 o cultura i valors \u00e8tics 1 Tutoria [&hellip;]<\/p>\n","protected":false},"author":1,"featured_media":0,"parent":642,"menu_order":10,"comment_status":"closed","ping_status":"closed","template":"page-templates\/side-menu.php","meta":{"_bbp_topic_count":0,"_bbp_reply_count":0,"_bbp_total_topic_count":0,"_bbp_total_reply_count":0,"_bbp_voice_count":0,"_bbp_anonymous_reply_count":0,"_bbp_topic_count_hidden":0,"_bbp_reply_count_hidden":0,"_bbp_forum_subforum_count":0,"site-sidebar-layout":"default","site-content-layout":"","ast-site-content-layout":"","site-content-style":"default","site-sidebar-style":"default","ast-global-header-display":"","ast-banner-title-visibility":"","ast-main-header-display":"","ast-hfb-above-header-display":"","ast-hfb-below-header-display":"","ast-hfb-mobile-header-display":"","site-post-title":"","ast-breadcrumbs-content":"","ast-featured-img":"","footer-sml-layout":"","theme-transparent-header-meta":"","adv-header-id-meta":"","stick-header-meta":"","header-above-stick-meta":"","header-main-stick-meta":"","header-below-stick-meta":"","astra-migrate-meta-layouts":"default","ast-page-background-enabled":"default","ast-page-background-meta":{"desktop":{"background-color":"var(--ast-global-color-4)","background-image":"","background-repeat":"repeat","background-position":"center center","background-size":"auto","background-attachment":"scroll","background-type":"","background-media":"","overlay-type":"","overlay-color":"","overlay-opacity":"","overlay-gradient":""},"tablet":{"background-color":"","background-image":"","background-repeat":"repeat","background-position":"center center","background-size":"auto","background-attachment":"scroll","background-type":"","background-media":"","overlay-type":"","overlay-color":"","overlay-opacity":"","overlay-gradient":""},"mobile":{"background-color":"","background-image":"","background-repeat":"repeat","background-position":"center center","background-size":"auto","background-attachment":"scroll","background-type":"","background-media":"","overlay-type":"","overlay-color":"","overlay-opacity":"","overlay-gradient":""}},"ast-content-background-meta":{"desktop":{"background-color":"var(--ast-global-color-5)","background-image":"","background-repeat":"repeat","background-position":"center center","background-size":"auto","background-attachment":"scroll","background-type":"","background-media":"","overlay-type":"","overlay-color":"","overlay-opacity":"","overlay-gradient":""},"tablet":{"background-color":"var(--ast-global-color-5)","background-image":"","background-repeat":"repeat","background-position":"center center","background-size":"auto","background-attachment":"scroll","background-type":"","background-media":"","overlay-type":"","overlay-color":"","overlay-opacity":"","overlay-gradient":""},"mobile":{"background-color":"var(--ast-global-color-5)","background-image":"","background-repeat":"repeat","background-position":"center center","background-size":"auto","background-attachment":"scroll","background-type":"","background-media":"","overlay-type":"","overlay-color":"","overlay-opacity":"","overlay-gradient":""}},"footnotes":""},"class_list":["post-637","page","type-page","status-publish","hentry"],"post_mailing_queue_ids":[],"_links":{"self":[{"href":"https:\/\/agora.xtec.cat\/iesjoanamigo\/wp-json\/wp\/v2\/pages\/637","targetHints":{"allow":["GET"]}}],"collection":[{"href":"https:\/\/agora.xtec.cat\/iesjoanamigo\/wp-json\/wp\/v2\/pages"}],"about":[{"href":"https:\/\/agora.xtec.cat\/iesjoanamigo\/wp-json\/wp\/v2\/types\/page"}],"author":[{"embeddable":true,"href":"https:\/\/agora.xtec.cat\/iesjoanamigo\/wp-json\/wp\/v2\/users\/1"}],"replies":[{"embeddable":true,"href":"https:\/\/agora.xtec.cat\/iesjoanamigo\/wp-json\/wp\/v2\/comments?post=637"}],"version-history":[{"count":1,"href":"https:\/\/agora.xtec.cat\/iesjoanamigo\/wp-json\/wp\/v2\/pages\/637\/revisions"}],"predecessor-version":[{"id":640,"href":"https:\/\/agora.xtec.cat\/iesjoanamigo\/wp-json\/wp\/v2\/pages\/637\/revisions\/640"}],"up":[{"embeddable":true,"href":"https:\/\/agora.xtec.cat\/iesjoanamigo\/wp-json\/wp\/v2\/pages\/642"}],"wp:attachment":[{"href":"https:\/\/agora.xtec.cat\/iesjoanamigo\/wp-json\/wp\/v2\/media?parent=637"}],"curies":[{"name":"wp","href":"https:\/\/api.w.org\/{rel}","templated":true}]}}