{"id":627,"date":"2016-11-06T19:10:09","date_gmt":"2016-11-06T18:10:09","guid":{"rendered":"http:\/\/agora.xtec.cat\/iesjoanamigo\/?page_id=627"},"modified":"2016-11-19T18:58:05","modified_gmt":"2016-11-19T17:58:05","slug":"practiques-a-empreses-fct","status":"publish","type":"page","link":"https:\/\/agora.xtec.cat\/iesjoanamigo\/oferta-formativa\/cfgm-sistemes-microinformatics-i-xarxes\/practiques-a-empreses-fct\/","title":{"rendered":"Pr\u00e0ctiques a empreses (FCT)"},"content":{"rendered":"<h5>Qu\u00e8 \u00e9s la FPCT<\/h5>\n<p>S\u00f3n pr\u00e0ctiques i estades formatives no laborals que realitza l&#8217;alumnat d&#8217;ensenyaments postobligatoris en centres de treball, mitjan\u00e7ant un conveni de col\u00b7laboraci\u00f3 que subscriuen el centre docent i l&#8217;empresa.<\/p>\n<p>La formaci\u00f3 pr\u00e0ctica en centres de treball tamb\u00e9 es pot dur a terme en empreses de fora del territori catal\u00e0.<\/p>\n<p>Aquestes pr\u00e0ctiques formen part del programa formatiu curricular d&#8217;aquests ensenyaments.<\/p>\n<h5>Qu\u00e8 suposen per a l&#8217;alumne<\/h5>\n<ul>\n<li>El coneixement del m\u00f3n laboral i de l&#8217;empresa.<\/li>\n<li>La possibilitat d&#8217;estar en contacte amb la tecnologia m\u00e9s avan\u00e7ada.<\/li>\n<li>Completar la seva formaci\u00f3 professional, per tal de capacitar-se per a la seva incorporaci\u00f3 al treball.<\/li>\n<li>L&#8217;obtenci\u00f3 d&#8217;una formaci\u00f3 adaptada a llocs de treball espec\u00edfics.<\/li>\n<li>L&#8217;apropament a la cultura d&#8217;empresa.<\/li>\n<li>L&#8217;experi\u00e8ncia en el m\u00f3n del treball com a pas per a la primera ocupaci\u00f3.<\/li>\n<li>L&#8217;inici del seu historial professional acreditat amb el quadern de pr\u00e0ctiques.<\/li>\n<li>La superaci\u00f3 del cr\u00e8dit de Formaci\u00f3 en centres de treball per als alumnes de cicles formatius.<\/li>\n<\/ul>\n<h5>Quins alumnes poden fer les pr\u00e0ctiques<\/h5>\n<p>Tots els que estiguin matriculats i cursin cicles formatius de grau mitj\u00e0 o superior. Les poden fer a partir del tercer trimestre del primer curs o durant el segon curs.<\/p>\n<h5>Qu\u00e8 ofereixen a l&#8217;empresa<\/h5>\n<ul>\n<li>La captaci\u00f3 de futurs inform\u00e0tics.<\/li>\n<li>Col\u00b7laborar en la formaci\u00f3 dels joves aprenents.<\/li>\n<li>Oferir l\u2019acc\u00e9s dels joves a la seva primera ocupaci\u00f3.<\/li>\n<li>Relacionar-se amb els centres educatius.<\/li>\n<li>No implica serveis retribu\u00efts ni vinculaci\u00f3 laboral.<\/li>\n<\/ul>\n<h5><\/h5>\n","protected":false},"excerpt":{"rendered":"<p>Qu\u00e8 \u00e9s la FPCT S\u00f3n pr\u00e0ctiques i estades formatives no laborals que realitza l&#8217;alumnat d&#8217;ensenyaments postobligatoris en centres de treball, mitjan\u00e7ant un conveni de col\u00b7laboraci\u00f3 que subscriuen el centre docent i l&#8217;empresa. La formaci\u00f3 pr\u00e0ctica en centres de treball tamb\u00e9 es pot dur a terme en empreses de fora del territori catal\u00e0. Aquestes pr\u00e0ctiques formen [&hellip;]<\/p>\n","protected":false},"author":1,"featured_media":0,"parent":586,"menu_order":10,"comment_status":"closed","ping_status":"closed","template":"page-templates\/side-menu.php","meta":{"_bbp_topic_count":0,"_bbp_reply_count":0,"_bbp_total_topic_count":0,"_bbp_total_reply_count":0,"_bbp_voice_count":0,"_bbp_anonymous_reply_count":0,"_bbp_topic_count_hidden":0,"_bbp_reply_count_hidden":0,"_bbp_forum_subforum_count":0,"site-sidebar-layout":"default","site-content-layout":"","ast-site-content-layout":"","site-content-style":"default","site-sidebar-style":"default","ast-global-header-display":"","ast-banner-title-visibility":"","ast-main-header-display":"","ast-hfb-above-header-display":"","ast-hfb-below-header-display":"","ast-hfb-mobile-header-display":"","site-post-title":"","ast-breadcrumbs-content":"","ast-featured-img":"","footer-sml-layout":"","theme-transparent-header-meta":"","adv-header-id-meta":"","stick-header-meta":"","header-above-stick-meta":"","header-main-stick-meta":"","header-below-stick-meta":"","astra-migrate-meta-layouts":"default","ast-page-background-enabled":"default","ast-page-background-meta":{"desktop":{"background-color":"var(--ast-global-color-4)","background-image":"","background-repeat":"repeat","background-position":"center center","background-size":"auto","background-attachment":"scroll","background-type":"","background-media":"","overlay-type":"","overlay-color":"","overlay-opacity":"","overlay-gradient":""},"tablet":{"background-color":"","background-image":"","background-repeat":"repeat","background-position":"center center","background-size":"auto","background-attachment":"scroll","background-type":"","background-media":"","overlay-type":"","overlay-color":"","overlay-opacity":"","overlay-gradient":""},"mobile":{"background-color":"","background-image":"","background-repeat":"repeat","background-position":"center center","background-size":"auto","background-attachment":"scroll","background-type":"","background-media":"","overlay-type":"","overlay-color":"","overlay-opacity":"","overlay-gradient":""}},"ast-content-background-meta":{"desktop":{"background-color":"var(--ast-global-color-5)","background-image":"","background-repeat":"repeat","background-position":"center center","background-size":"auto","background-attachment":"scroll","background-type":"","background-media":"","overlay-type":"","overlay-color":"","overlay-opacity":"","overlay-gradient":""},"tablet":{"background-color":"var(--ast-global-color-5)","background-image":"","background-repeat":"repeat","background-position":"center center","background-size":"auto","background-attachment":"scroll","background-type":"","background-media":"","overlay-type":"","overlay-color":"","overlay-opacity":"","overlay-gradient":""},"mobile":{"background-color":"var(--ast-global-color-5)","background-image":"","background-repeat":"repeat","background-position":"center center","background-size":"auto","background-attachment":"scroll","background-type":"","background-media":"","overlay-type":"","overlay-color":"","overlay-opacity":"","overlay-gradient":""}},"footnotes":""},"class_list":["post-627","page","type-page","status-publish","hentry"],"post_mailing_queue_ids":[],"_links":{"self":[{"href":"https:\/\/agora.xtec.cat\/iesjoanamigo\/wp-json\/wp\/v2\/pages\/627","targetHints":{"allow":["GET"]}}],"collection":[{"href":"https:\/\/agora.xtec.cat\/iesjoanamigo\/wp-json\/wp\/v2\/pages"}],"about":[{"href":"https:\/\/agora.xtec.cat\/iesjoanamigo\/wp-json\/wp\/v2\/types\/page"}],"author":[{"embeddable":true,"href":"https:\/\/agora.xtec.cat\/iesjoanamigo\/wp-json\/wp\/v2\/users\/1"}],"replies":[{"embeddable":true,"href":"https:\/\/agora.xtec.cat\/iesjoanamigo\/wp-json\/wp\/v2\/comments?post=627"}],"version-history":[{"count":2,"href":"https:\/\/agora.xtec.cat\/iesjoanamigo\/wp-json\/wp\/v2\/pages\/627\/revisions"}],"predecessor-version":[{"id":687,"href":"https:\/\/agora.xtec.cat\/iesjoanamigo\/wp-json\/wp\/v2\/pages\/627\/revisions\/687"}],"up":[{"embeddable":true,"href":"https:\/\/agora.xtec.cat\/iesjoanamigo\/wp-json\/wp\/v2\/pages\/586"}],"wp:attachment":[{"href":"https:\/\/agora.xtec.cat\/iesjoanamigo\/wp-json\/wp\/v2\/media?parent=627"}],"curies":[{"name":"wp","href":"https:\/\/api.w.org\/{rel}","templated":true}]}}

Pràctiques a empreses (FCT)

<h5>Què és la FPCT</h5>
<p>Són pràctiques i estades formatives no laborals que realitza l&#8217;alumnat d&#8217;ensenyaments postobligatoris en centres de treball, mitjançant un conveni de col·laboració que subscriuen el centre docent i l&#8217;empresa.</p>
<p>La formació pràctica en centres de treball també es pot dur a terme en empreses de fora del territori català.</p>
<p>Aquestes pràctiques formen part del programa formatiu curricular d&#8217;aquests ensenyaments.</p>
<h5>Què suposen per a l&#8217;alumne</h5>
<ul>
<li>El coneixement del món laboral i de l&#8217;empresa.</li>
<li>La possibilitat d&#8217;estar en contacte amb la tecnologia més avançada.</li>
<li>Completar la seva formació professional, per tal de capacitar-se per a la seva incorporació al treball.</li>
<li>L&#8217;obtenció d&#8217;una formació adaptada a llocs de treball específics.</li>
<li>L&#8217;apropament a la cultura d&#8217;empresa.</li>
<li>L&#8217;experiència en el món del treball com a pas per a la primera ocupació.</li>
<li>L&#8217;inici del seu historial professional acreditat amb el quadern de pràctiques.</li>
<li>La superació del crèdit de Formació en centres de treball per als alumnes de cicles formatius.</li>
</ul>
<h5>Quins alumnes poden fer les pràctiques</h5>
<p>Tots els que estiguin matriculats i cursin cicles formatius de grau mitjà o superior. Les poden fer a partir del tercer trimestre del primer curs o durant el segon curs.</p>
<h5>Què ofereixen a l&#8217;empresa</h5>
<ul>
<li>La captació de futurs informàtics.</li>
<li>Col·laborar en la formació dels joves aprenents.</li>
<li>Oferir l’accés dels joves a la seva primera ocupació.</li>
<li>Relacionar-se amb els centres educatius.</li>
<li>No implica serveis retribuïts ni vinculació laboral.</li>
</ul>
<h5></h5>

<p>Què és la FPCT Són pràctiques i estades formatives no laborals que realitza l&#8217;alumnat d&#8217;ensenyaments postobligatoris en centres de treball, mitjançant un conveni de col·laboració que subscriuen el centre docent i l&#8217;empresa. La formació pràctica en centres de treball també es pot dur a terme en empreses de fora del territori català. Aquestes pràctiques formen [&hellip;]</p>
