{"id":543,"date":"2016-11-01T01:46:59","date_gmt":"2016-11-01T00:46:59","guid":{"rendered":"http:\/\/agora.xtec.cat\/iesjoanamigo\/?page_id=543"},"modified":"2021-02-20T00:42:56","modified_gmt":"2021-02-19T23:42:56","slug":"mschools","status":"publish","type":"page","link":"https:\/\/agora.xtec.cat\/iesjoanamigo\/projecte-educatiu\/projecte-en-tecnologies-digitals-per-a-laprenentatge\/mschools\/","title":{"rendered":"mSchools"},"content":{"rendered":"<p style=\"text-align: justify;\">Els alumnes dels instituts de Catalunya que fan l&#8217;assignatura d&#8217;inform\u00e0tica de 4t d&#8217;ESO emprenen projectes innovadors.<\/p>\n<p style=\"text-align: justify;\">Des del curs 2013-2014, els alumnes de 4t d&#8217;ESO que imparteixen l&#8217;assignatura d&#8217;inform\u00e0tica, han comen\u00e7at un nou projecte, mSchools.<\/p>\n<p style=\"text-align: justify;\"><a href=\"http:\/\/mschools.mobileworldcapital.com\/ca\/que-es-mschools\/\" target=\"_blank\" rel=\"noopener noreferrer\"><img loading=\"lazy\" decoding=\"async\" class=\"aligncenter wp-image-1049 size-full\" src=\"http:\/\/agora.xtec.cat\/iesjoanamigo\/wp-content\/uploads\/usu506\/2016\/11\/mschools-logo.png\" alt=\"mschools-logo\" width=\"373\" height=\"75\" srcset=\"https:\/\/agora.xtec.cat\/iesjoanamigo\/wp-content\/uploads\/usu506\/2016\/11\/mschools-logo.png 373w, https:\/\/agora.xtec.cat\/iesjoanamigo\/wp-content\/uploads\/usu506\/2016\/11\/mschools-logo-300x60.png 300w\" sizes=\"auto, (max-width: 373px) 100vw, 373px\" \/><\/a><\/p>\n<p style=\"text-align: justify;\">mEducation treballa per al desenvolupament del programa mSchools, un programa pioner, destinat als estudiants de secund\u00e0ria de Catalunya per a que treballin a l&#8217;aula amb la tecnologia m\u00f2bil a trav\u00e9s de la creaci\u00f3 i l&#8217;\u00fas de solucions m\u00f2bils.<\/p>\n<p style=\"text-align: justify;\">El programa que des del curs passat est\u00e0 present a les escoles catalanes, planteja un desenvolupament curricular complet, vinculat a la tecnologia m\u00f2bil i les seves aplicacions a l&#8217;entorn social i econ\u00f2mic. L&#8217;objectiu del programa \u00e9s millorar el rendiment acad\u00e8mic i reduir les taxes d&#8217;abandonament escolar.<\/p>\n<p style=\"text-align: justify;\">Mobilitzem l&#8217;inform\u00e0tica, \u00e9s el nom de l&#8217;assignatura optativa de 4t d&#8217;ESO centrada en la conceptualitzaci\u00f3 i disseny d&#8217;apps.<\/p>\n<p style=\"text-align: justify;\">Un dels altres objectius \u00e9s que els alumnes ide\u00efn i desenvolupin, en petits grups, conceptes creatius en forma d&#8217;aplicaci\u00f3 per aportar solucions a problemes globals i millorar h\u00e0bits quotidians.<\/p>\n<p style=\"text-align: justify;\">A m\u00e9s dels professors de l&#8217;assignatura, els alumnes tenen el recolzament de prop de dos centenars de professionals en actiu d&#8217;empreses l\u00edders en el desenvolupament d&#8217;apps i videojocs.<\/p>\n<p style=\"text-align: justify;\">\u201cMobile Learning Awards\u201c, s\u00f3n premis que aquest any celebren la seva segona edici\u00f3 i que reconeixen als professors i alumnes m\u00e9s actius i innovadors.<\/p>\n","protected":false},"excerpt":{"rendered":"<p>Els alumnes dels instituts de Catalunya que fan l&#8217;assignatura d&#8217;inform\u00e0tica de 4t d&#8217;ESO emprenen projectes innovadors. Des del curs 2013-2014, els alumnes de 4t d&#8217;ESO que imparteixen l&#8217;assignatura d&#8217;inform\u00e0tica, han comen\u00e7at un nou projecte, mSchools. mEducation treballa per al desenvolupament del programa mSchools, un programa pioner, destinat als estudiants de secund\u00e0ria de Catalunya per a [&hellip;]<\/p>\n","protected":false},"author":1,"featured_media":0,"parent":3663,"menu_order":20,"comment_status":"closed","ping_status":"closed","template":"page-templates\/side-menu.php","meta":{"_bbp_topic_count":0,"_bbp_reply_count":0,"_bbp_total_topic_count":0,"_bbp_total_reply_count":0,"_bbp_voice_count":0,"_bbp_anonymous_reply_count":0,"_bbp_topic_count_hidden":0,"_bbp_reply_count_hidden":0,"_bbp_forum_subforum_count":0,"site-sidebar-layout":"default","site-content-layout":"","ast-site-content-layout":"","site-content-style":"default","site-sidebar-style":"default","ast-global-header-display":"","ast-banner-title-visibility":"","ast-main-header-display":"","ast-hfb-above-header-display":"","ast-hfb-below-header-display":"","ast-hfb-mobile-header-display":"","site-post-title":"","ast-breadcrumbs-content":"","ast-featured-img":"","footer-sml-layout":"","theme-transparent-header-meta":"","adv-header-id-meta":"","stick-header-meta":"","header-above-stick-meta":"","header-main-stick-meta":"","header-below-stick-meta":"","astra-migrate-meta-layouts":"default","ast-page-background-enabled":"default","ast-page-background-meta":{"desktop":{"background-color":"var(--ast-global-color-4)","background-image":"","background-repeat":"repeat","background-position":"center center","background-size":"auto","background-attachment":"scroll","background-type":"","background-media":"","overlay-type":"","overlay-color":"","overlay-opacity":"","overlay-gradient":""},"tablet":{"background-color":"","background-image":"","background-repeat":"repeat","background-position":"center center","background-size":"auto","background-attachment":"scroll","background-type":"","background-media":"","overlay-type":"","overlay-color":"","overlay-opacity":"","overlay-gradient":""},"mobile":{"background-color":"","background-image":"","background-repeat":"repeat","background-position":"center center","background-size":"auto","background-attachment":"scroll","background-type":"","background-media":"","overlay-type":"","overlay-color":"","overlay-opacity":"","overlay-gradient":""}},"ast-content-background-meta":{"desktop":{"background-color":"var(--ast-global-color-5)","background-image":"","background-repeat":"repeat","background-position":"center center","background-size":"auto","background-attachment":"scroll","background-type":"","background-media":"","overlay-type":"","overlay-color":"","overlay-opacity":"","overlay-gradient":""},"tablet":{"background-color":"var(--ast-global-color-5)","background-image":"","background-repeat":"repeat","background-position":"center center","background-size":"auto","background-attachment":"scroll","background-type":"","background-media":"","overlay-type":"","overlay-color":"","overlay-opacity":"","overlay-gradient":""},"mobile":{"background-color":"var(--ast-global-color-5)","background-image":"","background-repeat":"repeat","background-position":"center center","background-size":"auto","background-attachment":"scroll","background-type":"","background-media":"","overlay-type":"","overlay-color":"","overlay-opacity":"","overlay-gradient":""}},"footnotes":""},"class_list":["post-543","page","type-page","status-publish","hentry"],"post_mailing_queue_ids":[],"_links":{"self":[{"href":"https:\/\/agora.xtec.cat\/iesjoanamigo\/wp-json\/wp\/v2\/pages\/543","targetHints":{"allow":["GET"]}}],"collection":[{"href":"https:\/\/agora.xtec.cat\/iesjoanamigo\/wp-json\/wp\/v2\/pages"}],"about":[{"href":"https:\/\/agora.xtec.cat\/iesjoanamigo\/wp-json\/wp\/v2\/types\/page"}],"author":[{"embeddable":true,"href":"https:\/\/agora.xtec.cat\/iesjoanamigo\/wp-json\/wp\/v2\/users\/1"}],"replies":[{"embeddable":true,"href":"https:\/\/agora.xtec.cat\/iesjoanamigo\/wp-json\/wp\/v2\/comments?post=543"}],"version-history":[{"count":3,"href":"https:\/\/agora.xtec.cat\/iesjoanamigo\/wp-json\/wp\/v2\/pages\/543\/revisions"}],"predecessor-version":[{"id":3667,"href":"https:\/\/agora.xtec.cat\/iesjoanamigo\/wp-json\/wp\/v2\/pages\/543\/revisions\/3667"}],"up":[{"embeddable":true,"href":"https:\/\/agora.xtec.cat\/iesjoanamigo\/wp-json\/wp\/v2\/pages\/3663"}],"wp:attachment":[{"href":"https:\/\/agora.xtec.cat\/iesjoanamigo\/wp-json\/wp\/v2\/media?parent=543"}],"curies":[{"name":"wp","href":"https:\/\/api.w.org\/{rel}","templated":true}]}}