{"id":511,"date":"2016-10-28T13:15:53","date_gmt":"2016-10-28T11:15:53","guid":{"rendered":"http:\/\/agora.xtec.cat\/iesjoanamigo\/?page_id=511"},"modified":"2021-02-19T11:13:41","modified_gmt":"2021-02-19T10:13:41","slug":"esport-a-institut","status":"publish","type":"page","link":"https:\/\/agora.xtec.cat\/iesjoanamigo\/projectes-de-centre\/esport-a-institut\/","title":{"rendered":"L&#8217;esport a l&#8217;institut. Pla Catal\u00e0 d&#8217;Esport a l&#8217;Escola"},"content":{"rendered":"<p>Els Departaments d&#8217;Ensenyament i de la Presid\u00e8ncia de la Generalitat de Catalunya, aquest \u00faltim mitjan\u00e7ant la Secretaria General de l&#8217;Esport, han acordat d&#8217;impulsar el Pla Catal\u00e0 d&#8217;Esport a l&#8217;Escola, adre\u00e7at principalment a incrementar la participaci\u00f3 dels infants i joves en activitats f\u00edsiques i esportives en horari no lectiu en el propi centre educatiu i, alhora, emprar aquestes pr\u00e0ctiques per a la difusi\u00f3 i educaci\u00f3 en valors i per a l&#8217;adquisici\u00f3 d&#8217;h\u00e0bits saludables.<\/p>\n<h5>La necessitat<\/h5>\n<p>El nou Govern de la Generalitat de Catalunya ha cregut necess\u00e0ria la impulsi\u00f3 d&#8217;aquest Pla en base a l&#8217;an\u00e0lisi d&#8217;una s\u00e8rie de circumst\u00e0ncies entre les quals podem destacar les seg\u00fcents:<\/p>\n<ul>\n<li>\u00cdndex molt redu\u00eft de participaci\u00f3 de l&#8217;alumnat en l&#8217;esport escolar.<\/li>\n<li>Increment dels h\u00e0bits sedentaris i de l&#8217;obesitat, amb una incid\u00e8ncia preocupant en la poblaci\u00f3 infantil i juvenil.<\/li>\n<li>Demanda social creixent en mat\u00e8ria de salut i benestar<\/li>\n<\/ul>\n<h5>Objectius<\/h5>\n<p>El Pla pret\u00e9n posar a l&#8217;abast de tots els alumnes de prim\u00e0ria i secund\u00e0ria la pr\u00e0ctica d&#8217;activitats f\u00edsiques i esportives, i aprofitar el gran potencial d&#8217;aquestes activitats per contribuir a la formaci\u00f3 personal i c\u00edvica dels nostres infants i joves. M\u00e9s concretament, podem destacar els objectius seg\u00fcents:<\/p>\n<ul>\n<li>Incrementar la participaci\u00f3 en activitats f\u00edsiques i esportives en horari no lectiu de l&#8217;alumnat dels centres educatius de prim\u00e0ria i de secund\u00e0ria, amb una incid\u00e8ncia especial en el col\u00b7lectiu de noies.<\/li>\n<li>Aprofitar el gran potencial educatiu i formatiu de les activitats f\u00edsiques i esportives, cercant la participaci\u00f3 per damunt de la competitivitat.<\/li>\n<li>Potenciar la funci\u00f3 integradora i de cohesi\u00f3 social de l&#8217;esport escolar, facilitant l&#8217;acc\u00e9s de tots els nens i nenes a la pr\u00e0ctica esportiva escolar, i en especial dels nouvinguts.<\/li>\n<li>Contribuir mitjan\u00e7ant la pr\u00e0ctica esportiva a la formaci\u00f3 en valors com la toler\u00e0ncia, el respecte als altres i a les regles, la confian\u00e7a en un mateix, l&#8217;esfor\u00e7 de superaci\u00f3, l&#8217;autocr\u00edtica, l&#8217;autonomia, la capacitat de decisi\u00f3, l&#8217;autogesti\u00f3, la cooperaci\u00f3, el treball en equip, entre d&#8217;altres.<\/li>\n<li>Fomentar la pr\u00e0ctica regular d&#8217;activitats f\u00edsiques i esportives i l&#8217;adquisici\u00f3 d&#8217;h\u00e0bits saludables que contribueixin a un millor benestar.<\/li>\n<li>Formar joves en els valors ciutadans mitjan\u00e7ant la seva participaci\u00f3 activa en la gesti\u00f3 de les associacions esportives escolars de nova creaci\u00f3.<\/li>\n<li>El nostre centre participa al PCEE des de l\u2019any 2006, i segon el comprom\u00eds pera de formar part del PCEE s\u2019ha creat l\u2019Associaci\u00f3 Esportiva IES Joan Amig\u00f3, que \u00e9s l\u2019entitat que gestiona les activitats esportives i culturals que \u00e9s porten a terme al nostre Centre, aix\u00ed com les trobades amb diferents centres de la comarca.<\/li>\n<\/ul>\n","protected":false},"excerpt":{"rendered":"<p>Els Departaments d&#8217;Ensenyament i de la Presid\u00e8ncia de la Generalitat de Catalunya, aquest \u00faltim mitjan\u00e7ant la Secretaria General de l&#8217;Esport, han acordat d&#8217;impulsar el Pla Catal\u00e0 d&#8217;Esport a l&#8217;Escola, adre\u00e7at principalment a incrementar la participaci\u00f3 dels infants i joves en activitats f\u00edsiques i esportives en horari no lectiu en el propi centre educatiu i, alhora, [&hellip;]<\/p>\n","protected":false},"author":1,"featured_media":0,"parent":675,"menu_order":50,"comment_status":"closed","ping_status":"closed","template":"page-templates\/side-menu.php","meta":{"_bbp_topic_count":0,"_bbp_reply_count":0,"_bbp_total_topic_count":0,"_bbp_total_reply_count":0,"_bbp_voice_count":0,"_bbp_anonymous_reply_count":0,"_bbp_topic_count_hidden":0,"_bbp_reply_count_hidden":0,"_bbp_forum_subforum_count":0,"site-sidebar-layout":"default","site-content-layout":"","ast-site-content-layout":"","site-content-style":"default","site-sidebar-style":"default","ast-global-header-display":"","ast-banner-title-visibility":"","ast-main-header-display":"","ast-hfb-above-header-display":"","ast-hfb-below-header-display":"","ast-hfb-mobile-header-display":"","site-post-title":"","ast-breadcrumbs-content":"","ast-featured-img":"","footer-sml-layout":"","theme-transparent-header-meta":"","adv-header-id-meta":"","stick-header-meta":"","header-above-stick-meta":"","header-main-stick-meta":"","header-below-stick-meta":"","astra-migrate-meta-layouts":"default","ast-page-background-enabled":"default","ast-page-background-meta":{"desktop":{"background-color":"var(--ast-global-color-4)","background-image":"","background-repeat":"repeat","background-position":"center center","background-size":"auto","background-attachment":"scroll","background-type":"","background-media":"","overlay-type":"","overlay-color":"","overlay-opacity":"","overlay-gradient":""},"tablet":{"background-color":"","background-image":"","background-repeat":"repeat","background-position":"center center","background-size":"auto","background-attachment":"scroll","background-type":"","background-media":"","overlay-type":"","overlay-color":"","overlay-opacity":"","overlay-gradient":""},"mobile":{"background-color":"","background-image":"","background-repeat":"repeat","background-position":"center center","background-size":"auto","background-attachment":"scroll","background-type":"","background-media":"","overlay-type":"","overlay-color":"","overlay-opacity":"","overlay-gradient":""}},"ast-content-background-meta":{"desktop":{"background-color":"var(--ast-global-color-5)","background-image":"","background-repeat":"repeat","background-position":"center center","background-size":"auto","background-attachment":"scroll","background-type":"","background-media":"","overlay-type":"","overlay-color":"","overlay-opacity":"","overlay-gradient":""},"tablet":{"background-color":"var(--ast-global-color-5)","background-image":"","background-repeat":"repeat","background-position":"center center","background-size":"auto","background-attachment":"scroll","background-type":"","background-media":"","overlay-type":"","overlay-color":"","overlay-opacity":"","overlay-gradient":""},"mobile":{"background-color":"var(--ast-global-color-5)","background-image":"","background-repeat":"repeat","background-position":"center center","background-size":"auto","background-attachment":"scroll","background-type":"","background-media":"","overlay-type":"","overlay-color":"","overlay-opacity":"","overlay-gradient":""}},"footnotes":""},"class_list":["post-511","page","type-page","status-publish","hentry"],"post_mailing_queue_ids":[],"_links":{"self":[{"href":"https:\/\/agora.xtec.cat\/iesjoanamigo\/wp-json\/wp\/v2\/pages\/511","targetHints":{"allow":["GET"]}}],"collection":[{"href":"https:\/\/agora.xtec.cat\/iesjoanamigo\/wp-json\/wp\/v2\/pages"}],"about":[{"href":"https:\/\/agora.xtec.cat\/iesjoanamigo\/wp-json\/wp\/v2\/types\/page"}],"author":[{"embeddable":true,"href":"https:\/\/agora.xtec.cat\/iesjoanamigo\/wp-json\/wp\/v2\/users\/1"}],"replies":[{"embeddable":true,"href":"https:\/\/agora.xtec.cat\/iesjoanamigo\/wp-json\/wp\/v2\/comments?post=511"}],"version-history":[{"count":3,"href":"https:\/\/agora.xtec.cat\/iesjoanamigo\/wp-json\/wp\/v2\/pages\/511\/revisions"}],"predecessor-version":[{"id":797,"href":"https:\/\/agora.xtec.cat\/iesjoanamigo\/wp-json\/wp\/v2\/pages\/511\/revisions\/797"}],"up":[{"embeddable":true,"href":"https:\/\/agora.xtec.cat\/iesjoanamigo\/wp-json\/wp\/v2\/pages\/675"}],"wp:attachment":[{"href":"https:\/\/agora.xtec.cat\/iesjoanamigo\/wp-json\/wp\/v2\/media?parent=511"}],"curies":[{"name":"wp","href":"https:\/\/api.w.org\/{rel}","templated":true}]}}

L&#8217;esport a l&#8217;institut. Pla Català d&#8217;Esport a l&#8217;Escola

<p>Els Departaments d&#8217;Ensenyament i de la Presidència de la Generalitat de Catalunya, aquest últim mitjançant la Secretaria General de l&#8217;Esport, han acordat d&#8217;impulsar el Pla Català d&#8217;Esport a l&#8217;Escola, adreçat principalment a incrementar la participació dels infants i joves en activitats físiques i esportives en horari no lectiu en el propi centre educatiu i, alhora, emprar aquestes pràctiques per a la difusió i educació en valors i per a l&#8217;adquisició d&#8217;hàbits saludables.</p>
<h5>La necessitat</h5>
<p>El nou Govern de la Generalitat de Catalunya ha cregut necessària la impulsió d&#8217;aquest Pla en base a l&#8217;anàlisi d&#8217;una sèrie de circumstàncies entre les quals podem destacar les següents:</p>
<ul>
<li>Índex molt reduït de participació de l&#8217;alumnat en l&#8217;esport escolar.</li>
<li>Increment dels hàbits sedentaris i de l&#8217;obesitat, amb una incidència preocupant en la població infantil i juvenil.</li>
<li>Demanda social creixent en matèria de salut i benestar</li>
</ul>
<h5>Objectius</h5>
<p>El Pla pretén posar a l&#8217;abast de tots els alumnes de primària i secundària la pràctica d&#8217;activitats físiques i esportives, i aprofitar el gran potencial d&#8217;aquestes activitats per contribuir a la formació personal i cívica dels nostres infants i joves. Més concretament, podem destacar els objectius següents:</p>
<ul>
<li>Incrementar la participació en activitats físiques i esportives en horari no lectiu de l&#8217;alumnat dels centres educatius de primària i de secundària, amb una incidència especial en el col·lectiu de noies.</li>
<li>Aprofitar el gran potencial educatiu i formatiu de les activitats físiques i esportives, cercant la participació per damunt de la competitivitat.</li>
<li>Potenciar la funció integradora i de cohesió social de l&#8217;esport escolar, facilitant l&#8217;accés de tots els nens i nenes a la pràctica esportiva escolar, i en especial dels nouvinguts.</li>
<li>Contribuir mitjançant la pràctica esportiva a la formació en valors com la tolerància, el respecte als altres i a les regles, la confiança en un mateix, l&#8217;esforç de superació, l&#8217;autocrítica, l&#8217;autonomia, la capacitat de decisió, l&#8217;autogestió, la cooperació, el treball en equip, entre d&#8217;altres.</li>
<li>Fomentar la pràctica regular d&#8217;activitats físiques i esportives i l&#8217;adquisició d&#8217;hàbits saludables que contribueixin a un millor benestar.</li>
<li>Formar joves en els valors ciutadans mitjançant la seva participació activa en la gestió de les associacions esportives escolars de nova creació.</li>
<li>El nostre centre participa al PCEE des de l’any 2006, i segon el compromís pera de formar part del PCEE s’ha creat l’Associació Esportiva IES Joan Amigó, que és l’entitat que gestiona les activitats esportives i culturals que és porten a terme al nostre Centre, així com les trobades amb diferents centres de la comarca.</li>
</ul>

<p>Els Departaments d&#8217;Ensenyament i de la Presidència de la Generalitat de Catalunya, aquest últim mitjançant la Secretaria General de l&#8217;Esport, han acordat d&#8217;impulsar el Pla Català d&#8217;Esport a l&#8217;Escola, adreçat principalment a incrementar la participació dels infants i joves en activitats físiques i esportives en horari no lectiu en el propi centre educatiu i, alhora, [&hellip;]</p>
