{"id":464,"date":"2016-10-26T13:13:49","date_gmt":"2016-10-26T11:13:49","guid":{"rendered":"http:\/\/agora.xtec.cat\/iesjoanamigo\/?page_id=464"},"modified":"2025-04-30T12:48:59","modified_gmt":"2025-04-30T10:48:59","slug":"equip-huma","status":"publish","type":"page","link":"https:\/\/agora.xtec.cat\/iesjoanamigo\/el-centre\/organigrama\/equip-huma\/","title":{"rendered":"Equip hum\u00e0"},"content":{"rendered":"<h5>Departament de lleng\u00fces<\/h5>\n<ul>\n<li>\u00c0ngels Planes Vallverd\u00fa<\/li>\n<li>Elisenda Rosell Andreu (cap de departament)<\/li>\n<li>Eul\u00e0lia Serra Segura<\/li>\n<li>N\u00faria Ribes Novau<\/li>\n<\/ul>\n<h5>Departament de ci\u00e8ncies<\/h5>\n<ul>\n<li>Alba Masagu\u00e9 Crespi (cap de departament)<\/li>\n<li>Josep Besora Juanpere<\/li>\n<li>Marta Barrull Freixes<\/li>\n<li>\u00d2scar Vidal Pelegr\u00ed<\/li>\n<li>Rosalia Angl\u00e8s Vidal<\/li>\n<li>Marta Barrull Freixes<\/li>\n<\/ul>\n<h5>Departament d&#8217;inform\u00e0tica<\/h5>\n<ul>\n<li>Ester Galimany Guasch<\/li>\n<li>Eugeni Cabr\u00e9 For\u00e8s (cap de departament)<\/li>\n<li>Francesc Xavier Culler\u00e9 Jov\u00e9<\/li>\n<\/ul>\n<h5>Departament de matem\u00e0tiques<\/h5>\n<ul>\n<li>Eug\u00e8nia Vizcarra Carreras<\/li>\n<li>Virginia Carmona Arranz\u00a0(cap de departament)<\/li>\n<li>Maria Masot Posino<\/li>\n<\/ul>\n<h5>Departament d&#8217;angl\u00e8s<\/h5>\n<ul>\n<li>Anna Tarrats Vilella (cap de departament)<\/li>\n<li>Rita Prats Vila<\/li>\n<li>L\u00eddia Martorell Carrate<\/li>\n<li>Almudena Martos Mart\u00ednez<\/li>\n<\/ul>\n<h5>Departament de socials<\/h5>\n<ul>\n<li>Vicen\u00e7 Arnal Cervera (cap de departament)<\/li>\n<li>Thais Carrion Gilabert<\/li>\n<li>\u00d2scar Garcia Serrat<\/li>\n<li>Xavier Pelegr\u00ed Bach<\/li>\n<\/ul>\n<h5>Departament d&#8217;expressi\u00f3<\/h5>\n<ul>\n<li>Benjam\u00edn Lacruz Civera\u00a0(cap de departament)<\/li>\n<li>Anna Turellols Figueras<\/li>\n<li>Joaquim Peris Delicado<\/li>\n<li>Joan Biosca Domingo<\/li>\n<\/ul>\n<h5>Departament de diversitat<\/h5>\n<ul>\n<li>Laia Torres Garrell\u00a0(cap de departament)<\/li>\n<li>Mayra Villarroya Gordon<\/li>\n<li>S\u00f2nia Loaisa Roig<\/li>\n<li>Marina Cervell\u00f3 Dorado<\/li>\n<\/ul>\n<h5>Altre personal<\/h5>\n<ul>\n<li>Eul\u00e0lia Amig\u00f3 Morat\u00f3 (administrativa)<\/li>\n<li>Jordi Cec\u00edlia Aver\u00f3s (subaltern)<\/li>\n<li>Cristina (vetlladora)<\/li>\n<li>Anna (psicopedagoga)<\/li>\n<li>Anna (treballadora social)<\/li>\n<li>Nico &#8211; M\u00edriam (personal de neteja)<\/li>\n<\/ul>\n","protected":false},"excerpt":{"rendered":"<p>Departament de lleng\u00fces \u00c0ngels Planes Vallverd\u00fa Elisenda Rosell Andreu (cap de departament) Eul\u00e0lia Serra Segura N\u00faria Ribes Novau Departament de ci\u00e8ncies Alba Masagu\u00e9 Crespi (cap de departament) Josep Besora Juanpere Marta Barrull Freixes \u00d2scar Vidal Pelegr\u00ed Rosalia Angl\u00e8s Vidal Marta Barrull Freixes Departament d&#8217;inform\u00e0tica Ester Galimany Guasch Eugeni Cabr\u00e9 For\u00e8s (cap de departament) Francesc Xavier [&hellip;]<\/p>\n","protected":false},"author":1,"featured_media":0,"parent":46,"menu_order":5,"comment_status":"closed","ping_status":"closed","template":"page-templates\/side-menu.php","meta":{"_bbp_topic_count":0,"_bbp_reply_count":0,"_bbp_total_topic_count":0,"_bbp_total_reply_count":0,"_bbp_voice_count":0,"_bbp_anonymous_reply_count":0,"_bbp_topic_count_hidden":0,"_bbp_reply_count_hidden":0,"_bbp_forum_subforum_count":0,"site-sidebar-layout":"default","site-content-layout":"","ast-site-content-layout":"","site-content-style":"default","site-sidebar-style":"default","ast-global-header-display":"","ast-banner-title-visibility":"","ast-main-header-display":"","ast-hfb-above-header-display":"","ast-hfb-below-header-display":"","ast-hfb-mobile-header-display":"","site-post-title":"","ast-breadcrumbs-content":"","ast-featured-img":"","footer-sml-layout":"","theme-transparent-header-meta":"","adv-header-id-meta":"","stick-header-meta":"","header-above-stick-meta":"","header-main-stick-meta":"","header-below-stick-meta":"","astra-migrate-meta-layouts":"default","ast-page-background-enabled":"default","ast-page-background-meta":{"desktop":{"background-color":"var(--ast-global-color-4)","background-image":"","background-repeat":"repeat","background-position":"center center","background-size":"auto","background-attachment":"scroll","background-type":"","background-media":"","overlay-type":"","overlay-color":"","overlay-opacity":"","overlay-gradient":""},"tablet":{"background-color":"","background-image":"","background-repeat":"repeat","background-position":"center center","background-size":"auto","background-attachment":"scroll","background-type":"","background-media":"","overlay-type":"","overlay-color":"","overlay-opacity":"","overlay-gradient":""},"mobile":{"background-color":"","background-image":"","background-repeat":"repeat","background-position":"center center","background-size":"auto","background-attachment":"scroll","background-type":"","background-media":"","overlay-type":"","overlay-color":"","overlay-opacity":"","overlay-gradient":""}},"ast-content-background-meta":{"desktop":{"background-color":"var(--ast-global-color-5)","background-image":"","background-repeat":"repeat","background-position":"center center","background-size":"auto","background-attachment":"scroll","background-type":"","background-media":"","overlay-type":"","overlay-color":"","overlay-opacity":"","overlay-gradient":""},"tablet":{"background-color":"var(--ast-global-color-5)","background-image":"","background-repeat":"repeat","background-position":"center center","background-size":"auto","background-attachment":"scroll","background-type":"","background-media":"","overlay-type":"","overlay-color":"","overlay-opacity":"","overlay-gradient":""},"mobile":{"background-color":"var(--ast-global-color-5)","background-image":"","background-repeat":"repeat","background-position":"center center","background-size":"auto","background-attachment":"scroll","background-type":"","background-media":"","overlay-type":"","overlay-color":"","overlay-opacity":"","overlay-gradient":""}},"footnotes":""},"class_list":["post-464","page","type-page","status-publish","hentry"],"post_mailing_queue_ids":[],"_links":{"self":[{"href":"https:\/\/agora.xtec.cat\/iesjoanamigo\/wp-json\/wp\/v2\/pages\/464","targetHints":{"allow":["GET"]}}],"collection":[{"href":"https:\/\/agora.xtec.cat\/iesjoanamigo\/wp-json\/wp\/v2\/pages"}],"about":[{"href":"https:\/\/agora.xtec.cat\/iesjoanamigo\/wp-json\/wp\/v2\/types\/page"}],"author":[{"embeddable":true,"href":"https:\/\/agora.xtec.cat\/iesjoanamigo\/wp-json\/wp\/v2\/users\/1"}],"replies":[{"embeddable":true,"href":"https:\/\/agora.xtec.cat\/iesjoanamigo\/wp-json\/wp\/v2\/comments?post=464"}],"version-history":[{"count":6,"href":"https:\/\/agora.xtec.cat\/iesjoanamigo\/wp-json\/wp\/v2\/pages\/464\/revisions"}],"predecessor-version":[{"id":7056,"href":"https:\/\/agora.xtec.cat\/iesjoanamigo\/wp-json\/wp\/v2\/pages\/464\/revisions\/7056"}],"up":[{"embeddable":true,"href":"https:\/\/agora.xtec.cat\/iesjoanamigo\/wp-json\/wp\/v2\/pages\/46"}],"wp:attachment":[{"href":"https:\/\/agora.xtec.cat\/iesjoanamigo\/wp-json\/wp\/v2\/media?parent=464"}],"curies":[{"name":"wp","href":"https:\/\/api.w.org\/{rel}","templated":true}]}}