{"id":3590,"date":"2021-02-16T12:10:39","date_gmt":"2021-02-16T11:10:39","guid":{"rendered":"http:\/\/agora.xtec.cat\/iesjoanamigo\/?page_id=3590"},"modified":"2025-04-30T12:46:29","modified_gmt":"2025-04-30T10:46:29","slug":"carrecs-unipersonals","status":"publish","type":"page","link":"https:\/\/agora.xtec.cat\/iesjoanamigo\/el-centre\/organigrama\/carrecs-unipersonals\/","title":{"rendered":"C\u00e0rrecs unipersonals"},"content":{"rendered":"<p>Els c\u00e0rrecs unipersonals es divideixen en tres gran blocs: els\/les caps de departament, les coordinacions i la resta de coordinacions.<\/p>\n<h5>Caps de departament<\/h5>\n<ul>\n<li>Dept. Ci\u00e8ncies i Tecnologia: Alba Masagu\u00e9 Crespi<\/li>\n<li>Dept. Diversitat: Laia Torres Garrell<\/li>\n<li>Dept. Expressi\u00f3 (Educaci\u00f3 f\u00edsica, M\u00fasica i Visual i pl\u00e0stica): Benjam\u00edn Lacruz Civera<\/li>\n<li>Dept. Inform\u00e0tica: Eugeni Cabr\u00e9 For\u00e8s<\/li>\n<li>Dept. Llengua catalana i castellana: Elisenda Rosell Andreu<\/li>\n<li>Dept. Lleng\u00fces estrangeres: Anna Tarrats Vilella<\/li>\n<li>Dept. Matem\u00e0tiques: Virginia Carmona Arranz<\/li>\n<li>Dept. Social i Religi\u00f3: Vicen\u00e7 Arnal Cervera<\/li>\n<\/ul>\n<h5>C\u00e0rrecs de coordinaci\u00f3<\/h5>\n<ul>\n<li>Coordinador activitats i serveis extraescolars:\u00a0Rita Prats Vila<\/li>\n<li>Coordinador de cultura digital: Francesc Xavier Culler\u00e9 Jov\u00e9<\/li>\n<li>Coordinadora de Llengua, interculturalitat i cohesi\u00f3 social del centre: \u00c0ngels Planes Vallverd\u00fa<\/li>\n<li>Coordinador prevenci\u00f3 de riscos laborals: \u00d2scar Vidal Pelegr\u00ed<\/li>\n<\/ul>\n<h5>Altres coordinacions<\/h5>\n<ul>\n<li>Coordinador Pla Catal\u00e0 de l&#8217;Esport a l&#8217;Escola: Joaquim Peris Delicado<\/li>\n<li>Mediaci\u00f3: Rosalia Angl\u00e8s Vidal<\/li>\n<li>Coordinaci\u00f3 FCT: Ester Galimany Guasch<\/li>\n<\/ul>\n","protected":false},"excerpt":{"rendered":"<p>Els c\u00e0rrecs unipersonals es divideixen en tres gran blocs: els\/les caps de departament, les coordinacions i la resta de coordinacions. Caps de departament Dept. Ci\u00e8ncies i Tecnologia: Alba Masagu\u00e9 Crespi Dept. Diversitat: Laia Torres Garrell Dept. Expressi\u00f3 (Educaci\u00f3 f\u00edsica, M\u00fasica i Visual i pl\u00e0stica): Benjam\u00edn Lacruz Civera Dept. Inform\u00e0tica: Eugeni Cabr\u00e9 For\u00e8s Dept. Llengua catalana [&hellip;]<\/p>\n","protected":false},"author":1,"featured_media":0,"parent":46,"menu_order":20,"comment_status":"closed","ping_status":"closed","template":"page-templates\/side-menu.php","meta":{"_bbp_topic_count":0,"_bbp_reply_count":0,"_bbp_total_topic_count":0,"_bbp_total_reply_count":0,"_bbp_voice_count":0,"_bbp_anonymous_reply_count":0,"_bbp_topic_count_hidden":0,"_bbp_reply_count_hidden":0,"_bbp_forum_subforum_count":0,"site-sidebar-layout":"default","site-content-layout":"","ast-site-content-layout":"","site-content-style":"default","site-sidebar-style":"default","ast-global-header-display":"","ast-banner-title-visibility":"","ast-main-header-display":"","ast-hfb-above-header-display":"","ast-hfb-below-header-display":"","ast-hfb-mobile-header-display":"","site-post-title":"","ast-breadcrumbs-content":"","ast-featured-img":"","footer-sml-layout":"","theme-transparent-header-meta":"","adv-header-id-meta":"","stick-header-meta":"","header-above-stick-meta":"","header-main-stick-meta":"","header-below-stick-meta":"","astra-migrate-meta-layouts":"default","ast-page-background-enabled":"default","ast-page-background-meta":{"desktop":{"background-color":"var(--ast-global-color-4)","background-image":"","background-repeat":"repeat","background-position":"center center","background-size":"auto","background-attachment":"scroll","background-type":"","background-media":"","overlay-type":"","overlay-color":"","overlay-opacity":"","overlay-gradient":""},"tablet":{"background-color":"","background-image":"","background-repeat":"repeat","background-position":"center center","background-size":"auto","background-attachment":"scroll","background-type":"","background-media":"","overlay-type":"","overlay-color":"","overlay-opacity":"","overlay-gradient":""},"mobile":{"background-color":"","background-image":"","background-repeat":"repeat","background-position":"center center","background-size":"auto","background-attachment":"scroll","background-type":"","background-media":"","overlay-type":"","overlay-color":"","overlay-opacity":"","overlay-gradient":""}},"ast-content-background-meta":{"desktop":{"background-color":"var(--ast-global-color-5)","background-image":"","background-repeat":"repeat","background-position":"center center","background-size":"auto","background-attachment":"scroll","background-type":"","background-media":"","overlay-type":"","overlay-color":"","overlay-opacity":"","overlay-gradient":""},"tablet":{"background-color":"var(--ast-global-color-5)","background-image":"","background-repeat":"repeat","background-position":"center center","background-size":"auto","background-attachment":"scroll","background-type":"","background-media":"","overlay-type":"","overlay-color":"","overlay-opacity":"","overlay-gradient":""},"mobile":{"background-color":"var(--ast-global-color-5)","background-image":"","background-repeat":"repeat","background-position":"center center","background-size":"auto","background-attachment":"scroll","background-type":"","background-media":"","overlay-type":"","overlay-color":"","overlay-opacity":"","overlay-gradient":""}},"footnotes":""},"class_list":["post-3590","page","type-page","status-publish","hentry"],"post_mailing_queue_ids":[],"_links":{"self":[{"href":"https:\/\/agora.xtec.cat\/iesjoanamigo\/wp-json\/wp\/v2\/pages\/3590","targetHints":{"allow":["GET"]}}],"collection":[{"href":"https:\/\/agora.xtec.cat\/iesjoanamigo\/wp-json\/wp\/v2\/pages"}],"about":[{"href":"https:\/\/agora.xtec.cat\/iesjoanamigo\/wp-json\/wp\/v2\/types\/page"}],"author":[{"embeddable":true,"href":"https:\/\/agora.xtec.cat\/iesjoanamigo\/wp-json\/wp\/v2\/users\/1"}],"replies":[{"embeddable":true,"href":"https:\/\/agora.xtec.cat\/iesjoanamigo\/wp-json\/wp\/v2\/comments?post=3590"}],"version-history":[{"count":6,"href":"https:\/\/agora.xtec.cat\/iesjoanamigo\/wp-json\/wp\/v2\/pages\/3590\/revisions"}],"predecessor-version":[{"id":7055,"href":"https:\/\/agora.xtec.cat\/iesjoanamigo\/wp-json\/wp\/v2\/pages\/3590\/revisions\/7055"}],"up":[{"embeddable":true,"href":"https:\/\/agora.xtec.cat\/iesjoanamigo\/wp-json\/wp\/v2\/pages\/46"}],"wp:attachment":[{"href":"https:\/\/agora.xtec.cat\/iesjoanamigo\/wp-json\/wp\/v2\/media?parent=3590"}],"curies":[{"name":"wp","href":"https:\/\/api.w.org\/{rel}","templated":true}]}}

Càrrecs unipersonals

<p>Els càrrecs unipersonals es divideixen en tres gran blocs: els/les caps de departament, les coordinacions i la resta de coordinacions.</p>
<h5>Caps de departament</h5>
<ul>
<li>Dept. Ciències i Tecnologia: Alba Masagué Crespi</li>
<li>Dept. Diversitat: Laia Torres Garrell</li>
<li>Dept. Expressió (Educació física, Música i Visual i plàstica): Benjamín Lacruz Civera</li>
<li>Dept. Informàtica: Eugeni Cabré Forès</li>
<li>Dept. Llengua catalana i castellana: Elisenda Rosell Andreu</li>
<li>Dept. Llengües estrangeres: Anna Tarrats Vilella</li>
<li>Dept. Matemàtiques: Virginia Carmona Arranz</li>
<li>Dept. Social i Religió: Vicenç Arnal Cervera</li>
</ul>
<h5>Càrrecs de coordinació</h5>
<ul>
<li>Coordinador activitats i serveis extraescolars: Rita Prats Vila</li>
<li>Coordinador de cultura digital: Francesc Xavier Culleré Jové</li>
<li>Coordinadora de Llengua, interculturalitat i cohesió social del centre: Àngels Planes Vallverdú</li>
<li>Coordinador prevenció de riscos laborals: Òscar Vidal Pelegrí</li>
</ul>
<h5>Altres coordinacions</h5>
<ul>
<li>Coordinador Pla Català de l&#8217;Esport a l&#8217;Escola: Joaquim Peris Delicado</li>
<li>Mediació: Rosalia Anglès Vidal</li>
<li>Coordinació FCT: Ester Galimany Guasch</li>
</ul>

<p>Els càrrecs unipersonals es divideixen en tres gran blocs: els/les caps de departament, les coordinacions i la resta de coordinacions. Caps de departament Dept. Ciències i Tecnologia: Alba Masagué Crespi Dept. Diversitat: Laia Torres Garrell Dept. Expressió (Educació física, Música i Visual i plàstica): Benjamín Lacruz Civera Dept. Informàtica: Eugeni Cabré Forès Dept. Llengua catalana [&hellip;]</p>
