{"id":346,"date":"2016-10-18T11:18:26","date_gmt":"2016-10-18T10:18:26","guid":{"rendered":"http:\/\/agora.xtec.cat\/iesjoanamigo\/?page_id=346"},"modified":"2021-02-19T13:50:59","modified_gmt":"2021-02-19T12:50:59","slug":"mediacio","status":"publish","type":"page","link":"https:\/\/agora.xtec.cat\/iesjoanamigo\/projecte-educatiu\/projecte-de-convivencia\/mediacio\/","title":{"rendered":"Mediaci\u00f3"},"content":{"rendered":"<p style=\"text-align: justify;\">Avui en dia tothom est\u00e0 d&#8217;acord que l&#8217;educaci\u00f3 \u00e9s cosa de tots: professors, pares, alumnes i societat en general. Darrerament, alguns casos conflictius en centres d&#8217;educaci\u00f3 han estat not\u00edcia en diferents mitjans de comunicaci\u00f3, i no han estat pas not\u00edcies positives, sin\u00f3 tot el contrari. Tots els centres que ens dediquem a l&#8217;educaci\u00f3 desitgem que la nostra tasca educativa sigui valorada per\u00f2, per damunt de tot, el que desitgem de deb\u00f2 \u00e9s veure que els nostres alumnes se&#8217;n surten i poden treure profit del que nosaltres els intentem ensenyar. Tots volem que aquest jovent que tenim a les aules arribin a ser persones que s\u00e0piguen enfrontar-se als reptes, que siguin tolerants i c\u00edvics. No \u00e9s una tasca f\u00e0cil; demana l&#8217;esfor\u00e7 de molta gent, recursos i temps.<\/p>\n<p style=\"text-align: justify;\">De fa temps que al nostre centre s&#8217;havia plantejat la necessitat d&#8217;actuar, de manera diferent a l&#8217;habitual, enfront els problemes de conviv\u00e8ncia que es generen en qualsevol comunitat. M\u00e9s encara, si es tracta d&#8217;una comunitat educativa, de la qual s&#8217;espera que sigui generadora de valors i que fomenti i garanteixi que les relacions interpersonals siguin positives.<\/p>\n<h6 style=\"text-align: justify;\">Objectius<\/h6>\n<ul>\n<li style=\"text-align: justify;\">Presentaci\u00f3 del servei de mediaci\u00f3 a l&#8217;alumnat i als pares nous.<\/li>\n<li style=\"text-align: justify;\">Realitzaci\u00f3 de la mat\u00e8ria optativa sobre mediaci\u00f3 i resoluci\u00f3 de conflictes amb alumnat de 2n d&#8217;ESO.<\/li>\n<li style=\"text-align: justify;\">Introduir les t\u00e8cniques pr\u00f2pies de mediaci\u00f3 a trav\u00e9s de les tutories.<\/li>\n<li style=\"text-align: justify;\">Realitzar reunions peri\u00f2diques (m\u00ednim trimestrals) del coordinador de mediaci\u00f3 amb els mediadors, per tal de fer el seguiment del projecte.<\/li>\n<li style=\"text-align: justify;\">Recopilar material bibliogr\u00e0fic divers relacionat amb la mediaci\u00f3.<\/li>\n<li style=\"text-align: justify;\">Ampliar el servei de mediaci\u00f3 a tota la comunitat educativa.<\/li>\n<li style=\"text-align: justify;\">Consolidar els mediadors de gu\u00e0rdia.<\/li>\n<\/ul>\n<p><a href=\"http:\/\/agora.xtec.cat\/iesjoanamigo\/wp-content\/uploads\/usu506\/2016\/10\/Servei-de-mediacio.pdf\">Projecte de mediaci\u00f3<\/a><\/p>\n","protected":false},"excerpt":{"rendered":"<p>Avui en dia tothom est\u00e0 d&#8217;acord que l&#8217;educaci\u00f3 \u00e9s cosa de tots: professors, pares, alumnes i societat en general. Darrerament, alguns casos conflictius en centres d&#8217;educaci\u00f3 han estat not\u00edcia en diferents mitjans de comunicaci\u00f3, i no han estat pas not\u00edcies positives, sin\u00f3 tot el contrari. Tots els centres que ens dediquem a l&#8217;educaci\u00f3 desitgem que [&hellip;]<\/p>\n","protected":false},"author":1,"featured_media":0,"parent":2846,"menu_order":60,"comment_status":"closed","ping_status":"closed","template":"page-templates\/side-menu.php","meta":{"_bbp_topic_count":0,"_bbp_reply_count":0,"_bbp_total_topic_count":0,"_bbp_total_reply_count":0,"_bbp_voice_count":0,"_bbp_anonymous_reply_count":0,"_bbp_topic_count_hidden":0,"_bbp_reply_count_hidden":0,"_bbp_forum_subforum_count":0,"site-sidebar-layout":"default","site-content-layout":"","ast-site-content-layout":"","site-content-style":"default","site-sidebar-style":"default","ast-global-header-display":"","ast-banner-title-visibility":"","ast-main-header-display":"","ast-hfb-above-header-display":"","ast-hfb-below-header-display":"","ast-hfb-mobile-header-display":"","site-post-title":"","ast-breadcrumbs-content":"","ast-featured-img":"","footer-sml-layout":"","theme-transparent-header-meta":"","adv-header-id-meta":"","stick-header-meta":"","header-above-stick-meta":"","header-main-stick-meta":"","header-below-stick-meta":"","astra-migrate-meta-layouts":"default","ast-page-background-enabled":"default","ast-page-background-meta":{"desktop":{"background-color":"var(--ast-global-color-4)","background-image":"","background-repeat":"repeat","background-position":"center center","background-size":"auto","background-attachment":"scroll","background-type":"","background-media":"","overlay-type":"","overlay-color":"","overlay-opacity":"","overlay-gradient":""},"tablet":{"background-color":"","background-image":"","background-repeat":"repeat","background-position":"center center","background-size":"auto","background-attachment":"scroll","background-type":"","background-media":"","overlay-type":"","overlay-color":"","overlay-opacity":"","overlay-gradient":""},"mobile":{"background-color":"","background-image":"","background-repeat":"repeat","background-position":"center center","background-size":"auto","background-attachment":"scroll","background-type":"","background-media":"","overlay-type":"","overlay-color":"","overlay-opacity":"","overlay-gradient":""}},"ast-content-background-meta":{"desktop":{"background-color":"var(--ast-global-color-5)","background-image":"","background-repeat":"repeat","background-position":"center center","background-size":"auto","background-attachment":"scroll","background-type":"","background-media":"","overlay-type":"","overlay-color":"","overlay-opacity":"","overlay-gradient":""},"tablet":{"background-color":"var(--ast-global-color-5)","background-image":"","background-repeat":"repeat","background-position":"center center","background-size":"auto","background-attachment":"scroll","background-type":"","background-media":"","overlay-type":"","overlay-color":"","overlay-opacity":"","overlay-gradient":""},"mobile":{"background-color":"var(--ast-global-color-5)","background-image":"","background-repeat":"repeat","background-position":"center center","background-size":"auto","background-attachment":"scroll","background-type":"","background-media":"","overlay-type":"","overlay-color":"","overlay-opacity":"","overlay-gradient":""}},"footnotes":""},"class_list":["post-346","page","type-page","status-publish","hentry"],"post_mailing_queue_ids":[],"_links":{"self":[{"href":"https:\/\/agora.xtec.cat\/iesjoanamigo\/wp-json\/wp\/v2\/pages\/346","targetHints":{"allow":["GET"]}}],"collection":[{"href":"https:\/\/agora.xtec.cat\/iesjoanamigo\/wp-json\/wp\/v2\/pages"}],"about":[{"href":"https:\/\/agora.xtec.cat\/iesjoanamigo\/wp-json\/wp\/v2\/types\/page"}],"author":[{"embeddable":true,"href":"https:\/\/agora.xtec.cat\/iesjoanamigo\/wp-json\/wp\/v2\/users\/1"}],"replies":[{"embeddable":true,"href":"https:\/\/agora.xtec.cat\/iesjoanamigo\/wp-json\/wp\/v2\/comments?post=346"}],"version-history":[{"count":3,"href":"https:\/\/agora.xtec.cat\/iesjoanamigo\/wp-json\/wp\/v2\/pages\/346\/revisions"}],"predecessor-version":[{"id":3658,"href":"https:\/\/agora.xtec.cat\/iesjoanamigo\/wp-json\/wp\/v2\/pages\/346\/revisions\/3658"}],"up":[{"embeddable":true,"href":"https:\/\/agora.xtec.cat\/iesjoanamigo\/wp-json\/wp\/v2\/pages\/2846"}],"wp:attachment":[{"href":"https:\/\/agora.xtec.cat\/iesjoanamigo\/wp-json\/wp\/v2\/media?parent=346"}],"curies":[{"name":"wp","href":"https:\/\/api.w.org\/{rel}","templated":true}]}}