{"id":19,"date":"2016-09-17T14:56:56","date_gmt":"2016-09-17T12:56:56","guid":{"rendered":"http:\/\/agora.xtec.cat\/iesjoanamigo\/?page_id=19"},"modified":"2025-11-05T14:06:50","modified_gmt":"2025-11-05T13:06:50","slug":"el-centre","status":"publish","type":"page","link":"https:\/\/agora.xtec.cat\/iesjoanamigo\/el-centre\/","title":{"rendered":"El centre"},"content":{"rendered":"<p>El nostre institut va n\u00e9ixer el curs 84-85 amb poc alumnat i any rera any s\u2019ha anat consolidant amb una oferta educativa de 1r a 4t d\u2019ESO, m\u00e9s el Cicle Formatiu de Grau Mitj\u00e0 de Sistemes Microinform\u00e0tics i Xarxes.\u00a0Actualment tenim consolidada l\u2019ESO (Educaci\u00f3 Secund\u00e0ria Obligat\u00f2ria) i tamb\u00e9 el Cicle Formatiu de Grau Mitj\u00e0 de Sistemes Microinform\u00e0tics i Xarxes per a tots els nois i noies de l\u2019Espluga de Francol\u00ed, Vimbod\u00ed-Poblet i altres pobles del voltant.<\/p>\n<p>El centre t\u00e9 com a principal objectiu d&#8217;aconseguir que en el futur el nostre alumnat sigui competent i h\u00e0bil, no nom\u00e9s des del vessant curricular sin\u00f3 des de l&#8217;interpersonal i socio-afectiu.<\/p>\n<p>Una manera d\u2019assolir aquesta fita \u00e9s utilitzant tots els recursos que tenim al nostre abast, com ara les noves tecnologies; d\u2019aqu\u00ed aquest espai web, que ens agradaria que fos una eina d\u2019informaci\u00f3, comunicaci\u00f3 i participaci\u00f3 de tots els membres de la comunitat educativa.<\/p>\n<p>En definitiva, us animo a utilitzar-lo i a prendre-hi part fent les consultes i els suggeriments que penseu que poden ser d\u2019inter\u00e8s i que ens podeu fer arribar per mitj\u00e0 del correu electr\u00f2nic del centre.<\/p>\n<p>Cordialment,<\/p>\n<p><em>Josep Besora Juanpere<\/em><\/p>\n","protected":false},"excerpt":{"rendered":"<p>El nostre institut va n\u00e9ixer el curs 84-85 amb poc alumnat i any rera any s\u2019ha anat consolidant amb una oferta educativa de 1r a 4t d\u2019ESO, m\u00e9s el Cicle Formatiu de Grau Mitj\u00e0 de Sistemes Microinform\u00e0tics i Xarxes.\u00a0Actualment tenim consolidada l\u2019ESO (Educaci\u00f3 Secund\u00e0ria Obligat\u00f2ria) i tamb\u00e9 el Cicle Formatiu de Grau Mitj\u00e0 de Sistemes [&hellip;]<\/p>\n","protected":false},"author":1,"featured_media":0,"parent":0,"menu_order":0,"comment_status":"closed","ping_status":"closed","template":"","meta":{"_bbp_topic_count":0,"_bbp_reply_count":0,"_bbp_total_topic_count":0,"_bbp_total_reply_count":0,"_bbp_voice_count":0,"_bbp_anonymous_reply_count":0,"_bbp_topic_count_hidden":0,"_bbp_reply_count_hidden":0,"_bbp_forum_subforum_count":0,"site-sidebar-layout":"default","site-content-layout":"","ast-site-content-layout":"default","site-content-style":"default","site-sidebar-style":"default","ast-global-header-display":"","ast-banner-title-visibility":"","ast-main-header-display":"","ast-hfb-above-header-display":"","ast-hfb-below-header-display":"","ast-hfb-mobile-header-display":"","site-post-title":"","ast-breadcrumbs-content":"","ast-featured-img":"","footer-sml-layout":"","theme-transparent-header-meta":"default","adv-header-id-meta":"","stick-header-meta":"","header-above-stick-meta":"","header-main-stick-meta":"","header-below-stick-meta":"","astra-migrate-meta-layouts":"set","ast-page-background-enabled":"default","ast-page-background-meta":{"desktop":{"background-color":"var(--ast-global-color-4)","background-image":"","background-repeat":"repeat","background-position":"center center","background-size":"auto","background-attachment":"scroll","background-type":"","background-media":"","overlay-type":"","overlay-color":"","overlay-opacity":"","overlay-gradient":""},"tablet":{"background-color":"","background-image":"","background-repeat":"repeat","background-position":"center center","background-size":"auto","background-attachment":"scroll","background-type":"","background-media":"","overlay-type":"","overlay-color":"","overlay-opacity":"","overlay-gradient":""},"mobile":{"background-color":"","background-image":"","background-repeat":"repeat","background-position":"center center","background-size":"auto","background-attachment":"scroll","background-type":"","background-media":"","overlay-type":"","overlay-color":"","overlay-opacity":"","overlay-gradient":""}},"ast-content-background-meta":{"desktop":{"background-color":"var(--ast-global-color-5)","background-image":"","background-repeat":"repeat","background-position":"center center","background-size":"auto","background-attachment":"scroll","background-type":"","background-media":"","overlay-type":"","overlay-color":"","overlay-opacity":"","overlay-gradient":""},"tablet":{"background-color":"var(--ast-global-color-5)","background-image":"","background-repeat":"repeat","background-position":"center center","background-size":"auto","background-attachment":"scroll","background-type":"","background-media":"","overlay-type":"","overlay-color":"","overlay-opacity":"","overlay-gradient":""},"mobile":{"background-color":"var(--ast-global-color-5)","background-image":"","background-repeat":"repeat","background-position":"center center","background-size":"auto","background-attachment":"scroll","background-type":"","background-media":"","overlay-type":"","overlay-color":"","overlay-opacity":"","overlay-gradient":""}},"footnotes":""},"class_list":["post-19","page","type-page","status-publish","hentry"],"post_mailing_queue_ids":[],"_links":{"self":[{"href":"https:\/\/agora.xtec.cat\/iesjoanamigo\/wp-json\/wp\/v2\/pages\/19","targetHints":{"allow":["GET"]}}],"collection":[{"href":"https:\/\/agora.xtec.cat\/iesjoanamigo\/wp-json\/wp\/v2\/pages"}],"about":[{"href":"https:\/\/agora.xtec.cat\/iesjoanamigo\/wp-json\/wp\/v2\/types\/page"}],"author":[{"embeddable":true,"href":"https:\/\/agora.xtec.cat\/iesjoanamigo\/wp-json\/wp\/v2\/users\/1"}],"replies":[{"embeddable":true,"href":"https:\/\/agora.xtec.cat\/iesjoanamigo\/wp-json\/wp\/v2\/comments?post=19"}],"version-history":[{"count":5,"href":"https:\/\/agora.xtec.cat\/iesjoanamigo\/wp-json\/wp\/v2\/pages\/19\/revisions"}],"predecessor-version":[{"id":7660,"href":"https:\/\/agora.xtec.cat\/iesjoanamigo\/wp-json\/wp\/v2\/pages\/19\/revisions\/7660"}],"wp:attachment":[{"href":"https:\/\/agora.xtec.cat\/iesjoanamigo\/wp-json\/wp\/v2\/media?parent=19"}],"curies":[{"name":"wp","href":"https:\/\/api.w.org\/{rel}","templated":true}]}}