{"id":6677,"date":"2021-01-15T18:17:23","date_gmt":"2021-01-15T17:17:23","guid":{"rendered":"https:\/\/agora.xtec.cat\/iesjaumecallis\/?page_id=6677"},"modified":"2021-05-18T13:49:40","modified_gmt":"2021-05-18T11:49:40","slug":"poefa","status":"publish","type":"page","link":"https:\/\/agora.xtec.cat\/iesjaumecallis\/poefa\/","title":{"rendered":"POEFA"},"content":{"rendered":"<p style=\"text-align: right;\"><img loading=\"lazy\" decoding=\"async\" class=\"alignnone size-medium wp-image-6752\" src=\"https:\/\/agora.xtec.cat\/iesjaumecallis\/wp-content\/uploads\/usu113\/2021\/02\/Logo-Poefa-G-300x187.png\" alt=\"\" width=\"300\" height=\"187\" srcset=\"https:\/\/agora.xtec.cat\/iesjaumecallis\/wp-content\/uploads\/usu113\/2021\/02\/Logo-Poefa-G-300x187.png 300w, https:\/\/agora.xtec.cat\/iesjaumecallis\/wp-content\/uploads\/usu113\/2021\/02\/Logo-Poefa-G.png 733w\" sizes=\"auto, (max-width: 300px) 100vw, 300px\" \/><\/p>\n<p class=\"gmail_default\" style=\"text-align: justify;\">Aquest curs 2020-2021 hem estat seleccionats per ser centre\u00a0POEFA\u00a0(Projectes amb oportunitats d\u2019\u00e8xit educatiu a favor de l\u2019alumnat), un programa de titularitat del Departament d\u2019Educaci\u00f3, en el marc del Programa operatiu d&#8217;ocupaci\u00f3, formaci\u00f3 i educaci\u00f3 del Fons Social Europeu 2014-2020.<\/p>\n<p class=\"gmail_default\" style=\"text-align: justify;\">L&#8217;objectiu del programa \u00e9s transformar l&#8217;educaci\u00f3 construint ecosistemes amb cultura \u00e8tica, pol\u00edtiques responsables i pr\u00e0ctiques sostenibles a trav\u00e9s d&#8217;estrat\u00e8gies per assolir l&#8217;\u00e8xit educatiu. Les prioritats s\u00f3n reduir l&#8217;abandonament escolar prematur, millorar l&#8217;acc\u00e9s a l&#8217;aprenentatge permanent i adequar el sistema educatiu al mercat de treball.<\/p>\n<p class=\"gmail_default\" style=\"text-align: justify;\">Els destinatari ser\u00e0 el nostre alumnat d&#8217;ESO i els projectes o activitats que volguem realitzar s&#8217;han d&#8217;adequar a les seg\u00fcents modalitats:<\/p>\n<p style=\"text-align: justify;\">Modalitat A. Accions de refor\u00e7 educatiu extern<br \/>\nModalitat B. Extensi\u00f3 educativa amb un component l\u00fadic<br \/>\nModalitat C. Orientaci\u00f3 a l\u2019alumnat amb talents singulars i<span class=\"gmail_default\">\u00a0<\/span>necessitats educatives espec\u00edfiques<br \/>\nModalitat D. Grups interactius per a la creaci\u00f3 de comunitat<br \/>\nModalitat E. Creaci\u00f3 d\u2019activitats i material educatiu de refor\u00e7\u00a0\u00a0<span style=\"color: #888888;\"><br clear=\"all\" \/><\/span><\/p>\n<p>&nbsp;<\/p>\n<p><b>TALLERS\/ACTIVITATS POEFA <\/b><b>curs 2020-21 i 2021-22<\/b><\/p>\n<table style=\"width: 753px;\">\n<tbody>\n<tr>\n<td style=\"width: 116.15px;\"><\/td>\n<td style=\"width: 628.85px;\"><b>CURS 2020-2021<\/b><\/td>\n<\/tr>\n<tr>\n<td style=\"width: 116.15px;\" rowspan=\"2\">1r ESO<\/td>\n<td style=\"width: 628.85px;\">\n<ul>\n<li aria-level=\"1\">AL CENTRE: Taller corporal amb Santi Serratosa<\/li>\n<\/ul>\n<\/td>\n<\/tr>\n<tr>\n<td style=\"width: 628.85px;\">\n<ul>\n<li aria-level=\"1\">FORA DEL CENTRE :Cinema espiritual (Religi\u00f3 i Cultura i valors \u00e8tics)<\/li>\n<\/ul>\n<\/td>\n<\/tr>\n<tr>\n<td style=\"width: 116.15px;\" rowspan=\"2\">2n ESO<\/td>\n<td style=\"width: 628.85px;\">\n<ul>\n<li aria-level=\"1\">AL CENTRE: Explora dansa amb Mouenarts<\/li>\n<\/ul>\n<\/td>\n<\/tr>\n<tr>\n<td style=\"width: 628.85px;\">\n<ul>\n<li aria-level=\"1\">FORA DEL CENTRE Cinema espiritual (Religi\u00f3 i Cultura i valors \u00e8tics)<\/li>\n<\/ul>\n<\/td>\n<\/tr>\n<tr>\n<td style=\"width: 116.15px;\" rowspan=\"3\">3r ESO<\/td>\n<td style=\"width: 628.85px;\">\n<ul>\n<li aria-level=\"1\">AL CENTRE: Taller sexualitat i autoestima. Osona ioga<\/li>\n<\/ul>\n<\/td>\n<\/tr>\n<tr>\n<td style=\"width: 628.85px;\">\n<ul>\n<li aria-level=\"1\">FORA DEL CENTRE Cinema espiritual (Religi\u00f3 i Cultura i valors \u00e8tics)<\/li>\n<\/ul>\n<\/td>\n<\/tr>\n<tr>\n<td style=\"width: 628.85px;\">\n<ul>\n<li aria-level=\"1\">FORA DEL CENTRE: Sortida a N\u00faria<\/li>\n<\/ul>\n<\/td>\n<\/tr>\n<tr>\n<td style=\"width: 116.15px;\" rowspan=\"3\">4t ESO<\/td>\n<td style=\"width: 628.85px;\">\n<ul>\n<li aria-level=\"1\">AL CENTRE: Versembrant<\/li>\n<\/ul>\n<\/td>\n<\/tr>\n<tr>\n<td style=\"width: 628.85px;\">\n<ul>\n<li aria-level=\"1\">FORA DEL CENTRE: Gimcana \u201cGame of thrones\u201d gaa Girona (Bus)<\/li>\n<\/ul>\n<\/td>\n<\/tr>\n<tr>\n<td style=\"width: 628.85px;\">\n<ul>\n<li aria-level=\"1\">Cinema espiritual (Religi\u00f3 i Cultura i valors \u00e8tics)<\/li>\n<\/ul>\n<\/td>\n<\/tr>\n<tr>\n<td style=\"width: 116.15px;\">AA<\/td>\n<td style=\"width: 628.85px;\">\n<ul>\n<li aria-level=\"1\">Llibres<\/li>\n<li aria-level=\"1\">Jocs de taula<\/li>\n<\/ul>\n<\/td>\n<\/tr>\n<tr>\n<td style=\"width: 116.15px;\">SIEI<\/td>\n<td style=\"width: 628.85px;\">\n<ul>\n<li aria-level=\"1\">Equinoter\u00e0pia<\/li>\n<li aria-level=\"1\">Tallers de Cuina<\/li>\n<li aria-level=\"1\">Sessions de Nataci\u00f3<\/li>\n<\/ul>\n<\/td>\n<\/tr>\n<tr>\n<td style=\"width: 116.15px;\">Altres<\/td>\n<td style=\"width: 628.85px;\">\n<ul>\n<li aria-level=\"1\">Adquisici\u00f3 literatura juvenil Biblioteca<\/li>\n<\/ul>\n<\/td>\n<\/tr>\n<\/tbody>\n<\/table>\n<p style=\"text-align: center;\">\n","protected":false},"excerpt":{"rendered":"<p>Aquest curs 2020-2021 hem estat seleccionats per ser centre\u00a0POEFA\u00a0(Projectes amb oportunitats d\u2019\u00e8xit educatiu a favor de l\u2019alumnat), un programa de titularitat del Departament d\u2019Educaci\u00f3, en el marc del Programa operatiu d&#8217;ocupaci\u00f3, formaci\u00f3 i educaci\u00f3 del Fons Social Europeu 2014-2020. L&#8217;objectiu del programa \u00e9s transformar l&#8217;educaci\u00f3 construint ecosistemes amb cultura \u00e8tica, pol\u00edtiques responsables i pr\u00e0ctiques sostenibles [&hellip;]<\/p>\n","protected":false},"author":1,"featured_media":0,"parent":0,"menu_order":0,"comment_status":"closed","ping_status":"closed","template":"","meta":{"_bbp_topic_count":0,"_bbp_reply_count":0,"_bbp_total_topic_count":0,"_bbp_total_reply_count":0,"_bbp_voice_count":0,"_bbp_anonymous_reply_count":0,"_bbp_topic_count_hidden":0,"_bbp_reply_count_hidden":0,"_bbp_forum_subforum_count":0,"site-sidebar-layout":"default","site-content-layout":"","ast-site-content-layout":"","site-content-style":"default","site-sidebar-style":"default","ast-global-header-display":"","ast-banner-title-visibility":"","ast-main-header-display":"","ast-hfb-above-header-display":"","ast-hfb-below-header-display":"","ast-hfb-mobile-header-display":"","site-post-title":"","ast-breadcrumbs-content":"","ast-featured-img":"","footer-sml-layout":"","theme-transparent-header-meta":"","adv-header-id-meta":"","stick-header-meta":"","header-above-stick-meta":"","header-main-stick-meta":"","header-below-stick-meta":"","astra-migrate-meta-layouts":"default","ast-page-background-enabled":"default","ast-page-background-meta":{"desktop":{"background-color":"var(--ast-global-color-4)","background-image":"","background-repeat":"repeat","background-position":"center center","background-size":"auto","background-attachment":"scroll","background-type":"","background-media":"","overlay-type":"","overlay-color":"","overlay-opacity":"","overlay-gradient":""},"tablet":{"background-color":"","background-image":"","background-repeat":"repeat","background-position":"center center","background-size":"auto","background-attachment":"scroll","background-type":"","background-media":"","overlay-type":"","overlay-color":"","overlay-opacity":"","overlay-gradient":""},"mobile":{"background-color":"","background-image":"","background-repeat":"repeat","background-position":"center center","background-size":"auto","background-attachment":"scroll","background-type":"","background-media":"","overlay-type":"","overlay-color":"","overlay-opacity":"","overlay-gradient":""}},"ast-content-background-meta":{"desktop":{"background-color":"var(--ast-global-color-5)","background-image":"","background-repeat":"repeat","background-position":"center center","background-size":"auto","background-attachment":"scroll","background-type":"","background-media":"","overlay-type":"","overlay-color":"","overlay-opacity":"","overlay-gradient":""},"tablet":{"background-color":"var(--ast-global-color-5)","background-image":"","background-repeat":"repeat","background-position":"center center","background-size":"auto","background-attachment":"scroll","background-type":"","background-media":"","overlay-type":"","overlay-color":"","overlay-opacity":"","overlay-gradient":""},"mobile":{"background-color":"var(--ast-global-color-5)","background-image":"","background-repeat":"repeat","background-position":"center center","background-size":"auto","background-attachment":"scroll","background-type":"","background-media":"","overlay-type":"","overlay-color":"","overlay-opacity":"","overlay-gradient":""}},"footnotes":""},"class_list":["post-6677","page","type-page","status-publish","hentry"],"post_mailing_queue_ids":[],"_links":{"self":[{"href":"https:\/\/agora.xtec.cat\/iesjaumecallis\/wp-json\/wp\/v2\/pages\/6677","targetHints":{"allow":["GET"]}}],"collection":[{"href":"https:\/\/agora.xtec.cat\/iesjaumecallis\/wp-json\/wp\/v2\/pages"}],"about":[{"href":"https:\/\/agora.xtec.cat\/iesjaumecallis\/wp-json\/wp\/v2\/types\/page"}],"author":[{"embeddable":true,"href":"https:\/\/agora.xtec.cat\/iesjaumecallis\/wp-json\/wp\/v2\/users\/1"}],"replies":[{"embeddable":true,"href":"https:\/\/agora.xtec.cat\/iesjaumecallis\/wp-json\/wp\/v2\/comments?post=6677"}],"version-history":[{"count":3,"href":"https:\/\/agora.xtec.cat\/iesjaumecallis\/wp-json\/wp\/v2\/pages\/6677\/revisions"}],"predecessor-version":[{"id":7236,"href":"https:\/\/agora.xtec.cat\/iesjaumecallis\/wp-json\/wp\/v2\/pages\/6677\/revisions\/7236"}],"wp:attachment":[{"href":"https:\/\/agora.xtec.cat\/iesjaumecallis\/wp-json\/wp\/v2\/media?parent=6677"}],"curies":[{"name":"wp","href":"https:\/\/api.w.org\/{rel}","templated":true}]}}