{"id":2593,"date":"2018-05-14T08:53:48","date_gmt":"2018-05-14T06:53:48","guid":{"rendered":"http:\/\/agora.xtec.cat\/iesitaca\/?page_id=2593"},"modified":"2020-07-07T12:16:29","modified_gmt":"2020-07-07T10:16:29","slug":"preinscripcio-i-matricula-batxillerat-curs-2020-2021","status":"publish","type":"page","link":"https:\/\/agora.xtec.cat\/iesitaca\/secretaria\/preinscripcio-i-matricula-batxillerat-curs-2020-2021\/","title":{"rendered":"MATR\u00cdCULA BATXILLERAT CURS 2020-2021"},"content":{"rendered":"<p><a href=\"https:\/\/drive.google.com\/file\/d\/1KFzFAoZTG620V2ImK6lru_Uv_AwQMVg-\/view?usp=sharing\" target=\"_blank\" rel=\"noopener noreferrer\">Llista d&#8217;assignaci\u00f3.<\/a><\/p>\n<p><strong>MATR\u00cdCULA TELEM\u00c0TICA. <\/strong><\/p>\n<p>Cal enviar la documentaci\u00f3 escanejada o fotografiada per correu electr\u00f2nic a l\u2019adre\u00e7a oficial del centre (a8047509@xtec.cat). <a href=\"https:\/\/drive.google.com\/file\/d\/1ZLVftfxEcWKXVXwT03vUm1Y77H9kLTPQ\/view?usp=sharing\" target=\"_blank\" rel=\"noopener noreferrer\">DOCUMENTACI\u00d3<\/a>, <span style=\"text-decoration: underline;\">del 8 al 14 de juliol (abans de les 13.30 h)<\/span>.<\/p>\n<p><strong>MATR\u00cdCULA PRESENCIAL<\/strong><\/p>\n<p>Es podr\u00e0 fer la matr\u00edcula presencialment al centre els dies 13 i 14 de juliol (de 9h a 13.30h). En aquest cas, cal demanar cita pr\u00e8via al centre utilitzant l&#8217;aplicaci\u00f3 <strong><a href=\"https:\/\/aplicacions.gestioeducativa.gencat.cat\/pls\/apex\/f?p=CITA_PREVIA:4::::4:P4_TIPUS_CALENDARI,P4_DOMINI:03_BATX,08047509\" target=\"_blank\" rel=\"noopener noreferrer\">CITA PR\u00c8VIA<\/a><\/strong> o per tel\u00e8fon (93 630 35 84).<\/p>\n<p>&nbsp;<\/p>\n<p><strong>PREINSCRIPCI\u00d3<\/strong><\/p>\n<p>Presentaci\u00f3 de sol\u00b7licitud electr\u00f2nica: <u>del 27 de maig al 3 de juny<\/u>.<\/p>\n<p>Presentaci\u00f3 de sol\u00b7licituds amb suport inform\u00e0tic (amb cita pr\u00e8via): <span style=\"text-decoration: underline;\">2 i 3 de juny<\/span>.<\/p>\n<p>Presentaci\u00f3 de documentaci\u00f3: fins el 4 de juny.<\/p>\n<p>CODI CENTRE INSTITUT \u00cdTACA:\u00a0<strong>08047509<\/strong><\/p>\n<p><a href=\"http:\/\/mapaescolar.gencat.cat\/\" target=\"_blank\" rel=\"noopener noreferrer\">Oferta inicial de places.<\/a><\/p>\n<p><a href=\"https:\/\/drive.google.com\/file\/d\/1QV3H5FHliA0mAViPZibRwO01ahpriHxa\/view?usp=sharing\" target=\"_blank\" rel=\"noopener noreferrer\">Publicaci\u00f3 de la llista de barem provisional.<\/a> (15 de juny).<\/p>\n<p><a href=\"https:\/\/drive.google.com\/file\/d\/1RhImwkw72AC0znnBUiQQf-Fs3gVht919\/view?usp=sharing\" target=\"_blank\" rel=\"noopener noreferrer\">Publicaci\u00f3 de la llista de barem definitiu<\/a> (26 de juny).<\/p>\n<p>Presentaci\u00f3 de reclamacions al barem provisional del 16 al 18 de juny.<\/p>\n<p>Sol\u00b7licitud:<\/p>\n<ul>\n<li>Per internet: <a href=\"http:\/\/ensenyament.gencat.cat\/ca\/tramits\/tramits-temes\/9388-batxillerat?moda=1\" target=\"_blank\" rel=\"noopener noreferrer\">Sol\u00b7licitud electr\u00f2nica<\/a>.<\/li>\n<li>Presencialment: <a href=\"http:\/\/ensenyament.gencat.cat\/ca\/tramits\/tramits-temes\/9388-batxillerat?moda=1\" target=\"_blank\" rel=\"noopener noreferrer\">Sol\u00b7licitud amb suport inform\u00e0tic.<\/a><\/li>\n<\/ul>\n<p>Per demanar\u00a0<a href=\"https:\/\/aplicacions.gestioeducativa.gencat.cat\/pls\/apex\/f?p=CITA_PREVIA:4::::4:P4_TIPUS_CALENDARI,P4_DOMINI:01_BATX,08047509\" target=\"_blank\" rel=\"noopener noreferrer\"><strong>CITA PR\u00c8VIA. <\/strong><\/a><em>(a partir del 26 de maig).<\/em><\/p>\n<p>S\u2019elimina la necessitat de presentar la sol\u00b7licitud i la documentaci\u00f3 en paper al centre. Es promou la presentaci\u00f3 de la\u00a0<u>sol\u00b7licitud amb suport inform\u00e0tic<\/u>. Una vegada enviades les dades, s\u2019obt\u00e9 el resguard de la sol\u00b7licitud que\u00a0<strong>cal enviar per correu electr\u00f2nic a l\u2019adre\u00e7a oficial del centre (a8047509@xtec.cat)<\/strong>, juntament amb la documentaci\u00f3 identificativa i acreditativa de les circumst\u00e0ncies al\u00b7legades, escanejada o fotografiada (per les dues cares).<\/p>\n<p>El tr\u00e0mit de la presentaci\u00f3\u00a0<u>es pot realitzar presencialment<\/u>, per a casos excepcionals. Per als casos en qu\u00e8 la fam\u00edlia no pugui fer el tr\u00e0mit telem\u00e0ticament, aquesta es podr\u00e0 presentar presencialment al centre. En aquest cas, es podr\u00e0 demanar\u00a0<strong>cita pr\u00e8via<\/strong> al centre utilitzant una aplicaci\u00f3 o per tel\u00e8fon (93 630 35 84), del 27 de maig al 3 de juny de 9 h a 13.30 h.<\/p>\n<p>Com es far\u00e0 l\u2019atenci\u00f3 presencial:<\/p>\n<ul>\n<li>al centre ha de venir el menor nombre possible de persones a fer les gestions<br \/>\n(preferiblement, una sola persona);<\/li>\n<li>cal recordar que s\u2019ha de portar la documentaci\u00f3 per a poder-la escanejar o<br \/>\nfotocopiar i, si pot ser, la sol\u00b7licitud emplenada des de casa. En el cas que d\u2019emplenar la sol\u00b7licitud en paper, conv\u00e9 que portin el seu propi bol\u00edgraf;<\/li>\n<li>recordar la obligaci\u00f3 de portar mascareta;<\/li>\n<li>no han d\u2019acudir al centre les persones de grups d\u2019especial vulnerabilitat o en<br \/>\nper\u00edode de confinament, o que presentin s\u00edmptomes; en aquest cas, poden<br \/>\nautoritzar per escrit a una altra persona a portar la sol\u00b7licitud i la documentaci\u00f3.<\/li>\n<\/ul>\n<p><a href=\"http:\/\/ensenyament.gencat.cat\/ca\/tramits\/tramits-temes\/9388-batxillerat\" target=\"_blank\" rel=\"noopener noreferrer\">Web de la preinscripci\u00f3 de la Generalitat de Catalunya.<\/a><\/p>\n<p>Documentaci\u00f3:<\/p>\n<ol>\n<li>El formulari de sol\u00b7licitud s\u2019ha de presentar, en tots els casos, acompanyat dels\u00a0<strong>documents\u00a0<\/strong>seg\u00fcents:\n<ul>\n<li>Original i fotoc\u00f2pia del\u00a0llibre de fam\u00edlia o altres documents relatius a la filiaci\u00f3. Si l\u2019alumne o alumna est\u00e0 en situaci\u00f3 d\u2019acolliment, la resoluci\u00f3 d\u2019acolliment del Departament de Treball, Afers Socials i Fam\u00edlies.<\/li>\n<li>Original i fotoc\u00f2pia del DNI de la persona sol\u00b7licitant (pare, mare, tutor\/a o guardador\/a de fet) o, si el sol\u00b7licitant \u00e9s estranger, de la targeta de resid\u00e8ncia on consta el NIE o el passaport. Si es tracta d\u2019estrangers comunitaris, document d\u2019identitat del pa\u00eds d\u2019origen.<\/li>\n<li>Original i fotoc\u00f2pia del DNI\u00a0de l\u2019alumne o alumna major de 14 anys o si t\u00e9 DNI tot i ser menor de 14 anys.<\/li>\n<li>Original i fotoc\u00f2pia de la targeta sanit\u00e0ria individual (TSI) del nen o la nena, si se\u2019n disposa.<\/li>\n<\/ul>\n<\/li>\n<\/ol>\n<p>De forma extraordin\u00e0ria, les dades d\u2019identificaci\u00f3 o de filiaci\u00f3 dels\u00a0<strong>alumnes estrangers<\/strong>\u00a0tamb\u00e9 es poden acreditar amb el document d\u2019identitat, el llibre de fam\u00edlia del pa\u00eds d\u2019origen o la documentaci\u00f3 alternativa que la persona pugui aportar. El director o directora del centre la valorar\u00e0 i deixar\u00e0 const\u00e0ncia per escrit de la decisi\u00f3 adoptada.<\/p>\n<ol start=\"2\">\n<li><strong>Documentaci\u00f3 acreditativa del criteri o dels criteris de prioritat\u00a0<\/strong>(s\u2019ha de presentar nom\u00e9s per al criteri o els criteris de prioritat al\u00b7legats a la sol\u00b7licitud de preinscripci\u00f3).<\/li>\n<\/ol>\n<h5>\u00a0Expedient acad\u00e8mic:<\/h5>\n<ul>\n<li>Certificaci\u00f3 acad\u00e8mica de la qualificaci\u00f3 mitjana de l\u2019expedient dels estudis que permeten l\u2019acc\u00e9s al batxillerat, o si l\u2019alumne encara cursa els estudis: certificat de la qualificaci\u00f3 mitjana dels cursos ja avaluats definitivament, en ambd\u00f3s casos, calculada amb dos decimals.<\/li>\n<li>Si es tracta d\u2019estudis antics: original i fotoc\u00f2pia de la p\u00e0gina 27 del llibre d\u2019escolaritat d\u2019ensenyament b\u00e0sic, si hi apareix la qualificaci\u00f3 mitjana de l\u2019etapa en forma num\u00e8rica.<\/li>\n<\/ul>\n<h4>Documentaci\u00f3 que cal presentar en tots els casos:<\/h4>\n<ul>\n<li>Original i fotoc\u00f2pia del DNI, NIE o passaport de l\u2019alumne.<\/li>\n<\/ul>\n<p>Si l\u2019alumne \u00e9s menor d\u2019edat tamb\u00e9 s\u2019ha de presentar:<\/p>\n<ul>\n<li>Original i fotoc\u00f2pia del llibre de fam\u00edlia o altres documents relatius a la filiaci\u00f3.<\/li>\n<\/ul>\n<p>Original i fotoc\u00f2pia del DNI, NIE o passaport de la persona sol\u00b7licitant (pare, mare, tutor o tutora o guardador o guardadora de fet<\/p>\n<p>&nbsp;<\/p>\n","protected":false},"excerpt":{"rendered":"<p><a href=\"https:\/\/drive.google.com\/file\/d\/1KFzFAoZTG620V2ImK6lru_Uv_AwQMVg-\/view?usp=sharing\" target=\"_blank\" rel=\"noopener noreferrer\">Llista d&#8217;assignaci\u00f3.<\/a><br \/>\nMATR\u00cdCULA TELEM\u00c0TICA.<br \/>\nCal enviar la documentaci\u00f3 escanejada o fotografiada per correu electr\u00f2nic a l\u2019adre\u00e7a oficial del centre (a8047509@xtec.cat). <a href=\"https:\/\/drive.google.com\/file\/d\/1ZLVftfxEcWKXVXwT03vUm1Y77H9kLTPQ\/view?usp=sharing\" target=\"_blank\" rel=\"noopener noreferrer\">DOCUMENTACI\u00d3<\/a>, del 8 al 14 de juliol (abans de les 13.30 h).<br \/>\nMATR\u00cdCULA PRESENCIAL<br \/>\nEs podr\u00e0 fer la matr\u00edcula presencialment&hellip;  <a href=\"https:\/\/agora.xtec.cat\/iesitaca\/secretaria\/preinscripcio-i-matricula-batxillerat-curs-2020-2021\/\" title=\"Read MATR\u00cdCULA BATXILLERAT CURS 2020-2021\">Llegeix m\u00e9s\u00bb<\/a><\/p>\n","protected":false},"author":1,"featured_media":0,"parent":81,"menu_order":0,"comment_status":"closed","ping_status":"closed","template":"page-templates\/side-menu.php","meta":{"_bbp_topic_count":0,"_bbp_reply_count":0,"_bbp_total_topic_count":0,"_bbp_total_reply_count":0,"_bbp_voice_count":0,"_bbp_anonymous_reply_count":0,"_bbp_topic_count_hidden":0,"_bbp_reply_count_hidden":0,"_bbp_forum_subforum_count":0,"footnotes":""},"class_list":["post-2593","page","type-page","status-publish","hentry"],"post_mailing_queue_ids":[],"_links":{"self":[{"href":"https:\/\/agora.xtec.cat\/iesitaca\/wp-json\/wp\/v2\/pages\/2593","targetHints":{"allow":["GET"]}}],"collection":[{"href":"https:\/\/agora.xtec.cat\/iesitaca\/wp-json\/wp\/v2\/pages"}],"about":[{"href":"https:\/\/agora.xtec.cat\/iesitaca\/wp-json\/wp\/v2\/types\/page"}],"author":[{"embeddable":true,"href":"https:\/\/agora.xtec.cat\/iesitaca\/wp-json\/wp\/v2\/users\/1"}],"replies":[{"embeddable":true,"href":"https:\/\/agora.xtec.cat\/iesitaca\/wp-json\/wp\/v2\/comments?post=2593"}],"version-history":[{"count":4,"href":"https:\/\/agora.xtec.cat\/iesitaca\/wp-json\/wp\/v2\/pages\/2593\/revisions"}],"predecessor-version":[{"id":5239,"href":"https:\/\/agora.xtec.cat\/iesitaca\/wp-json\/wp\/v2\/pages\/2593\/revisions\/5239"}],"up":[{"embeddable":true,"href":"https:\/\/agora.xtec.cat\/iesitaca\/wp-json\/wp\/v2\/pages\/81"}],"wp:attachment":[{"href":"https:\/\/agora.xtec.cat\/iesitaca\/wp-json\/wp\/v2\/media?parent=2593"}],"curies":[{"name":"wp","href":"https:\/\/api.w.org\/{rel}","templated":true}]}}