{"id":2442,"date":"2018-04-25T14:20:06","date_gmt":"2018-04-25T12:20:06","guid":{"rendered":"http:\/\/agora.xtec.cat\/iesitaca\/?page_id=2442"},"modified":"2023-09-02T11:55:22","modified_gmt":"2023-09-02T09:55:22","slug":"curriculum","status":"publish","type":"page","link":"https:\/\/agora.xtec.cat\/iesitaca\/curriculum\/","title":{"rendered":"Curr\u00edculum"},"content":{"rendered":"<p>Aqu\u00ed trobareu tota la informaci\u00f3 relativa al curr\u00edculum vigent a Catalunya en l&#8217;\u00e0mbit de la Educaci\u00f3 Secund\u00e0ria Obligat\u00f2ria i del Batxillerat:<\/p>\n<h3><b>CURR\u00cdCULUM ESO<\/b><\/h3>\n<table>\n<tbody>\n<tr>\n<td><span style=\"font-weight: 400;\">Mat\u00e8ries<\/span><\/td>\n<td><span style=\"font-weight: 400;\">1r ESO<\/span><\/td>\n<td><span style=\"font-weight: 400;\">2n ESO<\/span><\/td>\n<td><span style=\"font-weight: 400;\">3r ESO<\/span><\/td>\n<td><span style=\"font-weight: 400;\">4r ESO<\/span><\/td>\n<\/tr>\n<tr>\n<td><b>Llengua Catalana i Literatura\u00a0<\/b><\/td>\n<td><b>3<\/b><\/td>\n<td><b>3<\/b><\/td>\n<td><b>3<\/b><\/td>\n<td><b>4<\/b><\/td>\n<\/tr>\n<tr>\n<td><b>Llengua Castellana i Literatura\u00a0<\/b><\/td>\n<td><b>3<\/b><\/td>\n<td><b>3<\/b><\/td>\n<td><b>3<\/b><\/td>\n<td><b>4<\/b><\/td>\n<\/tr>\n<tr>\n<td><b>Llengua Estrangera\u00a0<\/b><\/td>\n<td><b>3<\/b><\/td>\n<td><b>4<\/b><\/td>\n<td><b>3<\/b><\/td>\n<td><b>4<\/b><\/td>\n<\/tr>\n<tr>\n<td><b>Matem\u00e0tiques\u00a0<\/b><\/td>\n<td><b>3<\/b><\/td>\n<td><b>4<\/b><\/td>\n<td><b>4<\/b><\/td>\n<td><b>4<\/b><\/td>\n<\/tr>\n<tr>\n<td><b>Educaci\u00f3 F\u00edsica\u00a0<\/b><\/td>\n<td><b>2<\/b><\/td>\n<td><b>2<\/b><\/td>\n<td><b>2<\/b><\/td>\n<td><b>2<\/b><\/td>\n<\/tr>\n<tr>\n<td><b>Religi\u00f3 \/ Projecte en hores de gesti\u00f3<\/b><\/td>\n<td><b>1<\/b><\/td>\n<td><b>1<\/b><\/td>\n<td><b>1<\/b><\/td>\n<td><b>1<\/b><\/td>\n<\/tr>\n<tr>\n<td><b>Geografia i Hist\u00f2ria\u00a0<\/b><\/td>\n<td><b>2<\/b><\/td>\n<td><b>3<\/b><\/td>\n<td><b>3<\/b><\/td>\n<td><b>3<\/b><\/td>\n<\/tr>\n<tr>\n<td><b>Tutoria\u00a0<\/b><\/td>\n<td><b>1<\/b><\/td>\n<td><b>1<\/b><\/td>\n<td><b>1<\/b><\/td>\n<td><b>1<\/b><\/td>\n<\/tr>\n<tr>\n<td><b>Biologia i Geologia\u00a0<\/b><\/td>\n<td><b>2<\/b><\/td>\n<td><\/td>\n<td><b>2<\/b><\/td>\n<td><b>&#8211;<\/b><\/td>\n<\/tr>\n<tr>\n<td><b>F\u00edsica i Qu\u00edmica\u00a0<\/b><\/td>\n<td><b>&#8211;<\/b><\/td>\n<td><b>3<\/b><\/td>\n<td><b>2<\/b><\/td>\n<td><b>&#8211;<\/b><\/td>\n<\/tr>\n<tr>\n<td><b>M\u00fasica\u00a0<\/b><\/td>\n<td><b>2<\/b><\/td>\n<td><b>2<\/b><\/td>\n<td><b>&#8211;<\/b><\/td>\n<td><b>&#8211;<\/b><\/td>\n<\/tr>\n<tr>\n<td><b>Educaci\u00f3 Pl\u00e0stica, Visual i Audiovisual\u00a0<\/b><\/td>\n<td><b>2<\/b><\/td>\n<td><\/td>\n<td><b>2<\/b><\/td>\n<td><b>&#8211;<\/b><\/td>\n<\/tr>\n<tr>\n<td><b>Tecnologia i Digitalitzaci\u00f3\u00a0<\/b><\/td>\n<td><b>2<\/b><\/td>\n<td><b>2<\/b><\/td>\n<td><b>2<\/b><\/td>\n<td><b>&#8211;<\/b><\/td>\n<\/tr>\n<tr>\n<td><b>Optatives (*)<\/b><\/td>\n<td><b>2<\/b><\/td>\n<td><b>2<\/b><\/td>\n<td><b>2<\/b><\/td>\n<td><b>&#8211;<\/b><\/td>\n<\/tr>\n<tr>\n<td><b>Treball per projectes<\/b><\/td>\n<td><b>2<\/b><\/td>\n<td><b>&#8211;<\/b><\/td>\n<td><b>&#8211;<\/b><\/td>\n<td><b>&#8211;<\/b><\/td>\n<\/tr>\n<tr>\n<td><b>Educaci\u00f3 Valors \u00c8tics i C\u00edvics<\/b><\/td>\n<td><b>&#8211;<\/b><\/td>\n<td><b>&#8211;<\/b><\/td>\n<td><b>&#8211;<\/b><\/td>\n<td><b>1<\/b><\/td>\n<\/tr>\n<tr>\n<td><b>Itinerari 1<\/b><\/td>\n<td><b>&#8211;<\/b><\/td>\n<td><b>&#8211;<\/b><\/td>\n<td><b>&#8211;<\/b><\/td>\n<td><b>2<\/b><\/td>\n<\/tr>\n<tr>\n<td><b>Itinerari 2<\/b><\/td>\n<td><b>&#8211;<\/b><\/td>\n<td><b>&#8211;<\/b><\/td>\n<td><b>&#8211;<\/b><\/td>\n<td><b>2<\/b><\/td>\n<\/tr>\n<tr>\n<td><b>Optativa<\/b><\/td>\n<td><b>&#8211;<\/b><\/td>\n<td><b>&#8211;<\/b><\/td>\n<td><b>&#8211;<\/b><\/td>\n<td><b>2<\/b><\/td>\n<\/tr>\n<\/tbody>\n<\/table>\n<p><b>Optatives 1r,2n i 3r d\u2019ESO<\/b><\/p>\n<p>&nbsp;<\/p>\n<table>\n<tbody>\n<tr>\n<td><b>1r ESO<\/b><\/td>\n<td><b>2n ESO<\/b><\/td>\n<td><b>3r ESO<\/b><\/td>\n<\/tr>\n<tr>\n<td><b>Franc\u00e8s<\/b><\/p>\n<p><b>Cultura Cl\u00e0ssica: mitolog\u00eda\u00a0<\/b><\/p>\n<p><b>Esports alternatius\u00a0<\/b><\/p>\n<p><b>\u00c9ssers vius: Els Cinc Regnes<\/b><\/p>\n<p><b>\u00a0<\/b><\/td>\n<td><b>Franc\u00e8s<\/b><\/p>\n<p><b>Emprenedoria<\/b><\/p>\n<p><b>Multiesports i salut<\/b><\/p>\n<p><b>C\u00f2mic i Manga\u00a0<\/b><\/td>\n<td><b>Franc\u00e8s<\/b><\/p>\n<p><b>Rob\u00f2tica i Programaci\u00f3\u00a0<\/b><\/p>\n<p><b>Xperimenta (Biologia i Geologia)\u00a0<\/b><\/p>\n<p><b>Xperimenta (F\u00edsica i Qu\u00edmica)\u00a0<\/b><\/p>\n<p><b>Literatura, M\u00fasica i Cinema<\/b><\/p>\n<p><b>\u00a0<\/b><\/td>\n<\/tr>\n<\/tbody>\n<\/table>\n<h6><b>Mat\u00e8ries Itinerari 4t ESO<\/b><\/h6>\n<table>\n<tbody>\n<tr>\n<td><b>Itinerari 1<\/b><\/td>\n<td><b>Itinerari 2<\/b><\/td>\n<td><b>Itinerari 3<\/b><\/td>\n<td><b>Aula Oberta<\/b><\/td>\n<\/tr>\n<tr>\n<td><b>Tecnologia<\/b><\/p>\n<p><b>Digitalitzaci\u00f3<\/b><\/td>\n<td><b>F\u00edsica i Qu\u00edmica<\/b><\/p>\n<p><b>Biologia i Geologia<\/b><\/td>\n<td><b>Llat\u00ed\u00a0<\/b><\/p>\n<p><b>Emprenedoria<\/b><\/td>\n<td><b>Tecnologia<\/b><\/p>\n<p><b>Digitalitzaci\u00f3<\/b><\/td>\n<\/tr>\n<\/tbody>\n<\/table>\n<h6><b>Mat\u00e8ries Optatives 4t ESO<\/b><\/h6>\n<table>\n<tbody>\n<tr>\n<td colspan=\"3\"><b>4t ESO<\/b><\/td>\n<\/tr>\n<tr>\n<td colspan=\"3\">\n<ul>\n<li style=\"font-weight: 400;\" aria-level=\"1\"><span style=\"font-weight: 400;\">Arts Esc\u00e8niques i Dansa (CIATE)<\/span><\/li>\n<li style=\"font-weight: 400;\" aria-level=\"1\"><span style=\"font-weight: 400;\">Economia B\u00e0sica<\/span><\/li>\n<li style=\"font-weight: 400;\" aria-level=\"1\"><span style=\"font-weight: 400;\">Expressi\u00f3 Art\u00edstica (Dibuix T\u00e8cnic)<\/span><\/li>\n<li style=\"font-weight: 400;\" aria-level=\"1\"><span style=\"font-weight: 400;\">F\u00edsica i Qu\u00edmica<\/span><\/li>\n<li style=\"font-weight: 400;\" aria-level=\"1\"><span style=\"font-weight: 400;\">M\u00fasica<\/span><\/li>\n<li style=\"font-weight: 400;\" aria-level=\"1\"><span style=\"font-weight: 400;\">Segona Llengua Estrangera<\/span><\/li>\n<\/ul>\n<\/td>\n<\/tr>\n<\/tbody>\n<\/table>\n<h3><b>CURR\u00cdCULUM BATXILLERAT<\/b><\/h3>\n<table>\n<tbody>\n<tr>\n<td><b>PART COMUNA<\/b><\/td>\n<td><b>1r<\/b><\/td>\n<td><b>2n<\/b><\/td>\n<\/tr>\n<tr>\n<td><b>Ll. catalana i literatura<\/b><\/td>\n<td><b>2<\/b><\/td>\n<td><b>2<\/b><\/td>\n<\/tr>\n<tr>\n<td><b>Ll. castellana i literatura<\/b><\/td>\n<td><b>2<\/b><\/td>\n<td><b>2<\/b><\/td>\n<\/tr>\n<tr>\n<td><b>Ll. estrangera (Angl\u00e8s)<\/b><\/td>\n<td><b>3<\/b><\/td>\n<td><b>3<\/b><\/td>\n<\/tr>\n<tr>\n<td><b>Filosofia<\/b><\/td>\n<td><b>2<\/b><\/td>\n<td><b>&#8211;<\/b><\/td>\n<\/tr>\n<tr>\n<td><b>Hist\u00f2ria de la Filosofia<\/b><\/td>\n<td><b>&#8211;<\/b><\/td>\n<td><b>3<\/b><\/td>\n<\/tr>\n<tr>\n<td><b>Educaci\u00f3 f\u00edsica<\/b><\/td>\n<td><b>2<\/b><\/td>\n<td><b>&#8211;<\/b><\/td>\n<\/tr>\n<tr>\n<td><b>Hist\u00f2ria<\/b><\/td>\n<td><b>&#8211;<\/b><\/td>\n<td><b>3<\/b><\/td>\n<\/tr>\n<tr>\n<td>\n<h6><b>Treball recerca<\/b><\/h6>\n<\/td>\n<td><\/td>\n<td><\/td>\n<\/tr>\n<tr>\n<td>\n<h6><b>Tutoria<\/b><\/h6>\n<\/td>\n<td>\n<h6><b>1<\/b><\/h6>\n<\/td>\n<td>\n<h6><b>1<\/b><\/h6>\n<\/td>\n<\/tr>\n<tr>\n<td>\n<h6><b>TOTAL<\/b><\/h6>\n<\/td>\n<td>\n<h6><b>12<\/b><\/h6>\n<\/td>\n<td>\n<h6><b>14<\/b><\/h6>\n<\/td>\n<\/tr>\n<\/tbody>\n<\/table>\n<p>&nbsp;<\/p>\n<table>\n<tbody>\n<tr>\n<td><b>PART ITINERARI<\/b><\/td>\n<td><b>1r<\/b><\/td>\n<td><b>2n<\/b><\/td>\n<\/tr>\n<tr>\n<td><b>Modalitat obligada<\/b><\/td>\n<td><b>3<\/b><\/td>\n<td><b>4<\/b><\/td>\n<\/tr>\n<tr>\n<td><b>Modalitat 1<\/b><\/td>\n<td><b>3<\/b><\/td>\n<td><b>4<\/b><\/td>\n<\/tr>\n<tr>\n<td><b>Modalitat 2<\/b><\/td>\n<td><b>3<\/b><\/td>\n<td><b>4<\/b><\/td>\n<\/tr>\n<tr>\n<td><b>Optativa anual (franja1)<\/b><\/td>\n<td><b>3<\/b><\/td>\n<td><\/td>\n<\/tr>\n<tr>\n<td><b>Optativa anual (franja 2)<\/b><\/td>\n<td><b>3<\/b><\/td>\n<td><\/td>\n<\/tr>\n<tr>\n<td><b>Optativa trimestral (franja 3)<\/b><\/td>\n<td><b>3<\/b><\/td>\n<td><\/td>\n<\/tr>\n<tr>\n<td><b>Optativa anual (franja 2)<\/b><\/td>\n<td><\/td>\n<td><b>4<\/b><\/td>\n<\/tr>\n<tr>\n<td>\n<h6><b>Treball de Recerca<\/b><\/h6>\n<\/td>\n<td><\/td>\n<td>\n<h6><b>*<\/b><\/h6>\n<\/td>\n<\/tr>\n<tr>\n<td><\/td>\n<td><\/td>\n<td><\/td>\n<\/tr>\n<tr>\n<td>\n<h6><b>TOTAL<\/b><\/h6>\n<\/td>\n<td>\n<h6><b>18<\/b><\/h6>\n<\/td>\n<td>\n<h6><b>16<\/b><\/h6>\n<\/td>\n<\/tr>\n<\/tbody>\n<\/table>\n<p>&nbsp;<\/p>\n<p><span style=\"font-weight: 400;\">*Treball de Recerca: S\u2019ha d\u2019iniciar preferentment durant el primer curs i presentar obligat\u00f2riament durant el segon curs i no t\u00e9 c\u00e0rrega hor\u00e0ria.<\/span><\/p>\n<p><b>Modalitat Ci\u00e8ncies i Tecnologia<\/b><\/p>\n<table>\n<tbody>\n<tr>\n<td><\/td>\n<td><b>Modalitat obligat\u00f2ria<\/b><\/td>\n<td><b>Modalitat 1<\/b><\/td>\n<td><b>Modalitat 2<\/b><\/td>\n<\/tr>\n<tr>\n<td><b>1r Btx<\/b><\/td>\n<td><b>Matem\u00e0tiques I<\/b><\/td>\n<td><b>Dibuix T\u00e8cnic I\u00a0<\/b><\/p>\n<p><b>Biologia I<\/b><\/td>\n<td><b>Tecnologia i Enginyeria I\u00a0<\/b><\/p>\n<p><b>Qu\u00edmica I\u00a0<\/b><\/td>\n<\/tr>\n<tr>\n<td><b>2n Btx<\/b><\/td>\n<td><b>Matem\u00e0tiques II<\/b><\/td>\n<td><b>Dibuix T\u00e8cnic II\u00a0<\/b><\/p>\n<p><b>Biologia II<\/b><\/td>\n<td><b>Tecnologia i Enginyeria II\u00a0<\/b><\/p>\n<p><b>Qu\u00edmica II\u00a0<\/b><\/td>\n<\/tr>\n<\/tbody>\n<\/table>\n<p><b>Modalitat Humanitats i Ci\u00e8ncies Socials<\/b><\/p>\n<table>\n<tbody>\n<tr>\n<td><\/td>\n<td colspan=\"2\"><b>Modalitat obligat\u00f2ria<\/b><\/td>\n<td><b>Modalitat 1<\/b><\/td>\n<td><b>Modalitat 2<\/b><\/td>\n<\/tr>\n<tr>\n<td rowspan=\"2\"><b>1r Btx<\/b><\/td>\n<td><b>\u00a0 Humanitats<\/b><\/td>\n<td><b>Llengua i Cultura Llatines I<\/b><\/td>\n<td rowspan=\"2\"><b>Economia<\/b><\/p>\n<p><b>Llengua i Cultura Gregues I\u00a0<\/b><\/td>\n<td rowspan=\"2\"><b>Literatura Universal<\/b><\/p>\n<p><b>Historia M\u00f3n Contemporani<\/b><\/td>\n<\/tr>\n<tr>\n<td><b>Ci\u00e8ncies Socials<\/b><\/td>\n<td><b>Matem\u00e0tiques\u00a0 CCSS I<\/b><\/td>\n<\/tr>\n<tr>\n<td rowspan=\"2\"><b>2n Btx<\/b><\/td>\n<td><b> Humanitats<\/b><\/td>\n<td><b>Llengua i Cultura Llatines II<\/b><\/td>\n<td rowspan=\"2\"><b>Literatura Castellana<\/b><\/p>\n<p><b>Llengua i Cultura Gregues II\u00a0<\/b><\/p>\n<p><b>Empresa i Disseny de Models de Negoci<\/b><\/td>\n<td rowspan=\"2\"><b>Literatura Catalana<\/b><\/p>\n<p><b>Hist\u00f2ria de l\u2019Art<\/b><\/p>\n<p><b>Geografia<\/b><\/td>\n<\/tr>\n<tr>\n<td><b>Ci\u00e8ncies Socials<\/b><\/td>\n<td><b>Matem\u00e0tiques\u00a0 CCSS II<\/b><\/td>\n<\/tr>\n<\/tbody>\n<\/table>\n<p><b>Modalitat General<\/b><\/p>\n<table>\n<tbody>\n<tr>\n<td><\/td>\n<td><b>Modalitat obligat\u00f2ria<\/b><\/td>\n<td><b>Modalitat 1<\/b><\/td>\n<td><b>Modalitat 2<\/b><\/td>\n<\/tr>\n<tr>\n<td><b>1r Btx<\/b><\/td>\n<td><b>Matem\u00e0tiques Generals<\/b><\/td>\n<td><b>Economia<\/b><\/p>\n<p><b>Llengua i Cultura Gregues I\u00a0<\/b><\/p>\n<p><b>Dibuix T\u00e8cnic I\u00a0<\/b><\/p>\n<p><b>Biologia I<\/b><\/td>\n<td><b>Economia i Emprenedoria<\/b><\/p>\n<p><b>Literatura Universal<\/b><\/p>\n<p><b>Historia M\u00f3n Contemporani<\/b><\/p>\n<p><b>Tecnologia i Enginyeria I<\/b><\/p>\n<p><b>Qu\u00edmica I\u00a0<\/b><\/td>\n<\/tr>\n<tr>\n<td><b>2n Btx<\/b><\/td>\n<td><b>Ci\u00e8ncies Generals<\/b><\/td>\n<td><b>Literatura Castellana<\/b><\/p>\n<p><b>Llengua i Cultura Gregues II\u00a0<\/b><\/p>\n<p><b>Empresa i Disseny de Models de Negoci<\/b><\/p>\n<p><b>Dibuix T\u00e8cnic II\u00a0<\/b><\/p>\n<p><b>Biologia II<\/b><\/td>\n<td><b>Moviments Culturals i Art\u00edstics<\/b><\/p>\n<p><b>Literatura Catalana<\/b><\/p>\n<p><b>Hist\u00f2ria de l\u2019Art<\/b><\/p>\n<p><b>Geografia<\/b><\/p>\n<p><b>Tecnologia i Enginyeria II<\/b><\/p>\n<p><b>Qu\u00edmica II\u00a0<\/b><\/td>\n<\/tr>\n<\/tbody>\n<\/table>\n<p><b>Modalitat Ci\u00e8ncies i Tecnologia, General i Humanitats i Ci\u00e8ncies Socials<\/b><\/p>\n<table>\n<tbody>\n<tr>\n<td><\/td>\n<td><b>Optativa Anual (Franja 1)<\/b><\/td>\n<td><b>Optativa Anual (Franja 2)<\/b><\/td>\n<td><b>Optativa trimestral (Franja 3)<\/b><\/td>\n<\/tr>\n<tr>\n<td><b>1r Btx<\/b><\/td>\n<td><b>Biomedicina<\/b><\/p>\n<p><b>Funcionament de l\u2019Empresa<\/b><\/p>\n<p><b>M\u00f3n Cl\u00e0ssic<\/b><\/p>\n<p><b>Programaci\u00f3<\/b><\/p>\n<p><b>Geologia i C. Ambientals I<\/b><\/td>\n<td><b>Formaci\u00f3 i Orientaci\u00f3 Personal i Prof<\/b><\/p>\n<p><b>Psicologia<\/b><\/p>\n<p><b>Franc\u00e9s<\/b><\/p>\n<p><b>F\u00edsica I<\/b><\/p>\n<p><b>Mec\u00e1nica\u00a0\u00a0<\/b><\/td>\n<td><b>1r trimestre:<\/b><\/p>\n<p><b>\u00a0\u00a0\u00a0Introducci\u00f3 al Batxillerat\u00a0 (*)<\/b><\/p>\n<p><b>2n i 3r trimestre:<\/b><\/p>\n<p><b>\u00a0\u00a0\u00a0\u00a0\u00a0\u00a0\u00a0\u00a0\u00a0\u00a0\u00a0\u00a0\u00a0\u00a0\u00a0\u00a0\u00a0\u00a0\u00a0\u00a0\u00a0Dues mat\u00e8ries a escollir :<\/b><\/p>\n<p><b>\u00a0\u00a0Reptes Cient\u00edfics Actuals (Bio i Geo)<\/b><\/p>\n<p><b>\u00a0\u00a0Reptes Cient\u00edfics Actuals (F\u00eds i Qu\u00ed)<\/b><\/p>\n<p><b>\u00a0\u00a0Creaci\u00f3 Liter\u00e0ria<\/b><\/p>\n<p><b>\u00a0\u00a0Comunicaci\u00f3 Audiovisual<\/b><\/p>\n<p><b>\u00a0\u00a0Rob\u00f2tica<\/b><\/td>\n<\/tr>\n<tr>\n<td><b>2n Btx<\/b><\/td>\n<td><\/td>\n<td><b>Religi\u00f3<\/b><\/p>\n<p><b>Segona Llengua Estrangera<\/b><\/p>\n<p><b>Literatura Digital\u00a0<\/b><\/p>\n<p><b>F\u00edsica II\u00a0<\/b><\/p>\n<p><b>Geologia i C. Ambientals II\u00a0<\/b><\/p>\n<p><b>Electrotecnia\u00a0<\/b><\/td>\n<td><\/td>\n<\/tr>\n<\/tbody>\n<\/table>\n<p><span style=\"font-weight: 400;\">(*) Mat\u00e8ria trimestral obligat\u00f2ria \u201cIntroducci\u00f3 al Batxillerat\u201d : l\u2019alumnat apr\u00e8n aspectes b\u00e0sics de com fer un treball de recerca (recerca i tractament d\u2019informaci\u00f3, plantejament de la pregunta-problema, formulaci\u00f3 d\u2019hip\u00f2tesis&#8230;) i comen\u00e7a a investigar per triar un tema sobre el qual fer el treball.<\/span><\/p>\n","protected":false},"excerpt":{"rendered":"<p>Aqu\u00ed trobareu tota la informaci\u00f3 relativa al curr\u00edculum vigent a Catalunya en l&#8217;\u00e0mbit de la Educaci\u00f3 Secund\u00e0ria Obligat\u00f2ria i del Batxillerat:<br \/>\nCURR\u00cdCULUM ESO<\/p>\n<p>Mat\u00e8ries<br \/>\n1r ESO<br \/>\n2n ESO<br \/>\n3r ESO<br \/>\n4r ESO<\/p>\n<p>Llengua Catalana i Literatura\u00a0<br \/>\n3<br \/>\n3<br \/>\n3<br \/>\n4<\/p>\n<p>Llengua Castellana i Literatura\u00a0<br \/>\n3<br \/>\n3<br \/>\n3<br \/>\n4<\/p>\n<p>Llengua Estrangera\u00a0<br \/>\n3<br \/>\n4<br \/>\n3<br \/>\n4<\/p>\n<p>Matem\u00e0tiques\u00a0<br \/>\n3<br \/>\n4<br \/>\n4<br \/>\n4<\/p>\n<p>Educaci\u00f3 F\u00edsica\u00a0<br \/>\n2<br \/>\n2<br \/>\n2<br \/>\n2<\/p>\n<p>Religi\u00f3 \/ Projecte en hores de gesti\u00f3<br \/>\n1<br \/>\n1<br \/>\n1<br \/>\n1<\/p>\n<p>Geografia i Hist\u00f2ria\u00a0<br \/>\n2<br \/>\n3<br \/>\n3<br \/>\n3<\/p>\n<p>Tutoria\u00a0<br \/>\n1<br \/>\n1<br \/>\n1<br \/>\n1<\/p>\n<p>Biologia i Geologia\u00a0<br \/>\n2<\/p>\n<p>2<br \/>\n&#8211;<\/p>\n<p>F\u00edsica i&hellip;  <a href=\"https:\/\/agora.xtec.cat\/iesitaca\/curriculum\/\" title=\"Read Curr\u00edculum\">Llegeix m\u00e9s\u00bb<\/a><\/p>\n","protected":false},"author":5,"featured_media":0,"parent":0,"menu_order":0,"comment_status":"closed","ping_status":"closed","template":"","meta":{"_bbp_topic_count":0,"_bbp_reply_count":0,"_bbp_total_topic_count":0,"_bbp_total_reply_count":0,"_bbp_voice_count":0,"_bbp_anonymous_reply_count":0,"_bbp_topic_count_hidden":0,"_bbp_reply_count_hidden":0,"_bbp_forum_subforum_count":0,"footnotes":""},"class_list":["post-2442","page","type-page","status-publish","hentry"],"post_mailing_queue_ids":[],"_links":{"self":[{"href":"https:\/\/agora.xtec.cat\/iesitaca\/wp-json\/wp\/v2\/pages\/2442","targetHints":{"allow":["GET"]}}],"collection":[{"href":"https:\/\/agora.xtec.cat\/iesitaca\/wp-json\/wp\/v2\/pages"}],"about":[{"href":"https:\/\/agora.xtec.cat\/iesitaca\/wp-json\/wp\/v2\/types\/page"}],"author":[{"embeddable":true,"href":"https:\/\/agora.xtec.cat\/iesitaca\/wp-json\/wp\/v2\/users\/5"}],"replies":[{"embeddable":true,"href":"https:\/\/agora.xtec.cat\/iesitaca\/wp-json\/wp\/v2\/comments?post=2442"}],"version-history":[{"count":3,"href":"https:\/\/agora.xtec.cat\/iesitaca\/wp-json\/wp\/v2\/pages\/2442\/revisions"}],"predecessor-version":[{"id":7178,"href":"https:\/\/agora.xtec.cat\/iesitaca\/wp-json\/wp\/v2\/pages\/2442\/revisions\/7178"}],"wp:attachment":[{"href":"https:\/\/agora.xtec.cat\/iesitaca\/wp-json\/wp\/v2\/media?parent=2442"}],"curies":[{"name":"wp","href":"https:\/\/api.w.org\/{rel}","templated":true}]}}