{"id":914,"date":"2019-11-25T19:01:35","date_gmt":"2019-11-25T18:01:35","guid":{"rendered":"https:\/\/agora.xtec.cat\/iesinfanta\/?page_id=914"},"modified":"2021-03-10T09:35:35","modified_gmt":"2021-03-10T08:35:35","slug":"pla-dimpuls-de-llengues-estrangeres","status":"publish","type":"page","link":"https:\/\/agora.xtec.cat\/iesinfanta\/serveis\/pla-dimpuls-de-llengues-estrangeres\/","title":{"rendered":"Pla d\u2019Impuls de Lleng\u00fces Estrangeres"},"content":{"rendered":"<p><em>Departaments de Ci\u00e8ncies Experimentals \/ Matem\u00e0tiques \/ Llengua Anglesa<\/em><\/p>\n<p style=\"text-align: justify;\">Dins de les diverses l\u00ednies proposades per impulsar l\u2019aprenentatge de les lleng\u00fces estrangeres i contextualitzar el seu aprenentatge des de la interdisciplinarietat, l\u2019INS Infanta Isabel d\u2019Arag\u00f3 proposa un Pla d\u2019Impuls de Lleng\u00fces Estrangeres (PILE) oferint una l\u00ednea d\u2019ESO que inclou una assignatura com\u00fa impartida en llengua anglesa a lo llarg de tota l\u2019ESO: ci\u00e8ncies naturals a primer d\u2019ESO, matem\u00e0tiques a segon d\u2019ESO i f\u00edsica i qu\u00edmica, i biologia i geologia a tercer d\u2019ESO, la mat\u00e8ria optativa <em>About science <\/em>a 3r d\u2019ESO i, finalment, les matem\u00e0tiques a 4t d\u2019ESO.<\/p>\n<p><img loading=\"lazy\" decoding=\"async\" class=\"alignleft\" src=\"https:\/\/lh3.googleusercontent.com\/S8mO16kDukJZnE9NbzW1z-4bShqe0rC1W5DmmuqCD0iUJOoOnzfWIUo5NPM4_NXrS_igMRwjaiJR7NvMOVI2U5dIL-vcGyZPHTWxw2ICX24Gam4sSkUgwAKJA7Zu4uQQTBtgtjWtX0fTA8DvV88yNuRf_AWHl3KS8ZO9WYSFlIcxehI9YrCVB_wQW7iZAmMRF8TYfvf3RNmKO3rEXqWLjsmcF3e_F5wy5keuMeKJgPx0bT7LVYtNz9XtWCS8p_7FKV5NY_w3CyLTDl4BbYWt6qTnjGjPtPPIMWtclsDIM8RwuFdAj5iudYrREY-9O-Wi5czrB1CAFeZq-OmS8gMIW_VECQD0YkOuABI78iITv0upGigf5jWFvXSH34Pgn0sBQq2j2DDxsVJc_PkXvTfduIwbCx__zgSebT6i94KcY8SmVsmVwKV8brSrs1HrlOAlBJwRGsGVEREuD3I8hO_sqaoqVxNwk2dgPxAL9LbH1Vy-N6lp-OWbiQw90Hok09tze76fLiNDwq9aflA-qnTZwzWcRZ6kv45TTdFx2W5woSRBmID21SS-DMcEcMPQE3STAESDyS0Pf8-lA-OmniXo-u7r0RbprNJwGc1aM1uec51-dVZeaTm9aBls0F9tTt2E-PZmuuVu-MxbjaFpK6_KPSBPtOBMpuNimmJtUyfozQ=w820-h615-no\" alt=\"\" width=\"275\" height=\"206\" \/><img loading=\"lazy\" decoding=\"async\" class=\"alignleft\" src=\"https:\/\/lh3.googleusercontent.com\/1TZO0vCR5szKcWfMAPeDAAk5VSnnZ5kEX0ZreS1lQUWJt0JTcvF88R8gKKe9NrymrJOIAHDZ2BYr_rHD8ShP1g1qLEsRdrIlswFxHfH0aNDkcmuQpLIBrW1l1BZFJr2Igq18myE9YCgMHEcx4rfVvWbMyPGJkcX6SjKXdkNcZhibD7mFaQ84agSoUuakSeaW83i0FGpDchKawCwLIDxaAVNaHOXDis9sP5WAOVkm_610IV6xBFsomk1wE1OHPMS9bTiAMRPVG-UqCEmVU38aDEtdpKbrW3Q-GdLne5H6Ul8ODtlTPHcCaY3GJCeoQ0P8QKJJ-DEi6BTHW8O_DdvnrJNQ-AotL_0img8hM-8kMwVRg9gssR9gZqgj83XlRDoQZc5vAPE4xOVQVnl90NJjiqOtdurrAoDNw8iOz4Q_6FHRXfNCQi02PbGt59hYPOyYEqgsoWl1tGj9iLRhGeMLd5z-qlC-KE1xiNNDtrHP4w9OQ14dEXIzk9bZkZJst3F-FVCsYJStlPNhGfKmkwiM-YS5J-Rz38jJyw1kak1zL_txpkm6ROqVujuLXLi8GHKU7EeqhBfUMskEwAzdnr5wbVafj0RK0NlaT-mT3ME0UPZTeGnqJGXaBhKfQ0KAszooOXYSSnWFg4dfwol8iFQd5fmJiLnYQVy8XH_QliQQmg=w820-h615-no\" alt=\"\" width=\"276\" height=\"207\" \/><\/p>\n<table style=\"height: 10px; width: 320px;\" border=\"0\" width=\"329\" cellspacing=\"0\" cellpadding=\"7\">\n<tbody>\n<tr style=\"height: 10px;\">\n<td style=\"width: 318px; height: 10px;\" colspan=\"2\">\n<p align=\"CENTER\">Activitats al laboratori<\/p>\n<\/td>\n<\/tr>\n<\/tbody>\n<\/table>\n<p>&nbsp;<\/p>\n<p>&nbsp;<\/p>\n<p>&nbsp;<\/p>\n<p>&nbsp;<\/p>\n<p style=\"text-align: justify;\">L\u2019anima de projecte es centre en una s\u00e8rie de objectius i necessitats:<\/p>\n<p style=\"text-align: justify;\"><em>1r \u00a0<\/em><em>\u00a0L\u2019objectiu fonamental del nostre projecte \u00e9s l\u2019augment de la pres\u00e8ncia de l\u2019angl\u00e8s en el curr\u00edculum com\u00fa dels alumnes d\u2019ESO.<\/em><\/p>\n<p style=\"text-align: justify;\"><em>2n \u00a0<\/em><em>\u00a0En segon lloc, es pret\u00e9n millorar la compet\u00e8ncia ling\u00fc\u00edstica comunicativa en angl\u00e8s dels alumnes, especialment a nivell oral.<\/em><\/p>\n<p style=\"text-align: justify;\"><em>3r \u00a0<\/em><em>\u00a0Amb aquest projecte tamb\u00e9 pretenem augmentar l\u2019inter\u00e8s dels alumnes per l\u2019estudi de les lleng\u00fces estrangeres, en aquest cas l\u2019angl\u00e8s; aprofundir en la metodologia AICLE com a eina de treball.<\/em><\/p>\n<p style=\"text-align: justify;\">S\u2019ha de emfatitzar que els alumnes del projecte cursen una mat\u00e8ria curricular en angl\u00e8s:<\/p>\n<ul>\n<li style=\"text-align: justify;\">amb un grau d\u2019assoliment dels coneixement de la mat\u00e8ria iguals als alumnes que cursen la mat\u00e8ria en catal\u00e0,<\/li>\n<li style=\"text-align: justify;\">realitzant les mateixes activitats experimentals que la resta d\u2019alumnes,<\/li>\n<li style=\"text-align: justify;\">resolent exercicis amb el mateix grau de dificultats, i<\/li>\n<li>\n<p style=\"text-align: justify;\">amb el suport del professorat d\u2019angl\u00e8s per la revisi\u00f3 de materials i eines per fomentar l\u2019\u00fas de la llengua oral<img loading=\"lazy\" decoding=\"async\" class=\"alignleft\" src=\"https:\/\/lh3.googleusercontent.com\/PwbSW4amays_04SIXrQoyGb2M8osGLMPvHaWkQe0gVbHqibzhl1s7N4_8Sxz2fylo1fy6rXbvgGEKMumq5GRFVZ4cxccM6DNlj28mell03Uq5zKBN3tBgL84VFtQg1XhLuMv4ESn1kuKs0a5VJAbsBnJgf_znz5DwpkN9pvFKcJvACBclL0WVfcv0Z9LuTBpRPl9UFE8ZvVGuTcG0qJZb5oXR8bF8XOeRmEMz_ffSTVpqhrxgDDYtTzQuBv5wBRqkV3O0n9W7cfaHa7irmiMKIRmVtFbTdaa5ag64DeVD5oM8n6D8ewC8dvVPYuQCUmP9cdC0WK8HGW0WhYh7EeeDkq3-lweuGqjIRgVi-uwtVAMtYCgg-kXIRgMkfNCScCMPX1p2r8_ND-3CHgGB9msIelNErTAdtcVAngvO1Q8-B1F6ePrSelEOPrMcGh8rdbdPglm4aDgUYBLw4MzJ_sBfMVsrutLWw1uFqOapYFOw_2ZWsgoeXP2iU97o-Sy8fZohWECqTUfQe9CtnmRchwopH1nbrJjfOCnWXsia31lwh7YipFkR11e_5k0SLns6mLUsKcp73MHG8B4L8TDzlScDFZO2ePR50qpOe1GoJcHVN6GWwI6Um99Z01-GQn72d84Mqh8lPWHfEpnx-r0QNFYHj5kXEdviSpKgk6Spz3FIw=w692-h519-no\" alt=\"\" width=\"256\" height=\"192\" \/><img loading=\"lazy\" decoding=\"async\" class=\"alignleft\" src=\"https:\/\/lh3.googleusercontent.com\/456FOeDIhewmQb4kXfuy_9p5jZlxnx70J33JDlMYgcDallZC5chwXeJn4sdBzjE8_sR86jXot_D9X6Oo5qqHMuRAfRblgregwmabvrvgkBjikdOKyT_A9zCwoE6nByfN2BKjDKhCBNUFoeBt7NFMpEQpHDk57-g_c_I5O935liHh7v0eqLtB5x4fbBo7Vu3_j8YK-45bIvopBq0Ky80SIxGgDsjtd29QEKnXRtrH72bcQICXo6Jtsndp9au82UmB36wyK9htCcUjZouBikt6UKUvXQ2tnHKlH4m4Hk-jrumBThLwEdDPSPr4QaQi-FVbh1wmPxoOZYAMxAXnPgwR4AXyfvegFuRJcCoWNdX3so62TpxPJAdkLjpms8d4Gl1PrICdIen1rbgTKDqiM5w6FbgM4n2-pfy7gK8h3JwNeJ65bmJ_ftR_dua22sfsyQEAn1UhBJtxaR_Ok1W3rAxqZWUAxNhAeEsWSY_EMFqEpOvo3BIx-aOKuYuhC_7Jp8ttBu9EaOiNxhROzksnzXJuILs3vu-9w9q_E_vHwYxxoMZJG-nzJyWxC9Use5tLt6Ihw5lUPiSPDbZmXuaC-11JFzF5oqjA2apwIemxzFWNNDMIVXZKKj4G6uEK275Wl0tjahfntNqtLcex8KnqL6Kb_yJyr117wtNNzZbkDpwTjg=w692-h519-no\" alt=\"\" width=\"256\" height=\"192\" \/><\/p>\n<\/li>\n<\/ul>\n<p>&nbsp;<\/p>\n<p>&nbsp;<\/p>\n<p>&nbsp;<\/p>\n<p>&nbsp;<\/p>\n<p>Des dels inicis del projecte (2009) fins al curs actual les diverses promocions han anar incrementant l\u2019\u00fas oral de la llengua anglesa a l\u2019aula, proposant-nos en l\u2019actualitat millorar l\u2019\u00fas del llenguatge escrit i la precisi\u00f3 del vocabulari espec\u00edfic.<\/p>\n<p style=\"text-align: justify;\"><img loading=\"lazy\" decoding=\"async\" class=\"alignleft\" src=\"https:\/\/lh3.googleusercontent.com\/K11_xc_WIWxWRc29U5zfQidlvq8SryKpHB7Qpk2m_eSiW1YG6l3mkGxXv5kXJm4KfonmEVSmpGMBqzLMKwLSwIx09yCmWSDHVOSbowYLItNrIM5bUHHzfk7OZTbOjHS-W6EE6qfBk5aWpzPLT_srl0x9dqySLP6clQ19AVfkSK42ACxzdBOOIgtrbxvG26xXDDqngp_Z2b2Jyq0zvTyDVFTeGVjARerPSJqoR4ow7JkHIHiueJ1YAamrrlxe11drzNBL5pWIQj41-kJp4qUhNnWqYlT2RCFrIV6zzMYDJueOxEbdz1UgEjfG_eee7byXVoRnt-aeKh5FdwMKzy9icXigwBTCExp_ZhfN4VA8oONtSZLliOFDmDDEAKpMX8E9QsaO343SZqPJo3WmVPMlAHFmSeUWZgM2jkXTir3yASd1nWrS3LZ1IruFXrMuS8FOMdlual1HGSfhTypdTHfrvAXgGpKsL6btsoVIMLRi06rQBbIPHVBdeZV6FoRFpqMreUU3LLEHptmXCrnDj_FePqm3zGxWhsNUaI34DKjJ2-H9SIf1oBzcBbJxLOtl5EfPz73XdDxe86_0nEenagnd0mTPOp6Ha9MFssuH4EXdwqrHhcOYQJK5aAesoxKEtr31S_yMPamqUKFnmHQEIxj3SDwPVmWgBkWYqwVzIp2wXQ=w640-h480-no\" alt=\"\" width=\"372\" height=\"279\" \/><\/p>\n<p style=\"text-align: justify;\">D\u2019altra banda als participants del projecte se\u2019ls ofereix la possibilitat de participar en un viatge \u2013 curs a Anglaterra (Broadstairs) de dues setmanes a inicis de setembre, abans de comen\u00e7ar 4t d\u2019ESO. El conjunt d\u2019activitats d\u2019aprenentatge de la llengua anglesa realitzades a Broadstairs, l\u2019experi\u00e8ncia vital d\u2019una sortida a l\u2019estranger d\u2019aquesta durada fora de la fam\u00edlia, la cohesi\u00f3 assolida per el grup, la relaci\u00f3 del professorat amb les fam\u00edlies participants, les noves experi\u00e8ncies fruit de la relaci\u00f3 amb altres fam\u00edlies i altres estudiants i, en conseq\u00fc\u00e8ncia, altres cultures, m\u00e9s un llarg etc\u00e8tera, han contribu\u00eft de forma molt positiva a incrementar el sentiment de pertin\u00e8ncia de centre de les pr\u00f2pies fam\u00edlies, i la cohesi\u00f3 de les mateixes al centre.<a href=\"https:\/\/agora.xtec.cat\/iesinfanta\/wp-content\/uploads\/usu231\/2021\/02\/ACTIVI-APLA\u00c7ADA-PANDEMIA.png\"><img loading=\"lazy\" decoding=\"async\" class=\"wp-image-2373 alignright\" src=\"https:\/\/agora.xtec.cat\/iesinfanta\/wp-content\/uploads\/usu231\/2021\/02\/ACTIVI-APLA\u00c7ADA-PANDEMIA.png\" alt=\"\" width=\"286\" height=\"86\" srcset=\"https:\/\/agora.xtec.cat\/iesinfanta\/wp-content\/uploads\/usu231\/2021\/02\/ACTIVI-APLA\u00c7ADA-PANDEMIA.png 493w, https:\/\/agora.xtec.cat\/iesinfanta\/wp-content\/uploads\/usu231\/2021\/02\/ACTIVI-APLA\u00c7ADA-PANDEMIA-300x90.png 300w\" sizes=\"auto, (max-width: 286px) 100vw, 286px\" \/><\/a><\/p>\n","protected":false},"excerpt":{"rendered":"<p>Departaments de Ci\u00e8ncies Experimentals \/ Matem\u00e0tiques \/ Llengua Anglesa Dins de les diverses l\u00ednies proposades per impulsar l\u2019aprenentatge de les lleng\u00fces estrangeres i contextualitzar el seu aprenentatge des de la interdisciplinarietat, l\u2019INS Infanta Isabel d\u2019Arag\u00f3 proposa un Pla d\u2019Impuls de Lleng\u00fces Estrangeres (PILE) oferint una l\u00ednea d\u2019ESO que inclou una assignatura com\u00fa impartida en llengua [&hellip;]<\/p>\n","protected":false},"author":4,"featured_media":0,"parent":63,"menu_order":40,"comment_status":"closed","ping_status":"closed","template":"page-templates\/side-menu.php","meta":{"_bbp_topic_count":0,"_bbp_reply_count":0,"_bbp_total_topic_count":0,"_bbp_total_reply_count":0,"_bbp_voice_count":0,"_bbp_anonymous_reply_count":0,"_bbp_topic_count_hidden":0,"_bbp_reply_count_hidden":0,"_bbp_forum_subforum_count":0,"site-sidebar-layout":"default","site-content-layout":"","ast-site-content-layout":"","site-content-style":"default","site-sidebar-style":"default","ast-global-header-display":"","ast-banner-title-visibility":"","ast-main-header-display":"","ast-hfb-above-header-display":"","ast-hfb-below-header-display":"","ast-hfb-mobile-header-display":"","site-post-title":"","ast-breadcrumbs-content":"","ast-featured-img":"","footer-sml-layout":"","theme-transparent-header-meta":"","adv-header-id-meta":"","stick-header-meta":"","header-above-stick-meta":"","header-main-stick-meta":"","header-below-stick-meta":"","astra-migrate-meta-layouts":"default","ast-page-background-enabled":"default","ast-page-background-meta":{"desktop":{"background-color":"var(--ast-global-color-4)","background-image":"","background-repeat":"repeat","background-position":"center center","background-size":"auto","background-attachment":"scroll","background-type":"","background-media":"","overlay-type":"","overlay-color":"","overlay-opacity":"","overlay-gradient":""},"tablet":{"background-color":"","background-image":"","background-repeat":"repeat","background-position":"center center","background-size":"auto","background-attachment":"scroll","background-type":"","background-media":"","overlay-type":"","overlay-color":"","overlay-opacity":"","overlay-gradient":""},"mobile":{"background-color":"","background-image":"","background-repeat":"repeat","background-position":"center center","background-size":"auto","background-attachment":"scroll","background-type":"","background-media":"","overlay-type":"","overlay-color":"","overlay-opacity":"","overlay-gradient":""}},"ast-content-background-meta":{"desktop":{"background-color":"var(--ast-global-color-5)","background-image":"","background-repeat":"repeat","background-position":"center center","background-size":"auto","background-attachment":"scroll","background-type":"","background-media":"","overlay-type":"","overlay-color":"","overlay-opacity":"","overlay-gradient":""},"tablet":{"background-color":"var(--ast-global-color-5)","background-image":"","background-repeat":"repeat","background-position":"center center","background-size":"auto","background-attachment":"scroll","background-type":"","background-media":"","overlay-type":"","overlay-color":"","overlay-opacity":"","overlay-gradient":""},"mobile":{"background-color":"var(--ast-global-color-5)","background-image":"","background-repeat":"repeat","background-position":"center center","background-size":"auto","background-attachment":"scroll","background-type":"","background-media":"","overlay-type":"","overlay-color":"","overlay-opacity":"","overlay-gradient":""}},"footnotes":""},"class_list":["post-914","page","type-page","status-publish","hentry"],"post_mailing_queue_ids":[],"_links":{"self":[{"href":"https:\/\/agora.xtec.cat\/iesinfanta\/wp-json\/wp\/v2\/pages\/914","targetHints":{"allow":["GET"]}}],"collection":[{"href":"https:\/\/agora.xtec.cat\/iesinfanta\/wp-json\/wp\/v2\/pages"}],"about":[{"href":"https:\/\/agora.xtec.cat\/iesinfanta\/wp-json\/wp\/v2\/types\/page"}],"author":[{"embeddable":true,"href":"https:\/\/agora.xtec.cat\/iesinfanta\/wp-json\/wp\/v2\/users\/4"}],"replies":[{"embeddable":true,"href":"https:\/\/agora.xtec.cat\/iesinfanta\/wp-json\/wp\/v2\/comments?post=914"}],"version-history":[{"count":3,"href":"https:\/\/agora.xtec.cat\/iesinfanta\/wp-json\/wp\/v2\/pages\/914\/revisions"}],"predecessor-version":[{"id":2375,"href":"https:\/\/agora.xtec.cat\/iesinfanta\/wp-json\/wp\/v2\/pages\/914\/revisions\/2375"}],"up":[{"embeddable":true,"href":"https:\/\/agora.xtec.cat\/iesinfanta\/wp-json\/wp\/v2\/pages\/63"}],"wp:attachment":[{"href":"https:\/\/agora.xtec.cat\/iesinfanta\/wp-json\/wp\/v2\/media?parent=914"}],"curies":[{"name":"wp","href":"https:\/\/api.w.org\/{rel}","templated":true}]}}