{"id":691,"date":"2019-11-11T17:31:44","date_gmt":"2019-11-11T16:31:44","guid":{"rendered":"https:\/\/agora.xtec.cat\/iesinfanta\/?page_id=691"},"modified":"2021-02-22T19:27:20","modified_gmt":"2021-02-22T18:27:20","slug":"viatge-batxillerat","status":"publish","type":"page","link":"https:\/\/agora.xtec.cat\/iesinfanta\/estudis\/batxillerat\/viatge-batxillerat\/","title":{"rendered":"Viatge Batxillerat"},"content":{"rendered":"<p style=\"text-align: center;\">VIATGE A IT\u00c0LIA<a href=\"https:\/\/agora.xtec.cat\/iesinfanta\/wp-content\/uploads\/usu231\/2021\/02\/ACTIVI-APLA\u00c7ADA-PANDEMIA.png\"><img loading=\"lazy\" decoding=\"async\" class=\"wp-image-2373 alignright\" src=\"https:\/\/agora.xtec.cat\/iesinfanta\/wp-content\/uploads\/usu231\/2021\/02\/ACTIVI-APLA\u00c7ADA-PANDEMIA.png\" alt=\"\" width=\"277\" height=\"83\" srcset=\"https:\/\/agora.xtec.cat\/iesinfanta\/wp-content\/uploads\/usu231\/2021\/02\/ACTIVI-APLA\u00c7ADA-PANDEMIA.png 493w, https:\/\/agora.xtec.cat\/iesinfanta\/wp-content\/uploads\/usu231\/2021\/02\/ACTIVI-APLA\u00c7ADA-PANDEMIA-300x90.png 300w\" sizes=\"auto, (max-width: 277px) 100vw, 277px\" \/><\/a><\/p>\n<p style=\"text-align: justify;\">El Viatge a It\u00e0lia \u00e9s una activitat promoguda per la Coordinaci\u00f3 de Batxillerat, que actualment es realitza a 1r i t\u00e9 objectius tant de caire pedag\u00f2gic com de relaci\u00f3 personal. En concret, en destaquem els seg\u00fcents:<\/p>\n<p>&#8211; Formaci\u00f3 personal, mitjan\u00e7ant el descobriment i coneixement de ciutats de molta import\u00e0ncia en la hist\u00f2ria de la civilitzaci\u00f3 europea.<\/p>\n<p>&#8211; Foment de la conviv\u00e8ncia entre l\u2019alumnat<\/p>\n<p>&#8211; Coneixement i respecte per altres cultures i demostraci\u00f3 d\u2019actituds c\u00edviques en el comportament col\u00b7lectiu.<\/p>\n<p>El viatge es realitzar\u00e0 a final de curs.<\/p>\n<p>Es visitaran algunes de les principals ciutats del nord d\u2019It\u00e0lia (Ven\u00e8cia, Flor\u00e8ncia, Siena&#8230;).<\/p>\n<p>Els alumnes interessats a realitzar el viatge seran informats del sistema de reserva i pagament a principi de curs.<\/p>\n<p>Es realitzar\u00e0 una reuni\u00f3 informativa per a les fam\u00edlies abans del viatge amb informaci\u00f3 detallada del circuit.<\/p>\n<p>&nbsp;<\/p>\n<p>&nbsp;<\/p>\n<table>\n<tbody>\n<tr>\n<td><a href=\"https:\/\/agora.xtec.cat\/iesinfanta\/wp-content\/uploads\/usu231\/2019\/11\/1.jpg\"><img loading=\"lazy\" decoding=\"async\" class=\"alignleft wp-image-850\" src=\"https:\/\/agora.xtec.cat\/iesinfanta\/wp-content\/uploads\/usu231\/2019\/11\/1.jpg\" alt=\"\" width=\"392\" height=\"294\" srcset=\"https:\/\/agora.xtec.cat\/iesinfanta\/wp-content\/uploads\/usu231\/2019\/11\/1.jpg 680w, https:\/\/agora.xtec.cat\/iesinfanta\/wp-content\/uploads\/usu231\/2019\/11\/1-300x225.jpg 300w, https:\/\/agora.xtec.cat\/iesinfanta\/wp-content\/uploads\/usu231\/2019\/11\/1-200x150.jpg 200w\" sizes=\"auto, (max-width: 392px) 100vw, 392px\" \/><\/a><\/td>\n<td><a href=\"https:\/\/agora.xtec.cat\/iesinfanta\/wp-content\/uploads\/usu231\/2019\/11\/3.jpg\"><img loading=\"lazy\" decoding=\"async\" class=\"alignleft wp-image-848\" src=\"https:\/\/agora.xtec.cat\/iesinfanta\/wp-content\/uploads\/usu231\/2019\/11\/3.jpg\" alt=\"\" width=\"389\" height=\"219\" srcset=\"https:\/\/agora.xtec.cat\/iesinfanta\/wp-content\/uploads\/usu231\/2019\/11\/3.jpg 711w, https:\/\/agora.xtec.cat\/iesinfanta\/wp-content\/uploads\/usu231\/2019\/11\/3-300x169.jpg 300w\" sizes=\"auto, (max-width: 389px) 100vw, 389px\" \/><\/a><\/td>\n<\/tr>\n<tr>\n<td><a href=\"https:\/\/agora.xtec.cat\/iesinfanta\/wp-content\/uploads\/usu231\/2019\/11\/4.jpg\"><img loading=\"lazy\" decoding=\"async\" class=\"alignleft wp-image-849\" src=\"https:\/\/agora.xtec.cat\/iesinfanta\/wp-content\/uploads\/usu231\/2019\/11\/4.jpg\" alt=\"\" width=\"406\" height=\"305\" srcset=\"https:\/\/agora.xtec.cat\/iesinfanta\/wp-content\/uploads\/usu231\/2019\/11\/4.jpg 743w, https:\/\/agora.xtec.cat\/iesinfanta\/wp-content\/uploads\/usu231\/2019\/11\/4-300x225.jpg 300w, https:\/\/agora.xtec.cat\/iesinfanta\/wp-content\/uploads\/usu231\/2019\/11\/4-200x150.jpg 200w\" sizes=\"auto, (max-width: 406px) 100vw, 406px\" \/><\/a><\/td>\n<td><a href=\"https:\/\/agora.xtec.cat\/iesinfanta\/wp-content\/uploads\/usu231\/2019\/11\/2.jpg\"><img loading=\"lazy\" decoding=\"async\" class=\"alignleft wp-image-847\" src=\"https:\/\/agora.xtec.cat\/iesinfanta\/wp-content\/uploads\/usu231\/2019\/11\/2-1024x682.jpg\" alt=\"\" width=\"386\" height=\"257\" srcset=\"https:\/\/agora.xtec.cat\/iesinfanta\/wp-content\/uploads\/usu231\/2019\/11\/2.jpg 1024w, https:\/\/agora.xtec.cat\/iesinfanta\/wp-content\/uploads\/usu231\/2019\/11\/2-300x200.jpg 300w, https:\/\/agora.xtec.cat\/iesinfanta\/wp-content\/uploads\/usu231\/2019\/11\/2-768x512.jpg 768w\" sizes=\"auto, (max-width: 386px) 100vw, 386px\" \/><\/a><\/td>\n<\/tr>\n<\/tbody>\n<\/table>\n<p>&nbsp;<\/p>\n","protected":false},"excerpt":{"rendered":"<p>VIATGE A IT\u00c0LIA El Viatge a It\u00e0lia \u00e9s una activitat promoguda per la Coordinaci\u00f3 de Batxillerat, que actualment es realitza a 1r i t\u00e9 objectius tant de caire pedag\u00f2gic com de relaci\u00f3 personal. En concret, en destaquem els seg\u00fcents: &#8211; Formaci\u00f3 personal, mitjan\u00e7ant el descobriment i coneixement de ciutats de molta import\u00e0ncia en la hist\u00f2ria [&hellip;]<\/p>\n","protected":false},"author":4,"featured_media":0,"parent":701,"menu_order":0,"comment_status":"closed","ping_status":"closed","template":"page-templates\/side-menu.php","meta":{"_bbp_topic_count":0,"_bbp_reply_count":0,"_bbp_total_topic_count":0,"_bbp_total_reply_count":0,"_bbp_voice_count":0,"_bbp_anonymous_reply_count":0,"_bbp_topic_count_hidden":0,"_bbp_reply_count_hidden":0,"_bbp_forum_subforum_count":0,"site-sidebar-layout":"default","site-content-layout":"","ast-site-content-layout":"","site-content-style":"default","site-sidebar-style":"default","ast-global-header-display":"","ast-banner-title-visibility":"","ast-main-header-display":"","ast-hfb-above-header-display":"","ast-hfb-below-header-display":"","ast-hfb-mobile-header-display":"","site-post-title":"","ast-breadcrumbs-content":"","ast-featured-img":"","footer-sml-layout":"","theme-transparent-header-meta":"","adv-header-id-meta":"","stick-header-meta":"","header-above-stick-meta":"","header-main-stick-meta":"","header-below-stick-meta":"","astra-migrate-meta-layouts":"default","ast-page-background-enabled":"default","ast-page-background-meta":{"desktop":{"background-color":"var(--ast-global-color-4)","background-image":"","background-repeat":"repeat","background-position":"center center","background-size":"auto","background-attachment":"scroll","background-type":"","background-media":"","overlay-type":"","overlay-color":"","overlay-opacity":"","overlay-gradient":""},"tablet":{"background-color":"","background-image":"","background-repeat":"repeat","background-position":"center center","background-size":"auto","background-attachment":"scroll","background-type":"","background-media":"","overlay-type":"","overlay-color":"","overlay-opacity":"","overlay-gradient":""},"mobile":{"background-color":"","background-image":"","background-repeat":"repeat","background-position":"center center","background-size":"auto","background-attachment":"scroll","background-type":"","background-media":"","overlay-type":"","overlay-color":"","overlay-opacity":"","overlay-gradient":""}},"ast-content-background-meta":{"desktop":{"background-color":"var(--ast-global-color-5)","background-image":"","background-repeat":"repeat","background-position":"center center","background-size":"auto","background-attachment":"scroll","background-type":"","background-media":"","overlay-type":"","overlay-color":"","overlay-opacity":"","overlay-gradient":""},"tablet":{"background-color":"var(--ast-global-color-5)","background-image":"","background-repeat":"repeat","background-position":"center center","background-size":"auto","background-attachment":"scroll","background-type":"","background-media":"","overlay-type":"","overlay-color":"","overlay-opacity":"","overlay-gradient":""},"mobile":{"background-color":"var(--ast-global-color-5)","background-image":"","background-repeat":"repeat","background-position":"center center","background-size":"auto","background-attachment":"scroll","background-type":"","background-media":"","overlay-type":"","overlay-color":"","overlay-opacity":"","overlay-gradient":""}},"footnotes":""},"class_list":["post-691","page","type-page","status-publish","hentry"],"post_mailing_queue_ids":[],"_links":{"self":[{"href":"https:\/\/agora.xtec.cat\/iesinfanta\/wp-json\/wp\/v2\/pages\/691","targetHints":{"allow":["GET"]}}],"collection":[{"href":"https:\/\/agora.xtec.cat\/iesinfanta\/wp-json\/wp\/v2\/pages"}],"about":[{"href":"https:\/\/agora.xtec.cat\/iesinfanta\/wp-json\/wp\/v2\/types\/page"}],"author":[{"embeddable":true,"href":"https:\/\/agora.xtec.cat\/iesinfanta\/wp-json\/wp\/v2\/users\/4"}],"replies":[{"embeddable":true,"href":"https:\/\/agora.xtec.cat\/iesinfanta\/wp-json\/wp\/v2\/comments?post=691"}],"version-history":[{"count":3,"href":"https:\/\/agora.xtec.cat\/iesinfanta\/wp-json\/wp\/v2\/pages\/691\/revisions"}],"predecessor-version":[{"id":2382,"href":"https:\/\/agora.xtec.cat\/iesinfanta\/wp-json\/wp\/v2\/pages\/691\/revisions\/2382"}],"up":[{"embeddable":true,"href":"https:\/\/agora.xtec.cat\/iesinfanta\/wp-json\/wp\/v2\/pages\/701"}],"wp:attachment":[{"href":"https:\/\/agora.xtec.cat\/iesinfanta\/wp-json\/wp\/v2\/media?parent=691"}],"curies":[{"name":"wp","href":"https:\/\/api.w.org\/{rel}","templated":true}]}}