{"id":645,"date":"2019-11-09T18:25:23","date_gmt":"2019-11-09T17:25:23","guid":{"rendered":"https:\/\/agora.xtec.cat\/iesinfanta\/?page_id=645"},"modified":"2019-11-14T11:43:18","modified_gmt":"2019-11-14T10:43:18","slug":"projecte-accio-tutorial","status":"publish","type":"page","link":"https:\/\/agora.xtec.cat\/iesinfanta\/projecte-educatiu\/projecte-accio-tutorial\/","title":{"rendered":"Pla d&#8217;Acci\u00f3 Tutorial (PAT)"},"content":{"rendered":"<p><a href=\"https:\/\/agora.xtec.cat\/iesinfanta\/wp-content\/uploads\/usu231\/2019\/11\/ARBRE.png\">\u00a0<\/a><a href=\"https:\/\/agora.xtec.cat\/iesinfanta\/wp-content\/uploads\/usu231\/2019\/11\/ARBRE.png\"><img loading=\"lazy\" decoding=\"async\" class=\"wp-image-671 alignleft\" src=\"https:\/\/agora.xtec.cat\/iesinfanta\/wp-content\/uploads\/usu231\/2019\/11\/ARBRE.png\" alt=\"\" width=\"206\" height=\"206\" srcset=\"https:\/\/agora.xtec.cat\/iesinfanta\/wp-content\/uploads\/usu231\/2019\/11\/ARBRE.png 512w, https:\/\/agora.xtec.cat\/iesinfanta\/wp-content\/uploads\/usu231\/2019\/11\/ARBRE-150x150.png 150w, https:\/\/agora.xtec.cat\/iesinfanta\/wp-content\/uploads\/usu231\/2019\/11\/ARBRE-300x300.png 300w\" sizes=\"auto, (max-width: 206px) 100vw, 206px\" \/><\/a>L\u2019acci\u00f3 tutorial \u00e9s el conjunt d\u2019actuacions educatives que contribueixen a desenvolupar i potenciar capacitats b\u00e0siques de l\u2019alumnat, a orientar-lo per tal d\u2019aconseguir la seva maduraci\u00f3 i autonomia i a ajudar-lo a prendre decisions coherents i responsables. Aix\u00ed, ha de garantir la coordinaci\u00f3 del professorat que interv\u00e9 amb un mateix alumnat i en l\u2019atenci\u00f3 a la diversitat, i la implicaci\u00f3 de les fam\u00edlies en el proc\u00e9s d\u2019aprenentatge. El Pla d\u2019Acci\u00f3 Tutorial \u00e9s el document, aprovat pel claustre de professors, que recull els acords de centre per a la programaci\u00f3 d\u2019activitats amb qu\u00e8 assolir aquests fins.<\/p>\n<p>Podeu consultar el nostre\u00a0<a href=\"https:\/\/agora.xtec.cat\/iesinfanta\/wp-content\/uploads\/usu231\/2019\/11\/projecte-accio-tutorial.pdf\" target=\"_blank\" rel=\"noopener noreferrer\">PAT en aquest enlla<\/a><a href=\"https:\/\/issuu.com\/insinfanta\/docs\/pat_infanta\" target=\"_blank\" rel=\"noopener noreferrer\">\u00e7<\/a>.<\/p>\n<p>&nbsp;<\/p>\n","protected":false},"excerpt":{"rendered":"<p>\u00a0L\u2019acci\u00f3 tutorial \u00e9s el conjunt d\u2019actuacions educatives que contribueixen a desenvolupar i potenciar capacitats b\u00e0siques de l\u2019alumnat, a orientar-lo per tal d\u2019aconseguir la seva maduraci\u00f3 i autonomia i a ajudar-lo a prendre decisions coherents i responsables. Aix\u00ed, ha de garantir la coordinaci\u00f3 del professorat que interv\u00e9 amb un mateix alumnat i en l\u2019atenci\u00f3 a la [&hellip;]<\/p>\n","protected":false},"author":4,"featured_media":0,"parent":57,"menu_order":30,"comment_status":"closed","ping_status":"closed","template":"page-templates\/side-menu.php","meta":{"_bbp_topic_count":0,"_bbp_reply_count":0,"_bbp_total_topic_count":0,"_bbp_total_reply_count":0,"_bbp_voice_count":0,"_bbp_anonymous_reply_count":0,"_bbp_topic_count_hidden":0,"_bbp_reply_count_hidden":0,"_bbp_forum_subforum_count":0,"site-sidebar-layout":"default","site-content-layout":"","ast-site-content-layout":"","site-content-style":"default","site-sidebar-style":"default","ast-global-header-display":"","ast-banner-title-visibility":"","ast-main-header-display":"","ast-hfb-above-header-display":"","ast-hfb-below-header-display":"","ast-hfb-mobile-header-display":"","site-post-title":"","ast-breadcrumbs-content":"","ast-featured-img":"","footer-sml-layout":"","theme-transparent-header-meta":"","adv-header-id-meta":"","stick-header-meta":"","header-above-stick-meta":"","header-main-stick-meta":"","header-below-stick-meta":"","astra-migrate-meta-layouts":"default","ast-page-background-enabled":"default","ast-page-background-meta":{"desktop":{"background-color":"var(--ast-global-color-4)","background-image":"","background-repeat":"repeat","background-position":"center center","background-size":"auto","background-attachment":"scroll","background-type":"","background-media":"","overlay-type":"","overlay-color":"","overlay-opacity":"","overlay-gradient":""},"tablet":{"background-color":"","background-image":"","background-repeat":"repeat","background-position":"center center","background-size":"auto","background-attachment":"scroll","background-type":"","background-media":"","overlay-type":"","overlay-color":"","overlay-opacity":"","overlay-gradient":""},"mobile":{"background-color":"","background-image":"","background-repeat":"repeat","background-position":"center center","background-size":"auto","background-attachment":"scroll","background-type":"","background-media":"","overlay-type":"","overlay-color":"","overlay-opacity":"","overlay-gradient":""}},"ast-content-background-meta":{"desktop":{"background-color":"var(--ast-global-color-5)","background-image":"","background-repeat":"repeat","background-position":"center center","background-size":"auto","background-attachment":"scroll","background-type":"","background-media":"","overlay-type":"","overlay-color":"","overlay-opacity":"","overlay-gradient":""},"tablet":{"background-color":"var(--ast-global-color-5)","background-image":"","background-repeat":"repeat","background-position":"center center","background-size":"auto","background-attachment":"scroll","background-type":"","background-media":"","overlay-type":"","overlay-color":"","overlay-opacity":"","overlay-gradient":""},"mobile":{"background-color":"var(--ast-global-color-5)","background-image":"","background-repeat":"repeat","background-position":"center center","background-size":"auto","background-attachment":"scroll","background-type":"","background-media":"","overlay-type":"","overlay-color":"","overlay-opacity":"","overlay-gradient":""}},"footnotes":""},"class_list":["post-645","page","type-page","status-publish","hentry"],"post_mailing_queue_ids":[],"_links":{"self":[{"href":"https:\/\/agora.xtec.cat\/iesinfanta\/wp-json\/wp\/v2\/pages\/645","targetHints":{"allow":["GET"]}}],"collection":[{"href":"https:\/\/agora.xtec.cat\/iesinfanta\/wp-json\/wp\/v2\/pages"}],"about":[{"href":"https:\/\/agora.xtec.cat\/iesinfanta\/wp-json\/wp\/v2\/types\/page"}],"author":[{"embeddable":true,"href":"https:\/\/agora.xtec.cat\/iesinfanta\/wp-json\/wp\/v2\/users\/4"}],"replies":[{"embeddable":true,"href":"https:\/\/agora.xtec.cat\/iesinfanta\/wp-json\/wp\/v2\/comments?post=645"}],"version-history":[{"count":3,"href":"https:\/\/agora.xtec.cat\/iesinfanta\/wp-json\/wp\/v2\/pages\/645\/revisions"}],"predecessor-version":[{"id":675,"href":"https:\/\/agora.xtec.cat\/iesinfanta\/wp-json\/wp\/v2\/pages\/645\/revisions\/675"}],"up":[{"embeddable":true,"href":"https:\/\/agora.xtec.cat\/iesinfanta\/wp-json\/wp\/v2\/pages\/57"}],"wp:attachment":[{"href":"https:\/\/agora.xtec.cat\/iesinfanta\/wp-json\/wp\/v2\/media?parent=645"}],"curies":[{"name":"wp","href":"https:\/\/api.w.org\/{rel}","templated":true}]}}