{"id":5741,"date":"2023-06-19T15:40:11","date_gmt":"2023-06-19T13:40:11","guid":{"rendered":"https:\/\/agora.xtec.cat\/iesinfanta\/?page_id=5741"},"modified":"2023-06-29T14:57:49","modified_gmt":"2023-06-29T12:57:49","slug":"deures-estiu-4t-eso-2023","status":"publish","type":"page","link":"https:\/\/agora.xtec.cat\/iesinfanta\/deures-estiu-4t-eso-2023\/","title":{"rendered":"Deures d&#8217;estiu 4t ESO 2023"},"content":{"rendered":"<table style=\"border-collapse: collapse; width: 100%; height: 363px;\">\n<tbody>\n<tr style=\"height: 267px;\">\n<td style=\"width: 33.3333%; height: 267px;\" colspan=\"3\"><a href=\"https:\/\/agora.xtec.cat\/iesinfanta\/wp-content\/uploads\/usu231\/2023\/06\/estiu-23.png\"><img loading=\"lazy\" decoding=\"async\" class=\"wp-image-5748 aligncenter\" src=\"https:\/\/agora.xtec.cat\/iesinfanta\/wp-content\/uploads\/usu231\/2023\/06\/estiu-23.png\" alt=\"\" width=\"420\" height=\"251\" srcset=\"https:\/\/agora.xtec.cat\/iesinfanta\/wp-content\/uploads\/usu231\/2023\/06\/estiu-23.png 611w, https:\/\/agora.xtec.cat\/iesinfanta\/wp-content\/uploads\/usu231\/2023\/06\/estiu-23-300x179.png 300w\" sizes=\"auto, (max-width: 420px) 100vw, 420px\" \/><\/a><\/td>\n<\/tr>\n<tr style=\"height: 32px;\">\n<td style=\"width: 33.3333%; text-align: center; height: 32px;\"><a href=\"https:\/\/drive.google.com\/file\/d\/1u56K9W6pVnXGxF_13HYhv0aRfN-amiy4\/view?usp=sharing\" target=\"_blank\" rel=\"noopener\">ALEMANY<\/a><\/td>\n<td style=\"width: 33.3333%; text-align: center; height: 32px;\"><a href=\"https:\/\/drive.google.com\/file\/d\/1ISC4nz_k1ShAf1VE1LYeWHvohtMXTAE_\/view?usp=sharing\" target=\"_blank\" rel=\"noopener\">ANGL\u00c8S<\/a><\/td>\n<td style=\"width: 33.3333%; text-align: center; height: 32px;\"><a href=\"https:\/\/drive.google.com\/file\/d\/1l9ASvzkCYNv-6Le1F39QN8-dW38wnKb_\/view?usp=sharing\" target=\"_blank\" rel=\"noopener\">BIOLOGIA<\/a><\/td>\n<\/tr>\n<tr style=\"height: 32px;\">\n<td style=\"width: 33.3333%; text-align: center; height: 32px;\"><a href=\"https:\/\/drive.google.com\/file\/d\/1B0Dxs_JCoGPh9gofLnBN6fwKbfl3b82n\/view?usp=sharing\" target=\"_blank\" rel=\"noopener\">CATAL\u00c0<\/a><\/td>\n<td style=\"width: 33.3333%; text-align: center; height: 32px;\"><a href=\"https:\/\/drive.google.com\/file\/d\/1zdrHYbH3cgJwlMb6hgJFRzfWDy-g5qlc\/view?usp=sharing\" target=\"_blank\" rel=\"noopener\">CASTELL\u00c0<\/a><\/td>\n<td style=\"width: 33.3333%; text-align: center; height: 32px;\"><a href=\"https:\/\/drive.google.com\/file\/d\/1LAlC-WV22jgLVHVqiQmnYyYdM-3oYDuE\/view?usp=sharing\" target=\"_blank\" rel=\"noopener\">FILOSOFIA<\/a><\/td>\n<\/tr>\n<tr style=\"height: 32px;\">\n<td style=\"width: 33.3333%; text-align: center; height: 32px;\"><a href=\"https:\/\/drive.google.com\/file\/d\/1RzcDRoLjE_qUmRubdlRaUkwGGMkJ8PAA\/view?usp=sharing\" target=\"_blank\" rel=\"noopener\">F\u00cdSICA I QU\u00cdMICA<\/a><\/td>\n<td style=\"width: 33.3333%; text-align: center; height: 32px;\"><a href=\"https:\/\/drive.google.com\/file\/d\/12igbiMtuJOo9xpVmNghGnWLhRCizFQdv\/view?usp=share_link\" target=\"_blank\" rel=\"noopener\">MATEM\u00c0TIQUES<\/a><\/td>\n<td style=\"width: 33.3333%; text-align: center; height: 32px;\"><a href=\"https:\/\/drive.google.com\/file\/d\/17XZWIelDG8ssgrBj5fDUKEStnx9qLxmo\/view?usp=sharing\" target=\"_blank\" rel=\"noopener\">SOCIALS<\/a><\/td>\n<\/tr>\n<\/tbody>\n<\/table>\n","protected":false},"excerpt":{"rendered":"<p>ALEMANY ANGL\u00c8S BIOLOGIA CATAL\u00c0 CASTELL\u00c0 FILOSOFIA F\u00cdSICA I QU\u00cdMICA MATEM\u00c0TIQUES SOCIALS<\/p>\n","protected":false},"author":5,"featured_media":0,"parent":0,"menu_order":0,"comment_status":"closed","ping_status":"closed","template":"","meta":{"_bbp_topic_count":0,"_bbp_reply_count":0,"_bbp_total_topic_count":0,"_bbp_total_reply_count":0,"_bbp_voice_count":0,"_bbp_anonymous_reply_count":0,"_bbp_topic_count_hidden":0,"_bbp_reply_count_hidden":0,"_bbp_forum_subforum_count":0,"site-sidebar-layout":"default","site-content-layout":"","ast-site-content-layout":"","site-content-style":"default","site-sidebar-style":"default","ast-global-header-display":"","ast-banner-title-visibility":"","ast-main-header-display":"","ast-hfb-above-header-display":"","ast-hfb-below-header-display":"","ast-hfb-mobile-header-display":"","site-post-title":"","ast-breadcrumbs-content":"","ast-featured-img":"","footer-sml-layout":"","theme-transparent-header-meta":"","adv-header-id-meta":"","stick-header-meta":"","header-above-stick-meta":"","header-main-stick-meta":"","header-below-stick-meta":"","astra-migrate-meta-layouts":"default","ast-page-background-enabled":"default","ast-page-background-meta":{"desktop":{"background-color":"var(--ast-global-color-4)","background-image":"","background-repeat":"repeat","background-position":"center center","background-size":"auto","background-attachment":"scroll","background-type":"","background-media":"","overlay-type":"","overlay-color":"","overlay-opacity":"","overlay-gradient":""},"tablet":{"background-color":"","background-image":"","background-repeat":"repeat","background-position":"center center","background-size":"auto","background-attachment":"scroll","background-type":"","background-media":"","overlay-type":"","overlay-color":"","overlay-opacity":"","overlay-gradient":""},"mobile":{"background-color":"","background-image":"","background-repeat":"repeat","background-position":"center center","background-size":"auto","background-attachment":"scroll","background-type":"","background-media":"","overlay-type":"","overlay-color":"","overlay-opacity":"","overlay-gradient":""}},"ast-content-background-meta":{"desktop":{"background-color":"var(--ast-global-color-5)","background-image":"","background-repeat":"repeat","background-position":"center center","background-size":"auto","background-attachment":"scroll","background-type":"","background-media":"","overlay-type":"","overlay-color":"","overlay-opacity":"","overlay-gradient":""},"tablet":{"background-color":"var(--ast-global-color-5)","background-image":"","background-repeat":"repeat","background-position":"center center","background-size":"auto","background-attachment":"scroll","background-type":"","background-media":"","overlay-type":"","overlay-color":"","overlay-opacity":"","overlay-gradient":""},"mobile":{"background-color":"var(--ast-global-color-5)","background-image":"","background-repeat":"repeat","background-position":"center center","background-size":"auto","background-attachment":"scroll","background-type":"","background-media":"","overlay-type":"","overlay-color":"","overlay-opacity":"","overlay-gradient":""}},"footnotes":""},"class_list":["post-5741","page","type-page","status-publish","hentry"],"post_mailing_queue_ids":[],"_links":{"self":[{"href":"https:\/\/agora.xtec.cat\/iesinfanta\/wp-json\/wp\/v2\/pages\/5741","targetHints":{"allow":["GET"]}}],"collection":[{"href":"https:\/\/agora.xtec.cat\/iesinfanta\/wp-json\/wp\/v2\/pages"}],"about":[{"href":"https:\/\/agora.xtec.cat\/iesinfanta\/wp-json\/wp\/v2\/types\/page"}],"author":[{"embeddable":true,"href":"https:\/\/agora.xtec.cat\/iesinfanta\/wp-json\/wp\/v2\/users\/5"}],"replies":[{"embeddable":true,"href":"https:\/\/agora.xtec.cat\/iesinfanta\/wp-json\/wp\/v2\/comments?post=5741"}],"version-history":[{"count":4,"href":"https:\/\/agora.xtec.cat\/iesinfanta\/wp-json\/wp\/v2\/pages\/5741\/revisions"}],"predecessor-version":[{"id":6142,"href":"https:\/\/agora.xtec.cat\/iesinfanta\/wp-json\/wp\/v2\/pages\/5741\/revisions\/6142"}],"wp:attachment":[{"href":"https:\/\/agora.xtec.cat\/iesinfanta\/wp-json\/wp\/v2\/media?parent=5741"}],"curies":[{"name":"wp","href":"https:\/\/api.w.org\/{rel}","templated":true}]}}