{"id":2978,"date":"2021-06-02T11:53:23","date_gmt":"2021-06-02T09:53:23","guid":{"rendered":"https:\/\/agora.xtec.cat\/iesinfanta\/?page_id=2978"},"modified":"2022-05-13T13:26:34","modified_gmt":"2022-05-13T11:26:34","slug":"deures-estiu-4t-eso","status":"publish","type":"page","link":"https:\/\/agora.xtec.cat\/iesinfanta\/deures-estiu-4t-eso\/","title":{"rendered":"DEURES ESTIU 4t ESO 2021"},"content":{"rendered":"<table style=\"width: 425px;\">\n<tbody>\n<tr>\n<td style=\"width: 419px;\" colspan=\"3\"><img loading=\"lazy\" decoding=\"async\" class=\"size-full wp-image-3049 aligncenter\" src=\"https:\/\/agora.xtec.cat\/iesinfanta\/wp-content\/uploads\/usu231\/2021\/06\/llibre-2.jpg\" alt=\"\" width=\"338\" height=\"149\" srcset=\"https:\/\/agora.xtec.cat\/iesinfanta\/wp-content\/uploads\/usu231\/2021\/06\/llibre-2.jpg 338w, https:\/\/agora.xtec.cat\/iesinfanta\/wp-content\/uploads\/usu231\/2021\/06\/llibre-2-300x132.jpg 300w\" sizes=\"auto, (max-width: 338px) 100vw, 338px\" \/><\/td>\n<\/tr>\n<tr>\n<td style=\"width: 135.125px; text-align: center;\"><a href=\"https:\/\/drive.google.com\/file\/d\/1Tq9K9HrT-dlQlD7a874IRYXCXzm3lH_0\/view?usp=sharing\" target=\"_blank\" rel=\"noopener noreferrer\">CASTELL\u00c0<\/a><\/td>\n<td style=\"width: 136.469px; text-align: center;\"><a href=\"https:\/\/drive.google.com\/file\/d\/1ehP6vrBCHCn2HhiLTsOBs-QQsCyAoMpQ\/view?usp=sharing\" target=\"_blank\" rel=\"noopener noreferrer\">MATEM\u00c0TIQUES<\/a><\/td>\n<td style=\"width: 143.406px; text-align: center;\"><a href=\"https:\/\/drive.google.com\/file\/d\/1ikugKrxbbKqSznwfZkqn4chcJ37MsUol\/view?usp=sharing\" target=\"_blank\" rel=\"noopener noreferrer\">F\u00cdSICA\u00a0 i QU\u00cdMICA<\/a><\/td>\n<\/tr>\n<tr>\n<td style=\"width: 135.125px; text-align: center;\"><a href=\"https:\/\/drive.google.com\/file\/d\/12uzhZVWjpl_8ybPkB1PSRdxYYeCs_7Xk\/view?usp=sharing\" target=\"_blank\" rel=\"noopener noreferrer\">BIOLOGIA<\/a><\/td>\n<td style=\"width: 136.469px; text-align: center;\"><a href=\"https:\/\/drive.google.com\/drive\/folders\/1LLxITfrZm4q2-ysCAuRVsyJnLYIVd_I-?usp=sharing\" target=\"_blank\" rel=\"noopener noreferrer\">ANGL\u00c8S<\/a><\/td>\n<td style=\"width: 143.406px; text-align: center;\"><a href=\"https:\/\/drive.google.com\/file\/d\/1cCIg18PxzudSsTHg3e3mBkARp_eBJUsR\/view?usp=sharing\" target=\"_blank\" rel=\"noopener noreferrer\">CATAL\u00c0<\/a><\/td>\n<\/tr>\n<\/tbody>\n<\/table>\n","protected":false},"excerpt":{"rendered":"<p>CASTELL\u00c0 MATEM\u00c0TIQUES F\u00cdSICA\u00a0 i QU\u00cdMICA BIOLOGIA ANGL\u00c8S CATAL\u00c0<\/p>\n","protected":false},"author":5,"featured_media":0,"parent":0,"menu_order":0,"comment_status":"closed","ping_status":"closed","template":"","meta":{"_bbp_topic_count":0,"_bbp_reply_count":0,"_bbp_total_topic_count":0,"_bbp_total_reply_count":0,"_bbp_voice_count":0,"_bbp_anonymous_reply_count":0,"_bbp_topic_count_hidden":0,"_bbp_reply_count_hidden":0,"_bbp_forum_subforum_count":0,"site-sidebar-layout":"default","site-content-layout":"","ast-site-content-layout":"","site-content-style":"default","site-sidebar-style":"default","ast-global-header-display":"","ast-banner-title-visibility":"","ast-main-header-display":"","ast-hfb-above-header-display":"","ast-hfb-below-header-display":"","ast-hfb-mobile-header-display":"","site-post-title":"","ast-breadcrumbs-content":"","ast-featured-img":"","footer-sml-layout":"","theme-transparent-header-meta":"","adv-header-id-meta":"","stick-header-meta":"","header-above-stick-meta":"","header-main-stick-meta":"","header-below-stick-meta":"","astra-migrate-meta-layouts":"default","ast-page-background-enabled":"default","ast-page-background-meta":{"desktop":{"background-color":"var(--ast-global-color-4)","background-image":"","background-repeat":"repeat","background-position":"center center","background-size":"auto","background-attachment":"scroll","background-type":"","background-media":"","overlay-type":"","overlay-color":"","overlay-opacity":"","overlay-gradient":""},"tablet":{"background-color":"","background-image":"","background-repeat":"repeat","background-position":"center center","background-size":"auto","background-attachment":"scroll","background-type":"","background-media":"","overlay-type":"","overlay-color":"","overlay-opacity":"","overlay-gradient":""},"mobile":{"background-color":"","background-image":"","background-repeat":"repeat","background-position":"center center","background-size":"auto","background-attachment":"scroll","background-type":"","background-media":"","overlay-type":"","overlay-color":"","overlay-opacity":"","overlay-gradient":""}},"ast-content-background-meta":{"desktop":{"background-color":"var(--ast-global-color-5)","background-image":"","background-repeat":"repeat","background-position":"center center","background-size":"auto","background-attachment":"scroll","background-type":"","background-media":"","overlay-type":"","overlay-color":"","overlay-opacity":"","overlay-gradient":""},"tablet":{"background-color":"var(--ast-global-color-5)","background-image":"","background-repeat":"repeat","background-position":"center center","background-size":"auto","background-attachment":"scroll","background-type":"","background-media":"","overlay-type":"","overlay-color":"","overlay-opacity":"","overlay-gradient":""},"mobile":{"background-color":"var(--ast-global-color-5)","background-image":"","background-repeat":"repeat","background-position":"center center","background-size":"auto","background-attachment":"scroll","background-type":"","background-media":"","overlay-type":"","overlay-color":"","overlay-opacity":"","overlay-gradient":""}},"footnotes":""},"class_list":["post-2978","page","type-page","status-publish","hentry"],"post_mailing_queue_ids":[],"_links":{"self":[{"href":"https:\/\/agora.xtec.cat\/iesinfanta\/wp-json\/wp\/v2\/pages\/2978","targetHints":{"allow":["GET"]}}],"collection":[{"href":"https:\/\/agora.xtec.cat\/iesinfanta\/wp-json\/wp\/v2\/pages"}],"about":[{"href":"https:\/\/agora.xtec.cat\/iesinfanta\/wp-json\/wp\/v2\/types\/page"}],"author":[{"embeddable":true,"href":"https:\/\/agora.xtec.cat\/iesinfanta\/wp-json\/wp\/v2\/users\/5"}],"replies":[{"embeddable":true,"href":"https:\/\/agora.xtec.cat\/iesinfanta\/wp-json\/wp\/v2\/comments?post=2978"}],"version-history":[{"count":3,"href":"https:\/\/agora.xtec.cat\/iesinfanta\/wp-json\/wp\/v2\/pages\/2978\/revisions"}],"predecessor-version":[{"id":4283,"href":"https:\/\/agora.xtec.cat\/iesinfanta\/wp-json\/wp\/v2\/pages\/2978\/revisions\/4283"}],"wp:attachment":[{"href":"https:\/\/agora.xtec.cat\/iesinfanta\/wp-json\/wp\/v2\/media?parent=2978"}],"curies":[{"name":"wp","href":"https:\/\/api.w.org\/{rel}","templated":true}]}}