{"id":2905,"date":"2021-05-07T12:50:27","date_gmt":"2021-05-07T10:50:27","guid":{"rendered":"https:\/\/agora.xtec.cat\/iesinfanta\/?page_id=2905"},"modified":"2021-06-11T10:17:59","modified_gmt":"2021-06-11T08:17:59","slug":"premis-sant-jordi-2021","status":"publish","type":"page","link":"https:\/\/agora.xtec.cat\/iesinfanta\/premis-sant-jordi-2021\/","title":{"rendered":"Premis Sant Jordi 2021"},"content":{"rendered":"<table style=\"width: 428px;\">\n<tbody>\n<tr>\n<td style=\"width: 422px;\" colspan=\"2\"><a href=\"https:\/\/agora.xtec.cat\/iesinfanta\/wp-content\/uploads\/usu231\/2021\/05\/premis.png\"><img loading=\"lazy\" decoding=\"async\" class=\"wp-image-2932 aligncenter\" src=\"https:\/\/agora.xtec.cat\/iesinfanta\/wp-content\/uploads\/usu231\/2021\/05\/premis.png\" alt=\"\" width=\"362\" height=\"190\" srcset=\"https:\/\/agora.xtec.cat\/iesinfanta\/wp-content\/uploads\/usu231\/2021\/05\/premis.png 467w, https:\/\/agora.xtec.cat\/iesinfanta\/wp-content\/uploads\/usu231\/2021\/05\/premis-300x157.png 300w\" sizes=\"auto, (max-width: 362px) 100vw, 362px\" \/><\/a><\/td>\n<\/tr>\n<tr>\n<td style=\"width: 223px; text-align: center;\"><a href=\"https:\/\/agora.xtec.cat\/iesinfanta\/general\/premis-foto-matematica-sant-jordi-21\/\" target=\"_blank\" rel=\"noopener noreferrer\">Premis Foto Matem\u00e0tica SJ21<\/a><\/td>\n<td style=\"width: 197px; text-align: center;\"><a href=\"https:\/\/agora.xtec.cat\/iesinfanta\/general\/video-guanyador-sant-jordi-21\/\" target=\"_blank\" rel=\"noopener noreferrer\">V\u00eddeo Guanyador SJ21<\/a><\/td>\n<\/tr>\n<tr>\n<td style=\"width: 223px; text-align: center;\"><a href=\"https:\/\/agora.xtec.cat\/iesinfanta\/general\/premis-sant-jordi-departament-castella\/\" target=\"_blank\" rel=\"noopener noreferrer\">Premis Departament de Castell\u00e0<\/a><\/td>\n<td style=\"width: 197px; text-align: center;\"><a href=\"https:\/\/agora.xtec.cat\/iesinfanta\/general\/premis-sant-jordi-departament-catala\/\" target=\"_blank\" rel=\"noopener noreferrer\">Premis Departament Catal\u00e0<\/a><\/td>\n<\/tr>\n<\/tbody>\n<\/table>\n","protected":false},"excerpt":{"rendered":"<p>Premis Foto Matem\u00e0tica SJ21 V\u00eddeo Guanyador SJ21 Premis Departament de Castell\u00e0 Premis Departament Catal\u00e0<\/p>\n","protected":false},"author":5,"featured_media":0,"parent":0,"menu_order":0,"comment_status":"closed","ping_status":"closed","template":"","meta":{"_bbp_topic_count":0,"_bbp_reply_count":0,"_bbp_total_topic_count":0,"_bbp_total_reply_count":0,"_bbp_voice_count":0,"_bbp_anonymous_reply_count":0,"_bbp_topic_count_hidden":0,"_bbp_reply_count_hidden":0,"_bbp_forum_subforum_count":0,"site-sidebar-layout":"default","site-content-layout":"","ast-site-content-layout":"","site-content-style":"default","site-sidebar-style":"default","ast-global-header-display":"","ast-banner-title-visibility":"","ast-main-header-display":"","ast-hfb-above-header-display":"","ast-hfb-below-header-display":"","ast-hfb-mobile-header-display":"","site-post-title":"","ast-breadcrumbs-content":"","ast-featured-img":"","footer-sml-layout":"","theme-transparent-header-meta":"","adv-header-id-meta":"","stick-header-meta":"","header-above-stick-meta":"","header-main-stick-meta":"","header-below-stick-meta":"","astra-migrate-meta-layouts":"default","ast-page-background-enabled":"default","ast-page-background-meta":{"desktop":{"background-color":"var(--ast-global-color-4)","background-image":"","background-repeat":"repeat","background-position":"center center","background-size":"auto","background-attachment":"scroll","background-type":"","background-media":"","overlay-type":"","overlay-color":"","overlay-opacity":"","overlay-gradient":""},"tablet":{"background-color":"","background-image":"","background-repeat":"repeat","background-position":"center center","background-size":"auto","background-attachment":"scroll","background-type":"","background-media":"","overlay-type":"","overlay-color":"","overlay-opacity":"","overlay-gradient":""},"mobile":{"background-color":"","background-image":"","background-repeat":"repeat","background-position":"center center","background-size":"auto","background-attachment":"scroll","background-type":"","background-media":"","overlay-type":"","overlay-color":"","overlay-opacity":"","overlay-gradient":""}},"ast-content-background-meta":{"desktop":{"background-color":"var(--ast-global-color-5)","background-image":"","background-repeat":"repeat","background-position":"center center","background-size":"auto","background-attachment":"scroll","background-type":"","background-media":"","overlay-type":"","overlay-color":"","overlay-opacity":"","overlay-gradient":""},"tablet":{"background-color":"var(--ast-global-color-5)","background-image":"","background-repeat":"repeat","background-position":"center center","background-size":"auto","background-attachment":"scroll","background-type":"","background-media":"","overlay-type":"","overlay-color":"","overlay-opacity":"","overlay-gradient":""},"mobile":{"background-color":"var(--ast-global-color-5)","background-image":"","background-repeat":"repeat","background-position":"center center","background-size":"auto","background-attachment":"scroll","background-type":"","background-media":"","overlay-type":"","overlay-color":"","overlay-opacity":"","overlay-gradient":""}},"footnotes":""},"class_list":["post-2905","page","type-page","status-publish","hentry"],"post_mailing_queue_ids":[],"_links":{"self":[{"href":"https:\/\/agora.xtec.cat\/iesinfanta\/wp-json\/wp\/v2\/pages\/2905","targetHints":{"allow":["GET"]}}],"collection":[{"href":"https:\/\/agora.xtec.cat\/iesinfanta\/wp-json\/wp\/v2\/pages"}],"about":[{"href":"https:\/\/agora.xtec.cat\/iesinfanta\/wp-json\/wp\/v2\/types\/page"}],"author":[{"embeddable":true,"href":"https:\/\/agora.xtec.cat\/iesinfanta\/wp-json\/wp\/v2\/users\/5"}],"replies":[{"embeddable":true,"href":"https:\/\/agora.xtec.cat\/iesinfanta\/wp-json\/wp\/v2\/comments?post=2905"}],"version-history":[{"count":3,"href":"https:\/\/agora.xtec.cat\/iesinfanta\/wp-json\/wp\/v2\/pages\/2905\/revisions"}],"predecessor-version":[{"id":2933,"href":"https:\/\/agora.xtec.cat\/iesinfanta\/wp-json\/wp\/v2\/pages\/2905\/revisions\/2933"}],"wp:attachment":[{"href":"https:\/\/agora.xtec.cat\/iesinfanta\/wp-json\/wp\/v2\/media?parent=2905"}],"curies":[{"name":"wp","href":"https:\/\/api.w.org\/{rel}","templated":true}]}}