{"id":1055,"date":"2019-12-17T08:58:42","date_gmt":"2019-12-17T07:58:42","guid":{"rendered":"https:\/\/agora.xtec.cat\/iesinfanta\/?page_id=1055"},"modified":"2019-12-17T09:05:33","modified_gmt":"2019-12-17T08:05:33","slug":"sortida-al-teatre-lliure","status":"publish","type":"page","link":"https:\/\/agora.xtec.cat\/iesinfanta\/sortida-al-teatre-lliure\/","title":{"rendered":"Sortida al Teatre Lliure"},"content":{"rendered":"<p><strong>Alumnes de batxillerat del centre van assistir a la representaci\u00f3 de l\u2019obra This is Real Love, dins de la programaci\u00f3 de la temporada 2019-2020 del Teatre Lliure.<\/strong><\/p>\n<p>Breu informaci\u00f3 sobre la companyia i l\u2019obra:<\/p>\n<p><strong>VVAA <\/strong>no \u00e9s cap companyia, \u00e9s un col\u00b7lectiu art\u00edstic format per una uni\u00f3 de persones que volen comprometre\u2019s amb la renovaci\u00f3 de la cultura i de l\u2019art. D\u2019entre els seus espectacles destaquem<em> Like si lloras<\/em> (Sala Beckett 2016, Volksb\u00fchne 2017), <em>Wohnwagen <\/em>(La Seca 2016, Teatro Espa\u00f1ol 2017, Premi BBVA 2017), <em>Pool (no water) <\/em>(Fira T\u00e0rrega i Sala Beckett 2018) i <em>Pussy Picnic<\/em> (La Infinita 2018, Postmasters Gallery Rome 2019).<\/p>\n<p>&#8220;<strong>This is Real Love<\/strong>. <em>This is<\/em>, de veritat. El doctor honoris causa Kanye West va dir el 19 de novembre de 2016, abans d\u2019autoboicotejar-se i suspendre la seva gira mundial: <em>Feelings matter<\/em>. I \u00e9s aix\u00ed, els sentiments importen. Sobretot per guanyar diners. I com que nosaltres volem guanyar diners, haurem de construir un imperi. Una <em>power couple<\/em>. El contenidor de les dues grans ficcions: la parella mon\u00f2gama (MATRImoni) i l\u2019empresa (PATRImoni). La parella de l\u2019Elena i el Max, una bonica parella heterosexual i totalment convencional, es posar\u00e0 en risc per aconseguir l\u2019\u00e8xit. Tamb\u00e9 ho faran aix\u00ed Beyonc\u00e9 i Jay Z, Kim Kardashian i Kanye West, Los Javis, Isa Campo i Isaki Lacuesta i Marina Abramovi\u0107 i Ulay.<\/p>\n<p><em>Ceci est un amour r\u00e9el<\/em>.\u201d &#8211; VVAA Col\u00b7lectiu<\/p>\n<p>&nbsp;<\/p>\n<table style=\"height: 740px;\" width=\"572\">\n<tbody>\n<tr>\n<td style=\"width: 187.333px;\"><a href=\"https:\/\/agora.xtec.cat\/iesinfanta\/wp-content\/uploads\/usu231\/2019\/12\/WhatsApp-Image-2019-12-17-at-08.52.274.jpeg\"><img loading=\"lazy\" decoding=\"async\" class=\"alignleft wp-image-1056\" src=\"https:\/\/agora.xtec.cat\/iesinfanta\/wp-content\/uploads\/usu231\/2019\/12\/WhatsApp-Image-2019-12-17-at-08.52.274-768x1024.jpeg\" alt=\"\" width=\"305\" height=\"406\" srcset=\"https:\/\/agora.xtec.cat\/iesinfanta\/wp-content\/uploads\/usu231\/2019\/12\/WhatsApp-Image-2019-12-17-at-08.52.274-768x1024.jpeg 768w, https:\/\/agora.xtec.cat\/iesinfanta\/wp-content\/uploads\/usu231\/2019\/12\/WhatsApp-Image-2019-12-17-at-08.52.274-225x300.jpeg 225w, https:\/\/agora.xtec.cat\/iesinfanta\/wp-content\/uploads\/usu231\/2019\/12\/WhatsApp-Image-2019-12-17-at-08.52.274.jpeg 1536w\" sizes=\"auto, (max-width: 305px) 100vw, 305px\" \/><\/a><\/td>\n<td style=\"width: 187.333px;\"><a href=\"https:\/\/agora.xtec.cat\/iesinfanta\/wp-content\/uploads\/usu231\/2019\/12\/WhatsApp-Image-2019-12-17-at-08.52.272.jpeg\"><img loading=\"lazy\" decoding=\"async\" class=\"alignleft wp-image-1058\" src=\"https:\/\/agora.xtec.cat\/iesinfanta\/wp-content\/uploads\/usu231\/2019\/12\/WhatsApp-Image-2019-12-17-at-08.52.272-768x1024.jpeg\" alt=\"\" width=\"305\" height=\"406\" srcset=\"https:\/\/agora.xtec.cat\/iesinfanta\/wp-content\/uploads\/usu231\/2019\/12\/WhatsApp-Image-2019-12-17-at-08.52.272-768x1024.jpeg 768w, https:\/\/agora.xtec.cat\/iesinfanta\/wp-content\/uploads\/usu231\/2019\/12\/WhatsApp-Image-2019-12-17-at-08.52.272-225x300.jpeg 225w, https:\/\/agora.xtec.cat\/iesinfanta\/wp-content\/uploads\/usu231\/2019\/12\/WhatsApp-Image-2019-12-17-at-08.52.272.jpeg 1536w\" sizes=\"auto, (max-width: 305px) 100vw, 305px\" \/><\/a><\/td>\n<td style=\"width: 187.333px;\"><a href=\"https:\/\/agora.xtec.cat\/iesinfanta\/wp-content\/uploads\/usu231\/2019\/12\/WhatsApp-Image-2019-12-17-at-08.52.271.jpeg\"><img loading=\"lazy\" decoding=\"async\" class=\"alignleft wp-image-1059\" src=\"https:\/\/agora.xtec.cat\/iesinfanta\/wp-content\/uploads\/usu231\/2019\/12\/WhatsApp-Image-2019-12-17-at-08.52.271-768x1024.jpeg\" alt=\"\" width=\"303\" height=\"404\" srcset=\"https:\/\/agora.xtec.cat\/iesinfanta\/wp-content\/uploads\/usu231\/2019\/12\/WhatsApp-Image-2019-12-17-at-08.52.271-768x1024.jpeg 768w, https:\/\/agora.xtec.cat\/iesinfanta\/wp-content\/uploads\/usu231\/2019\/12\/WhatsApp-Image-2019-12-17-at-08.52.271-225x300.jpeg 225w, https:\/\/agora.xtec.cat\/iesinfanta\/wp-content\/uploads\/usu231\/2019\/12\/WhatsApp-Image-2019-12-17-at-08.52.271.jpeg 1536w\" sizes=\"auto, (max-width: 303px) 100vw, 303px\" \/><\/a><\/td>\n<\/tr>\n<tr>\n<td style=\"width: 187.333px;\"><a href=\"https:\/\/agora.xtec.cat\/iesinfanta\/wp-content\/uploads\/usu231\/2019\/12\/WhatsApp-Image-2019-12-17-at-08.52.27.jpeg\"><img loading=\"lazy\" decoding=\"async\" class=\"alignleft wp-image-1060\" src=\"https:\/\/agora.xtec.cat\/iesinfanta\/wp-content\/uploads\/usu231\/2019\/12\/WhatsApp-Image-2019-12-17-at-08.52.27-768x1024.jpeg\" alt=\"\" width=\"302\" height=\"402\" srcset=\"https:\/\/agora.xtec.cat\/iesinfanta\/wp-content\/uploads\/usu231\/2019\/12\/WhatsApp-Image-2019-12-17-at-08.52.27-768x1024.jpeg 768w, https:\/\/agora.xtec.cat\/iesinfanta\/wp-content\/uploads\/usu231\/2019\/12\/WhatsApp-Image-2019-12-17-at-08.52.27-225x300.jpeg 225w, https:\/\/agora.xtec.cat\/iesinfanta\/wp-content\/uploads\/usu231\/2019\/12\/WhatsApp-Image-2019-12-17-at-08.52.27.jpeg 1536w\" sizes=\"auto, (max-width: 302px) 100vw, 302px\" \/><\/a><\/td>\n<td style=\"width: 187.333px;\"><a href=\"https:\/\/agora.xtec.cat\/iesinfanta\/wp-content\/uploads\/usu231\/2019\/12\/WhatsApp-Image-2019-12-17-at-08.52.277.jpeg\"><img loading=\"lazy\" decoding=\"async\" class=\"alignleft wp-image-1062\" src=\"https:\/\/agora.xtec.cat\/iesinfanta\/wp-content\/uploads\/usu231\/2019\/12\/WhatsApp-Image-2019-12-17-at-08.52.277-768x1024.jpeg\" alt=\"\" width=\"313\" height=\"418\" srcset=\"https:\/\/agora.xtec.cat\/iesinfanta\/wp-content\/uploads\/usu231\/2019\/12\/WhatsApp-Image-2019-12-17-at-08.52.277-768x1024.jpeg 768w, https:\/\/agora.xtec.cat\/iesinfanta\/wp-content\/uploads\/usu231\/2019\/12\/WhatsApp-Image-2019-12-17-at-08.52.277-225x300.jpeg 225w, https:\/\/agora.xtec.cat\/iesinfanta\/wp-content\/uploads\/usu231\/2019\/12\/WhatsApp-Image-2019-12-17-at-08.52.277.jpeg 1536w\" sizes=\"auto, (max-width: 313px) 100vw, 313px\" \/><\/a><\/td>\n<td style=\"width: 187.333px;\"><a href=\"https:\/\/agora.xtec.cat\/iesinfanta\/wp-content\/uploads\/usu231\/2019\/12\/WhatsApp-Image-2019-12-17-at-08.52.276.jpeg\"><img loading=\"lazy\" decoding=\"async\" class=\"alignleft wp-image-1063\" src=\"https:\/\/agora.xtec.cat\/iesinfanta\/wp-content\/uploads\/usu231\/2019\/12\/WhatsApp-Image-2019-12-17-at-08.52.276-768x1024.jpeg\" alt=\"\" width=\"336\" height=\"448\" srcset=\"https:\/\/agora.xtec.cat\/iesinfanta\/wp-content\/uploads\/usu231\/2019\/12\/WhatsApp-Image-2019-12-17-at-08.52.276-768x1024.jpeg 768w, https:\/\/agora.xtec.cat\/iesinfanta\/wp-content\/uploads\/usu231\/2019\/12\/WhatsApp-Image-2019-12-17-at-08.52.276-225x300.jpeg 225w, https:\/\/agora.xtec.cat\/iesinfanta\/wp-content\/uploads\/usu231\/2019\/12\/WhatsApp-Image-2019-12-17-at-08.52.276.jpeg 1536w\" sizes=\"auto, (max-width: 336px) 100vw, 336px\" \/><\/a><\/td>\n<\/tr>\n<tr>\n<td style=\"width: 187.333px;\"><a href=\"https:\/\/agora.xtec.cat\/iesinfanta\/wp-content\/uploads\/usu231\/2019\/12\/WhatsApp-Image-2019-12-17-at-08.52.275.jpeg\"><img loading=\"lazy\" decoding=\"async\" class=\"alignleft wp-image-1064\" src=\"https:\/\/agora.xtec.cat\/iesinfanta\/wp-content\/uploads\/usu231\/2019\/12\/WhatsApp-Image-2019-12-17-at-08.52.275-768x1024.jpeg\" alt=\"\" width=\"342\" height=\"456\" srcset=\"https:\/\/agora.xtec.cat\/iesinfanta\/wp-content\/uploads\/usu231\/2019\/12\/WhatsApp-Image-2019-12-17-at-08.52.275-768x1024.jpeg 768w, https:\/\/agora.xtec.cat\/iesinfanta\/wp-content\/uploads\/usu231\/2019\/12\/WhatsApp-Image-2019-12-17-at-08.52.275-225x300.jpeg 225w, https:\/\/agora.xtec.cat\/iesinfanta\/wp-content\/uploads\/usu231\/2019\/12\/WhatsApp-Image-2019-12-17-at-08.52.275.jpeg 1536w\" sizes=\"auto, (max-width: 342px) 100vw, 342px\" \/><\/a><\/td>\n<td style=\"width: 187.333px;\"><a href=\"https:\/\/agora.xtec.cat\/iesinfanta\/wp-content\/uploads\/usu231\/2019\/12\/WhatsApp-Image-2019-12-17-at-08.52.278.jpeg\"><img loading=\"lazy\" decoding=\"async\" class=\"alignleft size-large wp-image-1061\" src=\"https:\/\/agora.xtec.cat\/iesinfanta\/wp-content\/uploads\/usu231\/2019\/12\/WhatsApp-Image-2019-12-17-at-08.52.278-1024x768.jpeg\" alt=\"\" width=\"1024\" height=\"768\" srcset=\"https:\/\/agora.xtec.cat\/iesinfanta\/wp-content\/uploads\/usu231\/2019\/12\/WhatsApp-Image-2019-12-17-at-08.52.278-1024x768.jpeg 1024w, https:\/\/agora.xtec.cat\/iesinfanta\/wp-content\/uploads\/usu231\/2019\/12\/WhatsApp-Image-2019-12-17-at-08.52.278-300x225.jpeg 300w, https:\/\/agora.xtec.cat\/iesinfanta\/wp-content\/uploads\/usu231\/2019\/12\/WhatsApp-Image-2019-12-17-at-08.52.278-768x576.jpeg 768w, https:\/\/agora.xtec.cat\/iesinfanta\/wp-content\/uploads\/usu231\/2019\/12\/WhatsApp-Image-2019-12-17-at-08.52.278-200x150.jpeg 200w, https:\/\/agora.xtec.cat\/iesinfanta\/wp-content\/uploads\/usu231\/2019\/12\/WhatsApp-Image-2019-12-17-at-08.52.278.jpeg 2048w\" sizes=\"auto, (max-width: 1024px) 100vw, 1024px\" \/><\/a><\/td>\n<td style=\"width: 187.333px;\"><\/td>\n<\/tr>\n<\/tbody>\n<\/table>\n<p>&nbsp;<\/p>\n","protected":false},"excerpt":{"rendered":"<p>Alumnes de batxillerat del centre van assistir a la representaci\u00f3 de l\u2019obra This is Real Love, dins de la programaci\u00f3 de la temporada 2019-2020 del Teatre Lliure. Breu informaci\u00f3 sobre la companyia i l\u2019obra: VVAA no \u00e9s cap companyia, \u00e9s un col\u00b7lectiu art\u00edstic format per una uni\u00f3 de persones que volen comprometre\u2019s amb la renovaci\u00f3 [&hellip;]<\/p>\n","protected":false},"author":4,"featured_media":0,"parent":0,"menu_order":0,"comment_status":"closed","ping_status":"closed","template":"","meta":{"_bbp_topic_count":0,"_bbp_reply_count":0,"_bbp_total_topic_count":0,"_bbp_total_reply_count":0,"_bbp_voice_count":0,"_bbp_anonymous_reply_count":0,"_bbp_topic_count_hidden":0,"_bbp_reply_count_hidden":0,"_bbp_forum_subforum_count":0,"site-sidebar-layout":"default","site-content-layout":"","ast-site-content-layout":"","site-content-style":"default","site-sidebar-style":"default","ast-global-header-display":"","ast-banner-title-visibility":"","ast-main-header-display":"","ast-hfb-above-header-display":"","ast-hfb-below-header-display":"","ast-hfb-mobile-header-display":"","site-post-title":"","ast-breadcrumbs-content":"","ast-featured-img":"","footer-sml-layout":"","theme-transparent-header-meta":"","adv-header-id-meta":"","stick-header-meta":"","header-above-stick-meta":"","header-main-stick-meta":"","header-below-stick-meta":"","astra-migrate-meta-layouts":"default","ast-page-background-enabled":"default","ast-page-background-meta":{"desktop":{"background-color":"var(--ast-global-color-4)","background-image":"","background-repeat":"repeat","background-position":"center center","background-size":"auto","background-attachment":"scroll","background-type":"","background-media":"","overlay-type":"","overlay-color":"","overlay-opacity":"","overlay-gradient":""},"tablet":{"background-color":"","background-image":"","background-repeat":"repeat","background-position":"center center","background-size":"auto","background-attachment":"scroll","background-type":"","background-media":"","overlay-type":"","overlay-color":"","overlay-opacity":"","overlay-gradient":""},"mobile":{"background-color":"","background-image":"","background-repeat":"repeat","background-position":"center center","background-size":"auto","background-attachment":"scroll","background-type":"","background-media":"","overlay-type":"","overlay-color":"","overlay-opacity":"","overlay-gradient":""}},"ast-content-background-meta":{"desktop":{"background-color":"var(--ast-global-color-5)","background-image":"","background-repeat":"repeat","background-position":"center center","background-size":"auto","background-attachment":"scroll","background-type":"","background-media":"","overlay-type":"","overlay-color":"","overlay-opacity":"","overlay-gradient":""},"tablet":{"background-color":"var(--ast-global-color-5)","background-image":"","background-repeat":"repeat","background-position":"center center","background-size":"auto","background-attachment":"scroll","background-type":"","background-media":"","overlay-type":"","overlay-color":"","overlay-opacity":"","overlay-gradient":""},"mobile":{"background-color":"var(--ast-global-color-5)","background-image":"","background-repeat":"repeat","background-position":"center center","background-size":"auto","background-attachment":"scroll","background-type":"","background-media":"","overlay-type":"","overlay-color":"","overlay-opacity":"","overlay-gradient":""}},"footnotes":""},"class_list":["post-1055","page","type-page","status-publish","hentry"],"post_mailing_queue_ids":[],"_links":{"self":[{"href":"https:\/\/agora.xtec.cat\/iesinfanta\/wp-json\/wp\/v2\/pages\/1055","targetHints":{"allow":["GET"]}}],"collection":[{"href":"https:\/\/agora.xtec.cat\/iesinfanta\/wp-json\/wp\/v2\/pages"}],"about":[{"href":"https:\/\/agora.xtec.cat\/iesinfanta\/wp-json\/wp\/v2\/types\/page"}],"author":[{"embeddable":true,"href":"https:\/\/agora.xtec.cat\/iesinfanta\/wp-json\/wp\/v2\/users\/4"}],"replies":[{"embeddable":true,"href":"https:\/\/agora.xtec.cat\/iesinfanta\/wp-json\/wp\/v2\/comments?post=1055"}],"version-history":[{"count":3,"href":"https:\/\/agora.xtec.cat\/iesinfanta\/wp-json\/wp\/v2\/pages\/1055\/revisions"}],"predecessor-version":[{"id":1071,"href":"https:\/\/agora.xtec.cat\/iesinfanta\/wp-json\/wp\/v2\/pages\/1055\/revisions\/1071"}],"wp:attachment":[{"href":"https:\/\/agora.xtec.cat\/iesinfanta\/wp-json\/wp\/v2\/media?parent=1055"}],"curies":[{"name":"wp","href":"https:\/\/api.w.org\/{rel}","templated":true}]}}