{"id":976,"date":"2024-10-23T16:32:44","date_gmt":"2024-10-23T14:32:44","guid":{"rendered":"https:\/\/agora.xtec.cat\/iesilladerodes\/?page_id=976"},"modified":"2025-03-30T12:49:15","modified_gmt":"2025-03-30T10:49:15","slug":"programa-epas","status":"publish","type":"page","link":"https:\/\/agora.xtec.cat\/iesilladerodes\/programa-epas\/","title":{"rendered":"Programa EPAS"},"content":{"rendered":"\n<p class=\"justificar-text\">Aquest curs 2024-2025, l\u2019Institut Illa de Rodes ha estat seleccionat com a&nbsp;<strong>Escola Ambaixadora del Parlament Europeu (EPAS)<\/strong>, en el marc del programa educatiu impulsat pel Parlament Europeu amb l\u2019objectiu d\u2019apropar la democr\u00e0cia parlament\u00e0ria als centres educatius.<\/p>\n\n\n\n<h4 class=\"wp-block-heading\">Qu\u00e8 \u00e9s el programa EPAS?<\/h4>\n\n\n\n<p class=\"justificar-text\">El programa&nbsp;<strong>Escoles Ambaixadores del Parlament Europeu (EPAS)<\/strong>, iniciat el curs 2015-2016 per la Direcci\u00f3 General de Comunicaci\u00f3 del Parlament Europeu, busca donar a con\u00e8ixer el funcionament de la instituci\u00f3 europea entre l\u2019alumnat de secund\u00e0ria, batxillerat, formaci\u00f3 professional i educaci\u00f3 especial.<\/p>\n\n\n\n<p class=\"justificar-text\">Ser Escola Ambaixadora significa assumir un comprom\u00eds actiu amb la promoci\u00f3 dels valors europeus i la participaci\u00f3 ciutadana. Per aquest motiu, com a centre participant, ens comprometem a:<\/p>\n\n\n\n<ul class=\"wp-block-list\">\n<li class=\"justificar-text\">Instal\u00b7lar un&nbsp;<strong>Punt d\u2019Informaci\u00f3 (InfoPoint)<\/strong>&nbsp;al centre sobre temes relacionats amb el Parlament Europeu.<\/li>\n\n\n\n<li class=\"justificar-text\">Treballar&nbsp;<strong>materials did\u00e0ctics<\/strong>&nbsp;sobre la Uni\u00f3 Europea i el funcionament del Parlament.<\/li>\n\n\n\n<li class=\"justificar-text\">Organitzar&nbsp;<strong>activitats educatives<\/strong>&nbsp;relacionades amb la UE.<\/li>\n\n\n\n<li class=\"justificar-text\"><strong>Celebrar el Dia d\u2019Europa<\/strong>, el 9 de maig.<\/li>\n\n\n\n<li class=\"justificar-text\">Implicar un grup d\u2019entre&nbsp;<strong>20 i 60 alumnes voluntaris<\/strong>&nbsp;com a Ambaixadors J\u00faniors del Parlament Europeu.<\/li>\n\n\n\n<li class=\"justificar-text\">Comptar amb&nbsp;<strong>professorat voluntari<\/strong>&nbsp;com a Ambaixadors S\u00e8nior que coordini el projecte.<\/li>\n<\/ul>\n\n\n\n<p class=\"justificar-text\">Els centres poden participar com a Escola Ambaixadora durant un m\u00e0xim de&nbsp;<strong>tres cursos consecutius<\/strong>. Despr\u00e9s, poden continuar vinculats al programa com a&nbsp;<strong>Escola Mentora<\/strong>, acompanyant i donant suport a nous centres EPAS de la seva zona.<\/p>\n\n\n\n<h4 class=\"wp-block-heading\">Una oportunitat que compartim amb pocs<\/h4>\n\n\n\n<p class=\"justificar-text\">En l\u2019edici\u00f3 anterior del programa, hi van participar&nbsp;<strong>2.159 centres educatius<\/strong>&nbsp;de tota la Uni\u00f3 Europea, amb la implicaci\u00f3 de&nbsp;<strong>35.906 estudiants<\/strong>.<\/p>\n\n\n\n<p class=\"justificar-text\">Aquest curs,&nbsp;<strong>725 centres d\u2019arreu de l\u2019Estat espanyol<\/strong>&nbsp;van presentar candidatura, dels quals&nbsp;<strong>104 a Catalunya<\/strong>. Finalment, s\u2019han seleccionat&nbsp;<strong>117 centres a nivell estatal<\/strong>,&nbsp;<strong>20 dels quals catalans<\/strong>. Entre aquests,&nbsp;<strong>6 han estat escollits per primera vegada aquest curs<\/strong>, entre ells el nostre institut.<\/p>\n\n\n\n<p class=\"justificar-text\">A les comarques gironines, nom\u00e9s&nbsp;<strong>dos centres hem estat seleccionats com a EPAS de primer any<\/strong>: l\u2019Institut Illa de Rodes de Roses i l\u2019Institut Josep Brugulat de Banyoles.<\/p>\n\n\n\n<p class=\"justificar-text\">Pel que fa a les&nbsp;<strong>Escoles Mentores<\/strong>, actualment n\u2019hi ha&nbsp;<strong>50 a Espanya<\/strong>,&nbsp;<strong>8 de les quals a Catalunya<\/strong>.<\/p>\n","protected":false},"excerpt":{"rendered":"<p>Aquest curs 2024-2025, l\u2019Institut Illa de Rodes ha estat seleccionat com a&nbsp;Escola Ambaixadora del Parlament Europeu (EPAS), en el marc [&hellip;]<\/p>\n","protected":false},"author":3,"featured_media":0,"parent":0,"menu_order":5,"comment_status":"closed","ping_status":"closed","template":"","meta":{"site-sidebar-layout":"default","site-content-layout":"","ast-site-content-layout":"default","site-content-style":"default","site-sidebar-style":"default","ast-global-header-display":"","ast-banner-title-visibility":"","ast-main-header-display":"","ast-hfb-above-header-display":"","ast-hfb-below-header-display":"","ast-hfb-mobile-header-display":"","site-post-title":"","ast-breadcrumbs-content":"","ast-featured-img":"","footer-sml-layout":"","theme-transparent-header-meta":"","adv-header-id-meta":"","stick-header-meta":"","header-above-stick-meta":"","header-main-stick-meta":"","header-below-stick-meta":"","astra-migrate-meta-layouts":"set","ast-page-background-enabled":"default","ast-page-background-meta":{"desktop":{"background-color":"var(--ast-global-color-4)","background-image":"","background-repeat":"repeat","background-position":"center center","background-size":"auto","background-attachment":"scroll","background-type":"","background-media":"","overlay-type":"","overlay-color":"","overlay-opacity":"","overlay-gradient":""},"tablet":{"background-color":"","background-image":"","background-repeat":"repeat","background-position":"center center","background-size":"auto","background-attachment":"scroll","background-type":"","background-media":"","overlay-type":"","overlay-color":"","overlay-opacity":"","overlay-gradient":""},"mobile":{"background-color":"","background-image":"","background-repeat":"repeat","background-position":"center center","background-size":"auto","background-attachment":"scroll","background-type":"","background-media":"","overlay-type":"","overlay-color":"","overlay-opacity":"","overlay-gradient":""}},"ast-content-background-meta":{"desktop":{"background-color":"var(--ast-global-color-5)","background-image":"","background-repeat":"repeat","background-position":"center center","background-size":"auto","background-attachment":"scroll","background-type":"","background-media":"","overlay-type":"","overlay-color":"","overlay-opacity":"","overlay-gradient":""},"tablet":{"background-color":"var(--ast-global-color-5)","background-image":"","background-repeat":"repeat","background-position":"center center","background-size":"auto","background-attachment":"scroll","background-type":"","background-media":"","overlay-type":"","overlay-color":"","overlay-opacity":"","overlay-gradient":""},"mobile":{"background-color":"var(--ast-global-color-5)","background-image":"","background-repeat":"repeat","background-position":"center center","background-size":"auto","background-attachment":"scroll","background-type":"","background-media":"","overlay-type":"","overlay-color":"","overlay-opacity":"","overlay-gradient":""}},"footnotes":""},"class_list":["post-976","page","type-page","status-publish","hentry"],"post_mailing_queue_ids":[],"_links":{"self":[{"href":"https:\/\/agora.xtec.cat\/iesilladerodes\/wp-json\/wp\/v2\/pages\/976","targetHints":{"allow":["GET"]}}],"collection":[{"href":"https:\/\/agora.xtec.cat\/iesilladerodes\/wp-json\/wp\/v2\/pages"}],"about":[{"href":"https:\/\/agora.xtec.cat\/iesilladerodes\/wp-json\/wp\/v2\/types\/page"}],"author":[{"embeddable":true,"href":"https:\/\/agora.xtec.cat\/iesilladerodes\/wp-json\/wp\/v2\/users\/3"}],"replies":[{"embeddable":true,"href":"https:\/\/agora.xtec.cat\/iesilladerodes\/wp-json\/wp\/v2\/comments?post=976"}],"version-history":[{"count":4,"href":"https:\/\/agora.xtec.cat\/iesilladerodes\/wp-json\/wp\/v2\/pages\/976\/revisions"}],"predecessor-version":[{"id":1718,"href":"https:\/\/agora.xtec.cat\/iesilladerodes\/wp-json\/wp\/v2\/pages\/976\/revisions\/1718"}],"wp:attachment":[{"href":"https:\/\/agora.xtec.cat\/iesilladerodes\/wp-json\/wp\/v2\/media?parent=976"}],"curies":[{"name":"wp","href":"https:\/\/api.w.org\/{rel}","templated":true}]}}

<p class="justificar-text">Aquest curs 2024-2025, l’Institut Illa de Rodes ha estat seleccionat com a&nbsp;<strong>Escola Ambaixadora del Parlament Europeu (EPAS)</strong>, en el marc del programa educatiu impulsat pel Parlament Europeu amb l’objectiu d’apropar la democràcia parlamentària als centres educatius.</p>



<h4 class="wp-block-heading">Què és el programa EPAS?</h4>



<p class="justificar-text">El programa&nbsp;<strong>Escoles Ambaixadores del Parlament Europeu (EPAS)</strong>, iniciat el curs 2015-2016 per la Direcció General de Comunicació del Parlament Europeu, busca donar a conèixer el funcionament de la institució europea entre l’alumnat de secundària, batxillerat, formació professional i educació especial.</p>



<p class="justificar-text">Ser Escola Ambaixadora significa assumir un compromís actiu amb la promoció dels valors europeus i la participació ciutadana. Per aquest motiu, com a centre participant, ens comprometem a:</p>



<ul class="wp-block-list">
<li class="justificar-text">Instal·lar un&nbsp;<strong>Punt d’Informació (InfoPoint)</strong>&nbsp;al centre sobre temes relacionats amb el Parlament Europeu.</li>



<li class="justificar-text">Treballar&nbsp;<strong>materials didàctics</strong>&nbsp;sobre la Unió Europea i el funcionament del Parlament.</li>



<li class="justificar-text">Organitzar&nbsp;<strong>activitats educatives</strong>&nbsp;relacionades amb la UE.</li>



<li class="justificar-text"><strong>Celebrar el Dia d’Europa</strong>, el 9 de maig.</li>



<li class="justificar-text">Implicar un grup d’entre&nbsp;<strong>20 i 60 alumnes voluntaris</strong>&nbsp;com a Ambaixadors Júniors del Parlament Europeu.</li>



<li class="justificar-text">Comptar amb&nbsp;<strong>professorat voluntari</strong>&nbsp;com a Ambaixadors Sènior que coordini el projecte.</li>
</ul>



<p class="justificar-text">Els centres poden participar com a Escola Ambaixadora durant un màxim de&nbsp;<strong>tres cursos consecutius</strong>. Després, poden continuar vinculats al programa com a&nbsp;<strong>Escola Mentora</strong>, acompanyant i donant suport a nous centres EPAS de la seva zona.</p>



<h4 class="wp-block-heading">Una oportunitat que compartim amb pocs</h4>



<p class="justificar-text">En l’edició anterior del programa, hi van participar&nbsp;<strong>2.159 centres educatius</strong>&nbsp;de tota la Unió Europea, amb la implicació de&nbsp;<strong>35.906 estudiants</strong>.</p>



<p class="justificar-text">Aquest curs,&nbsp;<strong>725 centres d’arreu de l’Estat espanyol</strong>&nbsp;van presentar candidatura, dels quals&nbsp;<strong>104 a Catalunya</strong>. Finalment, s’han seleccionat&nbsp;<strong>117 centres a nivell estatal</strong>,&nbsp;<strong>20 dels quals catalans</strong>. Entre aquests,&nbsp;<strong>6 han estat escollits per primera vegada aquest curs</strong>, entre ells el nostre institut.</p>



<p class="justificar-text">A les comarques gironines, només&nbsp;<strong>dos centres hem estat seleccionats com a EPAS de primer any</strong>: l’Institut Illa de Rodes de Roses i l’Institut Josep Brugulat de Banyoles.</p>



<p class="justificar-text">Pel que fa a les&nbsp;<strong>Escoles Mentores</strong>, actualment n’hi ha&nbsp;<strong>50 a Espanya</strong>,&nbsp;<strong>8 de les quals a Catalunya</strong>.</p>
