{"id":919,"date":"2024-10-12T18:41:50","date_gmt":"2024-10-12T16:41:50","guid":{"rendered":"https:\/\/agora.xtec.cat\/iesilladerodes\/?page_id=919"},"modified":"2024-10-12T19:02:24","modified_gmt":"2024-10-12T17:02:24","slug":"criteris-davaluacio","status":"publish","type":"page","link":"https:\/\/agora.xtec.cat\/iesilladerodes\/treball-de-recerca\/criteris-davaluacio\/","title":{"rendered":"Criteris d&#8217;avaluaci\u00f3"},"content":{"rendered":"<div class=\"subtitol c3\">\u00cdtems avaluatius dels diferents apartats:<\/div>\n<p>&nbsp;<\/p>\n<div class=\"text c3\">\n<h1 dir=\"ltr\">DOSSIER 60%<\/h1>\n<p dir=\"ltr\">1. Aspectes formals: estructura, t\u00edtol, \u00edndex, numeraci\u00f3 i justificaci\u00f3 p\u00e0gines, tipus i mida de la lletra, interlineat.<\/p>\n<p dir=\"ltr\">2.1. Adequaci\u00f3 ling\u00fc\u00edstica: Redacci\u00f3 adequada en tot el treball<\/p>\n<p dir=\"ltr\">2.2. Adequaci\u00f3 ling\u00fc\u00edstica: Correcci\u00f3 formal ortogr\u00e0fica<\/p>\n<p dir=\"ltr\">2.3. Adequaci\u00f3 ling\u00fc\u00edstica: Domini del vocabulari espec\u00edfic del tema tractat i la precisi\u00f3 en l&#8217;\u00fas del l\u00e8xic general<\/p>\n<p dir=\"ltr\">3.1. Capacitat d&#8217;explicaci\u00f3 a la introducci\u00f3 de la motivaci\u00f3 en la tria de la tem\u00e0tica, dels objectius i coher\u00e8ncia en la metodologia emprada per assolir-los<\/p>\n<p dir=\"ltr\">3.2. Presentaci\u00f3 de forma ordenada, cohesionada i coherent, sense llacunes o salts, del fil conductor de la recerca per donar resposta a la hip\u00f2tesi o objectiu<\/p>\n<p dir=\"ltr\">3.3. \u00das correcte de les eines d&#8217;investigaci\u00f3 (entrevistes, enquestes, gr\u00e0fics i\/o disseny d&#8217;un model) que s&#8217;utilitzin.<\/p>\n<p dir=\"ltr\">3.4. Conclusi\u00f3: capacitat d&#8217;analitzar, sintetitzar, comparar i valorar cr\u00edticament la informaci\u00f3 recollida i d&#8217;aportar possibles millores..<\/p>\n<p dir=\"ltr\">4.1. Fonts: Rellev\u00e0ncia i idone\u00eftat de les fonts d&#8217;informaci\u00f3 utilitzades<\/p>\n<p dir=\"ltr\">4.2. Fonts: Presentaci\u00f3 de refer\u00e8ncies bibliogr\u00e0fiques ordenades alfab\u00e8ticament segons les normes APA<\/p>\n<p dir=\"ltr\">4.3. Fonts: Indicacions de les fonts d&#8217;informaci\u00f3: cites textuals, notes a peu de p\u00e0gines<\/p>\n<h1 dir=\"ltr\">PRESENTACI\u00d3 ORAL 20%<\/h1>\n<p dir=\"ltr\">1. Capacitat d&#8217;expressar-se oralment amb correcci\u00f3 gramatical i estil\u00edstica, amb domini del vocabulari espec\u00edfic<\/p>\n<p dir=\"ltr\">2. Exposici\u00f3 ordenada, clara i concisa dels objectius i resultats de la recerca<\/p>\n<p dir=\"ltr\">3. Domini del llenguatge no verbal<\/p>\n<p dir=\"ltr\">4. Qualitat del suport visual utilitzat<\/p>\n<p dir=\"ltr\">5. Seguretat i destresa en les respostes a les preguntes al tribunal<\/p>\n<h1 dir=\"ltr\">SEGUIMENT 20%<\/h1>\n<p dir=\"ltr\">1. Compliment dels acords amb el tutor, assoliments de les tasques i planificaci\u00f3 i temporitzaci\u00f3 de la feina d&#8217;acord amb els objectius plantejats<\/p>\n<p dir=\"ltr\">2. Responsabilitat, const\u00e0ncia i regularitat en el proc\u00e9s de realitzaci\u00f3 del treball<\/p>\n<p dir=\"ltr\">3. Autonomia i habilitat per superar els problemes o dificultats que puguin presentar-se durant la recerca<\/p>\n<\/div>\n","protected":false},"excerpt":{"rendered":"<p>\u00cdtems avaluatius dels diferents apartats: &nbsp; DOSSIER 60% 1. Aspectes formals: estructura, t\u00edtol, \u00edndex, numeraci\u00f3 i justificaci\u00f3 p\u00e0gines, tipus i [&hellip;]<\/p>\n","protected":false},"author":3,"featured_media":0,"parent":914,"menu_order":1,"comment_status":"closed","ping_status":"closed","template":"page-templates\/side-menu.php","meta":{"site-sidebar-layout":"default","site-content-layout":"","ast-site-content-layout":"","site-content-style":"default","site-sidebar-style":"default","ast-global-header-display":"","ast-banner-title-visibility":"","ast-main-header-display":"","ast-hfb-above-header-display":"","ast-hfb-below-header-display":"","ast-hfb-mobile-header-display":"","site-post-title":"","ast-breadcrumbs-content":"","ast-featured-img":"","footer-sml-layout":"","theme-transparent-header-meta":"","adv-header-id-meta":"","stick-header-meta":"","header-above-stick-meta":"","header-main-stick-meta":"","header-below-stick-meta":"","astra-migrate-meta-layouts":"default","ast-page-background-enabled":"default","ast-page-background-meta":{"desktop":{"background-color":"var(--ast-global-color-4)","background-image":"","background-repeat":"repeat","background-position":"center center","background-size":"auto","background-attachment":"scroll","background-type":"","background-media":"","overlay-type":"","overlay-color":"","overlay-opacity":"","overlay-gradient":""},"tablet":{"background-color":"","background-image":"","background-repeat":"repeat","background-position":"center center","background-size":"auto","background-attachment":"scroll","background-type":"","background-media":"","overlay-type":"","overlay-color":"","overlay-opacity":"","overlay-gradient":""},"mobile":{"background-color":"","background-image":"","background-repeat":"repeat","background-position":"center center","background-size":"auto","background-attachment":"scroll","background-type":"","background-media":"","overlay-type":"","overlay-color":"","overlay-opacity":"","overlay-gradient":""}},"ast-content-background-meta":{"desktop":{"background-color":"var(--ast-global-color-5)","background-image":"","background-repeat":"repeat","background-position":"center center","background-size":"auto","background-attachment":"scroll","background-type":"","background-media":"","overlay-type":"","overlay-color":"","overlay-opacity":"","overlay-gradient":""},"tablet":{"background-color":"var(--ast-global-color-5)","background-image":"","background-repeat":"repeat","background-position":"center center","background-size":"auto","background-attachment":"scroll","background-type":"","background-media":"","overlay-type":"","overlay-color":"","overlay-opacity":"","overlay-gradient":""},"mobile":{"background-color":"var(--ast-global-color-5)","background-image":"","background-repeat":"repeat","background-position":"center center","background-size":"auto","background-attachment":"scroll","background-type":"","background-media":"","overlay-type":"","overlay-color":"","overlay-opacity":"","overlay-gradient":""}},"footnotes":""},"class_list":["post-919","page","type-page","status-publish","hentry"],"post_mailing_queue_ids":[],"_links":{"self":[{"href":"https:\/\/agora.xtec.cat\/iesilladerodes\/wp-json\/wp\/v2\/pages\/919","targetHints":{"allow":["GET"]}}],"collection":[{"href":"https:\/\/agora.xtec.cat\/iesilladerodes\/wp-json\/wp\/v2\/pages"}],"about":[{"href":"https:\/\/agora.xtec.cat\/iesilladerodes\/wp-json\/wp\/v2\/types\/page"}],"author":[{"embeddable":true,"href":"https:\/\/agora.xtec.cat\/iesilladerodes\/wp-json\/wp\/v2\/users\/3"}],"replies":[{"embeddable":true,"href":"https:\/\/agora.xtec.cat\/iesilladerodes\/wp-json\/wp\/v2\/comments?post=919"}],"version-history":[{"count":1,"href":"https:\/\/agora.xtec.cat\/iesilladerodes\/wp-json\/wp\/v2\/pages\/919\/revisions"}],"predecessor-version":[{"id":920,"href":"https:\/\/agora.xtec.cat\/iesilladerodes\/wp-json\/wp\/v2\/pages\/919\/revisions\/920"}],"up":[{"embeddable":true,"href":"https:\/\/agora.xtec.cat\/iesilladerodes\/wp-json\/wp\/v2\/pages\/914"}],"wp:attachment":[{"href":"https:\/\/agora.xtec.cat\/iesilladerodes\/wp-json\/wp\/v2\/media?parent=919"}],"curies":[{"name":"wp","href":"https:\/\/api.w.org\/{rel}","templated":true}]}}