{"id":1032,"date":"2024-11-04T12:41:43","date_gmt":"2024-11-04T11:41:43","guid":{"rendered":"https:\/\/agora.xtec.cat\/iesilladerodes\/?page_id=1032"},"modified":"2025-03-06T14:41:54","modified_gmt":"2025-03-06T13:41:54","slug":"xarxa-de-competencies","status":"publish","type":"page","link":"https:\/\/agora.xtec.cat\/iesilladerodes\/projectes\/xarxa-de-competencies\/","title":{"rendered":"Xarxa de compet\u00e8ncies"},"content":{"rendered":"\n<figure class=\"wp-block-image alignleft is-resized\"><img loading=\"lazy\" decoding=\"async\" width=\"373\" height=\"125\" src=\"https:\/\/agora.xtec.cat\/iesilladerodes\/wp-content\/uploads\/usu2146\/2025\/03\/xarxa_com.png\" alt=\"\" class=\"wp-image-1440\" style=\"width:230px;height:auto\" srcset=\"https:\/\/agora.xtec.cat\/iesilladerodes\/wp-content\/uploads\/usu2146\/2025\/03\/xarxa_com.png 373w, https:\/\/agora.xtec.cat\/iesilladerodes\/wp-content\/uploads\/usu2146\/2025\/03\/xarxa_com-300x101.png 300w\" sizes=\"auto, (max-width: 373px) 100vw, 373px\" \/><\/figure>\n\n\n\n<div style=\"height:46px\" aria-hidden=\"true\" class=\"wp-block-spacer\"><\/div>\n\n\n\n<p class=\"justificar-text\">A la Xarxa de Compet\u00e8ncies B\u00e0siques del nostre centre, comptem amb un equip comprom\u00e8s format per dues coordinadores i set membres que integren l&#8217;equip impulsor. La nostra tasca se centra a fomentar la reflexi\u00f3 pedag\u00f2gica i la innovaci\u00f3 educativa, sempre amb l\u2019objectiu de millorar l\u2019aprenentatge de l\u2019alumnat i el desenvolupament professional del professorat.<\/p>\n\n\n\n<p class=\"justificar-text\">Actualment, estem treballant en la implementaci\u00f3 de l\u2019observaci\u00f3 entre iguals com a eina de millora cont\u00ednua. Aquesta pr\u00e0ctica ens permet compartir experi\u00e8ncies, detectar bones pr\u00e0ctiques i reflexionar conjuntament sobre la nostra acci\u00f3 docent.<\/p>\n\n\n\n<p class=\"justificar-text\">Al llarg dels anys, hem aprofundit en diferents aspectes clau de l\u2019ensenyament i l\u2019aprenentatge, com ara la manera de compartir objectius amb l\u2019alumnat, la creaci\u00f3 i desenvolupament de situacions d&#8217;aprenentatge i la integraci\u00f3 dels diferents vectors en aquestes situacions. Tot aquest treball ens ha ajudat a avan\u00e7ar cap a una metodologia m\u00e9s competencial i adaptada a les necessitats dels nostres estudiants.<\/p>\n\n\n\n<p class=\"justificar-text\">El nostre prop\u00f2sit \u00e9s acostar la innovaci\u00f3 pedag\u00f2gica al centre i consolidar pr\u00e0ctiques educatives que afavoreixin un aprenentatge significatiu i contextualitzat. Gr\u00e0cies a la Xarxa de Compet\u00e8ncies B\u00e0siques, trobem un espai de col\u00b7laboraci\u00f3 i creixement que ens permet transformar, de manera progressiva, la nostra manera d\u2019ensenyar i d\u2019aprendre.<\/p>\n","protected":false},"excerpt":{"rendered":"<p>A la Xarxa de Compet\u00e8ncies B\u00e0siques del nostre centre, comptem amb un equip comprom\u00e8s format per dues coordinadores i set [&hellip;]<\/p>\n","protected":false},"author":3,"featured_media":0,"parent":1025,"menu_order":20,"comment_status":"closed","ping_status":"closed","template":"","meta":{"site-sidebar-layout":"default","site-content-layout":"","ast-site-content-layout":"default","site-content-style":"default","site-sidebar-style":"default","ast-global-header-display":"","ast-banner-title-visibility":"","ast-main-header-display":"","ast-hfb-above-header-display":"","ast-hfb-below-header-display":"","ast-hfb-mobile-header-display":"","site-post-title":"disabled","ast-breadcrumbs-content":"","ast-featured-img":"","footer-sml-layout":"","theme-transparent-header-meta":"","adv-header-id-meta":"","stick-header-meta":"","header-above-stick-meta":"","header-main-stick-meta":"","header-below-stick-meta":"","astra-migrate-meta-layouts":"set","ast-page-background-enabled":"default","ast-page-background-meta":{"desktop":{"background-color":"var(--ast-global-color-4)","background-image":"","background-repeat":"repeat","background-position":"center center","background-size":"auto","background-attachment":"scroll","background-type":"","background-media":"","overlay-type":"","overlay-color":"","overlay-opacity":"","overlay-gradient":""},"tablet":{"background-color":"","background-image":"","background-repeat":"repeat","background-position":"center center","background-size":"auto","background-attachment":"scroll","background-type":"","background-media":"","overlay-type":"","overlay-color":"","overlay-opacity":"","overlay-gradient":""},"mobile":{"background-color":"","background-image":"","background-repeat":"repeat","background-position":"center center","background-size":"auto","background-attachment":"scroll","background-type":"","background-media":"","overlay-type":"","overlay-color":"","overlay-opacity":"","overlay-gradient":""}},"ast-content-background-meta":{"desktop":{"background-color":"var(--ast-global-color-5)","background-image":"","background-repeat":"repeat","background-position":"center center","background-size":"auto","background-attachment":"scroll","background-type":"","background-media":"","overlay-type":"","overlay-color":"","overlay-opacity":"","overlay-gradient":""},"tablet":{"background-color":"var(--ast-global-color-5)","background-image":"","background-repeat":"repeat","background-position":"center center","background-size":"auto","background-attachment":"scroll","background-type":"","background-media":"","overlay-type":"","overlay-color":"","overlay-opacity":"","overlay-gradient":""},"mobile":{"background-color":"var(--ast-global-color-5)","background-image":"","background-repeat":"repeat","background-position":"center center","background-size":"auto","background-attachment":"scroll","background-type":"","background-media":"","overlay-type":"","overlay-color":"","overlay-opacity":"","overlay-gradient":""}},"footnotes":""},"class_list":["post-1032","page","type-page","status-publish","hentry"],"post_mailing_queue_ids":[],"_links":{"self":[{"href":"https:\/\/agora.xtec.cat\/iesilladerodes\/wp-json\/wp\/v2\/pages\/1032","targetHints":{"allow":["GET"]}}],"collection":[{"href":"https:\/\/agora.xtec.cat\/iesilladerodes\/wp-json\/wp\/v2\/pages"}],"about":[{"href":"https:\/\/agora.xtec.cat\/iesilladerodes\/wp-json\/wp\/v2\/types\/page"}],"author":[{"embeddable":true,"href":"https:\/\/agora.xtec.cat\/iesilladerodes\/wp-json\/wp\/v2\/users\/3"}],"replies":[{"embeddable":true,"href":"https:\/\/agora.xtec.cat\/iesilladerodes\/wp-json\/wp\/v2\/comments?post=1032"}],"version-history":[{"count":5,"href":"https:\/\/agora.xtec.cat\/iesilladerodes\/wp-json\/wp\/v2\/pages\/1032\/revisions"}],"predecessor-version":[{"id":1446,"href":"https:\/\/agora.xtec.cat\/iesilladerodes\/wp-json\/wp\/v2\/pages\/1032\/revisions\/1446"}],"up":[{"embeddable":true,"href":"https:\/\/agora.xtec.cat\/iesilladerodes\/wp-json\/wp\/v2\/pages\/1025"}],"wp:attachment":[{"href":"https:\/\/agora.xtec.cat\/iesilladerodes\/wp-json\/wp\/v2\/media?parent=1032"}],"curies":[{"name":"wp","href":"https:\/\/api.w.org\/{rel}","templated":true}]}}

Xarxa de competències

<figure class="wp-block-image alignleft is-resized"><img loading="lazy" decoding="async" width="373" height="125" src="https://agora.xtec.cat/iesilladerodes/wp-content/uploads/usu2146/2025/03/xarxa_com.png" alt="" class="wp-image-1440" style="width:230px;height:auto" srcset="https://agora.xtec.cat/iesilladerodes/wp-content/uploads/usu2146/2025/03/xarxa_com.png 373w, https://agora.xtec.cat/iesilladerodes/wp-content/uploads/usu2146/2025/03/xarxa_com-300x101.png 300w" sizes="auto, (max-width: 373px) 100vw, 373px" /></figure>



<div style="height:46px" aria-hidden="true" class="wp-block-spacer"></div>



<p class="justificar-text">A la Xarxa de Competències Bàsiques del nostre centre, comptem amb un equip compromès format per dues coordinadores i set membres que integren l&#8217;equip impulsor. La nostra tasca se centra a fomentar la reflexió pedagògica i la innovació educativa, sempre amb l’objectiu de millorar l’aprenentatge de l’alumnat i el desenvolupament professional del professorat.</p>



<p class="justificar-text">Actualment, estem treballant en la implementació de l’observació entre iguals com a eina de millora contínua. Aquesta pràctica ens permet compartir experiències, detectar bones pràctiques i reflexionar conjuntament sobre la nostra acció docent.</p>



<p class="justificar-text">Al llarg dels anys, hem aprofundit en diferents aspectes clau de l’ensenyament i l’aprenentatge, com ara la manera de compartir objectius amb l’alumnat, la creació i desenvolupament de situacions d&#8217;aprenentatge i la integració dels diferents vectors en aquestes situacions. Tot aquest treball ens ha ajudat a avançar cap a una metodologia més competencial i adaptada a les necessitats dels nostres estudiants.</p>



<p class="justificar-text">El nostre propòsit és acostar la innovació pedagògica al centre i consolidar pràctiques educatives que afavoreixin un aprenentatge significatiu i contextualitzat. Gràcies a la Xarxa de Competències Bàsiques, trobem un espai de col·laboració i creixement que ens permet transformar, de manera progressiva, la nostra manera d’ensenyar i d’aprendre.</p>

<p>A la Xarxa de Competències Bàsiques del nostre centre, comptem amb un equip compromès format per dues coordinadores i set [&hellip;]</p>
