{"id":43,"date":"2014-09-17T16:45:07","date_gmt":"2014-09-17T14:45:07","guid":{"rendered":"http:\/\/agora.xtec.cat\/iesicilia\/?page_id=43"},"modified":"2025-11-09T20:01:05","modified_gmt":"2025-11-09T19:01:05","slug":"consell-escolar","status":"publish","type":"page","link":"https:\/\/agora.xtec.cat\/iesicilia\/linstitut-escola\/consell-escolar\/","title":{"rendered":"Consell escolar"},"content":{"rendered":"<p>&nbsp;<\/p>\n<table class=\" alignleft\" style=\"width: 61.277%; border-collapse: collapse; height: 138px;\">\n<tbody>\n<tr style=\"border-color: #000000;\">\n<td style=\"width: 81.2036%; height: 32px; text-align: center;\" colspan=\"2\">Curs 24-25<\/td>\n<\/tr>\n<tr style=\"height: 32px;\">\n<td style=\"width: 51.1753%; height: 10px;\"><span style=\"font-family: arial, helvetica, sans-serif; color: #333333;\">DIRECTORA<\/span><\/td>\n<td style=\"width: 30.0283%; height: 10px;\"><span style=\"font-family: arial, helvetica, sans-serif; color: #333333;\">Sonia Fajarn\u00e9s<\/span><\/td>\n<\/tr>\n<tr style=\"height: 32px;\">\n<td style=\"width: 51.1753%; height: 32px;\"><span style=\"font-family: arial, helvetica, sans-serif; color: #333333;\">CAP D&#8217;ESTUDIS ESO<\/span><\/td>\n<td style=\"width: 30.0283%; height: 32px;\"><span style=\"font-family: arial, helvetica, sans-serif; color: #333333;\">F\u00e1tima Uceda<\/span><\/td>\n<\/tr>\n<tr style=\"height: 32px;\">\n<td style=\"width: 51.1753%; height: 32px;\"><span style=\"font-family: arial, helvetica, sans-serif; color: #333333;\">CAP D&#8217;ESTUDIS INFANTIL I PRIM\u00c0RIA<\/span><\/td>\n<td style=\"width: 30.0283%; height: 32px;\"><span style=\"font-family: arial, helvetica, sans-serif; color: #333333;\">Gemma Gracia<\/span><\/td>\n<\/tr>\n<tr style=\"height: 32px;\">\n<td style=\"width: 51.1753%; height: 32px;\"><span style=\"font-family: arial, helvetica, sans-serif; color: #333333;\">SECRETARI<\/span><\/td>\n<td style=\"width: 30.0283%; height: 32px;\"><span style=\"font-family: arial, helvetica, sans-serif; color: #333333;\">Josep M\u00aa Grill\u00f3<\/span><\/td>\n<\/tr>\n<tr>\n<td style=\"width: 51.1753%;\"><span style=\"font-family: arial, helvetica, sans-serif; color: #333333;\">SECTOR DOCENTS<\/span><\/td>\n<td style=\"width: 30.0283%;\"><span style=\"font-weight: 400;\">N\u00faria Carbonell<\/span><\/p>\n<p><span style=\"font-weight: 400;\">Montserrat Canalda<\/span><\/p>\n<p>Javier Gasc\u00f3n<\/p>\n<p><span style=\"font-weight: 400;\">Laura Recoder<\/span><\/p>\n<p>Cristina Peregrina<\/td>\n<\/tr>\n<tr>\n<td style=\"width: 51.1753%;\"><span style=\"font-family: arial, helvetica, sans-serif; color: #333333;\">SECTOR FAM\u00cdLIES<\/span><\/td>\n<td style=\"width: 30.0283%;\"><span style=\"font-weight: 400;\">Sandra Guti\u00e9rrez [representant AFA]<\/span><\/p>\n<p><span style=\"font-weight: 400;\">Juan Pablo Segura<\/span><\/p>\n<p><span style=\"font-weight: 400;\">Laura Mart\u00edn<\/span><\/td>\n<\/tr>\n<tr>\n<td style=\"width: 51.1753%;\"><span style=\"font-family: arial, helvetica, sans-serif; color: #333333;\">SECTOR PAS<\/span><\/td>\n<td style=\"width: 30.0283%;\"><span style=\"font-family: arial, helvetica, sans-serif; color: #333333;\">Marisa Puyal<\/span><\/td>\n<\/tr>\n<tr>\n<td style=\"width: 51.1753%;\"><span style=\"font-family: arial, helvetica, sans-serif; color: #333333;\">REPRESENTANT AJUNTAMENT<\/span><\/td>\n<td style=\"width: 30.0283%;\"><span style=\"font-family: arial, helvetica, sans-serif; color: #333333;\">Olga Bastidas<\/span><\/td>\n<\/tr>\n<\/tbody>\n<\/table>\n","protected":false},"excerpt":{"rendered":"<p>&nbsp; Curs 24-25 DIRECTORA Sonia Fajarn\u00e9s CAP D&#8217;ESTUDIS ESO F\u00e1tima Uceda CAP D&#8217;ESTUDIS INFANTIL I PRIM\u00c0RIA Gemma Gracia SECRETARI Josep M\u00aa Grill\u00f3 SECTOR DOCENTS N\u00faria Carbonell Montserrat Canalda Javier Gasc\u00f3n Laura Recoder Cristina Peregrina SECTOR FAM\u00cdLIES Sandra Guti\u00e9rrez [representant AFA] Juan Pablo Segura Laura Mart\u00edn SECTOR PAS Marisa Puyal REPRESENTANT AJUNTAMENT Olga Bastidas<\/p>\n","protected":false},"author":1,"featured_media":0,"parent":19,"menu_order":4,"comment_status":"closed","ping_status":"closed","template":"page-templates\/side-menu.php","meta":{"_bbp_topic_count":0,"_bbp_reply_count":0,"_bbp_total_topic_count":0,"_bbp_total_reply_count":0,"_bbp_voice_count":0,"_bbp_anonymous_reply_count":0,"_bbp_topic_count_hidden":0,"_bbp_reply_count_hidden":0,"_bbp_forum_subforum_count":0,"site-sidebar-layout":"default","site-content-layout":"","ast-site-content-layout":"","site-content-style":"default","site-sidebar-style":"default","ast-global-header-display":"","ast-banner-title-visibility":"","ast-main-header-display":"","ast-hfb-above-header-display":"","ast-hfb-below-header-display":"","ast-hfb-mobile-header-display":"","site-post-title":"","ast-breadcrumbs-content":"","ast-featured-img":"","footer-sml-layout":"","theme-transparent-header-meta":"","adv-header-id-meta":"","stick-header-meta":"","header-above-stick-meta":"","header-main-stick-meta":"","header-below-stick-meta":"","astra-migrate-meta-layouts":"default","ast-page-background-enabled":"default","ast-page-background-meta":{"desktop":{"background-color":"var(--ast-global-color-4)","background-image":"","background-repeat":"repeat","background-position":"center center","background-size":"auto","background-attachment":"scroll","background-type":"","background-media":"","overlay-type":"","overlay-color":"","overlay-opacity":"","overlay-gradient":""},"tablet":{"background-color":"","background-image":"","background-repeat":"repeat","background-position":"center center","background-size":"auto","background-attachment":"scroll","background-type":"","background-media":"","overlay-type":"","overlay-color":"","overlay-opacity":"","overlay-gradient":""},"mobile":{"background-color":"","background-image":"","background-repeat":"repeat","background-position":"center center","background-size":"auto","background-attachment":"scroll","background-type":"","background-media":"","overlay-type":"","overlay-color":"","overlay-opacity":"","overlay-gradient":""}},"ast-content-background-meta":{"desktop":{"background-color":"var(--ast-global-color-5)","background-image":"","background-repeat":"repeat","background-position":"center center","background-size":"auto","background-attachment":"scroll","background-type":"","background-media":"","overlay-type":"","overlay-color":"","overlay-opacity":"","overlay-gradient":""},"tablet":{"background-color":"var(--ast-global-color-5)","background-image":"","background-repeat":"repeat","background-position":"center center","background-size":"auto","background-attachment":"scroll","background-type":"","background-media":"","overlay-type":"","overlay-color":"","overlay-opacity":"","overlay-gradient":""},"mobile":{"background-color":"var(--ast-global-color-5)","background-image":"","background-repeat":"repeat","background-position":"center center","background-size":"auto","background-attachment":"scroll","background-type":"","background-media":"","overlay-type":"","overlay-color":"","overlay-opacity":"","overlay-gradient":""}},"footnotes":""},"class_list":["post-43","page","type-page","status-publish","hentry"],"post_mailing_queue_ids":[],"_links":{"self":[{"href":"https:\/\/agora.xtec.cat\/iesicilia\/wp-json\/wp\/v2\/pages\/43","targetHints":{"allow":["GET"]}}],"collection":[{"href":"https:\/\/agora.xtec.cat\/iesicilia\/wp-json\/wp\/v2\/pages"}],"about":[{"href":"https:\/\/agora.xtec.cat\/iesicilia\/wp-json\/wp\/v2\/types\/page"}],"author":[{"embeddable":true,"href":"https:\/\/agora.xtec.cat\/iesicilia\/wp-json\/wp\/v2\/users\/1"}],"replies":[{"embeddable":true,"href":"https:\/\/agora.xtec.cat\/iesicilia\/wp-json\/wp\/v2\/comments?post=43"}],"version-history":[{"count":6,"href":"https:\/\/agora.xtec.cat\/iesicilia\/wp-json\/wp\/v2\/pages\/43\/revisions"}],"predecessor-version":[{"id":2194,"href":"https:\/\/agora.xtec.cat\/iesicilia\/wp-json\/wp\/v2\/pages\/43\/revisions\/2194"}],"up":[{"embeddable":true,"href":"https:\/\/agora.xtec.cat\/iesicilia\/wp-json\/wp\/v2\/pages\/19"}],"wp:attachment":[{"href":"https:\/\/agora.xtec.cat\/iesicilia\/wp-json\/wp\/v2\/media?parent=43"}],"curies":[{"name":"wp","href":"https:\/\/api.w.org\/{rel}","templated":true}]}}