{"id":27,"date":"2014-09-17T16:24:03","date_gmt":"2014-09-17T14:24:03","guid":{"rendered":"http:\/\/agora.xtec.cat\/iesicilia\/?page_id=27"},"modified":"2024-02-10T19:43:03","modified_gmt":"2024-02-10T18:43:03","slug":"historia","status":"publish","type":"page","link":"https:\/\/agora.xtec.cat\/iesicilia\/linstitut-escola\/historia\/","title":{"rendered":"Qui som"},"content":{"rendered":"<p style=\"text-align: justify;\"><span style=\"color: #333333; font-family: arial, helvetica, sans-serif;\">L\u2019Institut Es<img loading=\"lazy\" decoding=\"async\" class=\"wp-image-1763 alignright\" src=\"https:\/\/agora.xtec.cat\/iesicilia\/wp-content\/uploads\/usu2573\/2024\/02\/IMG_20240205_1339452-1024x1024.jpg\" alt=\"\" width=\"285\" height=\"285\" srcset=\"https:\/\/agora.xtec.cat\/iesicilia\/wp-content\/uploads\/usu2573\/2024\/02\/IMG_20240205_1339452-1024x1024.jpg 1024w, https:\/\/agora.xtec.cat\/iesicilia\/wp-content\/uploads\/usu2573\/2024\/02\/IMG_20240205_1339452-300x300.jpg 300w, https:\/\/agora.xtec.cat\/iesicilia\/wp-content\/uploads\/usu2573\/2024\/02\/IMG_20240205_1339452-150x150.jpg 150w, https:\/\/agora.xtec.cat\/iesicilia\/wp-content\/uploads\/usu2573\/2024\/02\/IMG_20240205_1339452-768x768.jpg 768w, https:\/\/agora.xtec.cat\/iesicilia\/wp-content\/uploads\/usu2573\/2024\/02\/IMG_20240205_1339452-1536x1536.jpg 1536w, https:\/\/agora.xtec.cat\/iesicilia\/wp-content\/uploads\/usu2573\/2024\/02\/IMG_20240205_1339452-2048x2048.jpg 2048w\" sizes=\"auto, (max-width: 285px) 100vw, 285px\" \/>cola Sic\u00edlia \u00e9s un centre p\u00fablic de nova creaci\u00f3, que va iniciar la seva tasca educativa el curs 2021-2022. Ofereix les etapes d\u2019Infantil, Prim\u00e0ria i ESO.<\/span><\/p>\n<p style=\"text-align: justify;\"><span style=\"color: #333333; font-family: arial, helvetica, sans-serif;\">L<\/span><span style=\"color: #333333; font-family: arial, helvetica, sans-serif;\">a traject\u00f2ria hist\u00f2rica del centre, per\u00f2, no ve d\u2019ara. A principis del segle XX i impulsat per Moss\u00e8n Ramon Balcells Mas\u00f3, es va inaugurar una escola que tenia l\u2019objectiu d\u2019impartir educaci\u00f3 i propostes de lleure a les nenes obreres del barri del Poblet de la Sagrada Fam\u00edlia. Tenia, doncs, un marcat prop\u00f2sit social i de promoci\u00f3 de la dona. Donat que el centre responia a una necessitat innegable de l\u2019entorn industrial de l\u2019\u00e8poca i que cada vegada s\u2019omplien m\u00e9s les aules, Balcells va delegar ben aviat a les Filles de la Caritat la gesti\u00f3 del projecte, per la qual cosa, l\u2019escola va esdevenir un centre educatiu vicenci\u00e0, ja que seguia la l\u00ednia social i educativa de Sant Vicen\u00e7 de Pa\u00fcl i Santa Llu\u00efsa de Marillac.<\/span><\/p>\n<p style=\"text-align: justify;\"><span style=\"color: #333333; font-family: arial, helvetica, sans-serif; font-size: 1em; text-align: justify;\">Durant m\u00e9s d\u2019un segle, el Patronat Social Escolar d\u2019Obreres del Poblet (m\u00e9s endavant Escola Marillac) va ser un referent de moltes fam\u00edlies del barri, les quals confiaven l\u2019educaci\u00f3 de les filles i fills, tant a l\u2019Educaci\u00f3 B\u00e0sica com a la Formaci\u00f3 Professional.<\/span><\/p>\n<p style=\"text-align: justify;\"><span style=\"color: #333333; font-family: arial, helvetica, sans-serif;\">Actualment, i ja des de la titularitat p\u00fablica, l\u2019Institut Escola Sic\u00edlia continuem optant\u00a0per una educaci\u00f3 de qualitat oberta a tothom. Volem contribuir a la projecci\u00f3 personal d\u2019infants i adolescents en tots els \u00e0mbits de la vida. Treballem per potenciar la curiositat, les ganes d\u2019aprendre, l\u2019esfor\u00e7 personal i col\u00b7lectiu per assolir objectius, el sentit cr\u00edtic, la solidaritat, l\u2019estima per la natura, la ci\u00e8ncia i l\u2019art i el respecte dels drets humans. Tot plegat, des d\u2019una metodologia motivadora, inclusiva i creativa.<\/span><\/p>\n<p style=\"font-family: 'Helvetica Neue', Helvetica, Helvetica, Arial, sans-serif; font-size: 16px;\"><img loading=\"lazy\" decoding=\"async\" class=\"wp-image-1762 alignleft\" style=\"color: #333333; font-family: arial, helvetica, sans-serif; text-align: justify;\" src=\"https:\/\/agora.xtec.cat\/iesicilia\/wp-content\/uploads\/usu2573\/2024\/02\/IMG_20240205_1339132-1024x1024.jpg\" alt=\"\" width=\"285\" height=\"285\" srcset=\"https:\/\/agora.xtec.cat\/iesicilia\/wp-content\/uploads\/usu2573\/2024\/02\/IMG_20240205_1339132-1024x1024.jpg 1024w, https:\/\/agora.xtec.cat\/iesicilia\/wp-content\/uploads\/usu2573\/2024\/02\/IMG_20240205_1339132-300x300.jpg 300w, https:\/\/agora.xtec.cat\/iesicilia\/wp-content\/uploads\/usu2573\/2024\/02\/IMG_20240205_1339132-150x150.jpg 150w, https:\/\/agora.xtec.cat\/iesicilia\/wp-content\/uploads\/usu2573\/2024\/02\/IMG_20240205_1339132-768x768.jpg 768w, https:\/\/agora.xtec.cat\/iesicilia\/wp-content\/uploads\/usu2573\/2024\/02\/IMG_20240205_1339132-1536x1536.jpg 1536w, https:\/\/agora.xtec.cat\/iesicilia\/wp-content\/uploads\/usu2573\/2024\/02\/IMG_20240205_1339132-2048x2048.jpg 2048w\" sizes=\"auto, (max-width: 285px) 100vw, 285px\" \/><\/p>\n<p style=\"text-align: justify;\"><span style=\"color: #333333; font-family: arial, helvetica, sans-serif;\">No cal ni dir que la formaci\u00f3 permanent \u00e9s un dels irrenunciables de l\u2019equip docent. Amb ella, actualitzem coneixements i mirem de millorar cada dia a favor d\u2019aquest projecte, que \u00e9s patrimoni de tothom: administraci\u00f3 p\u00fablica, professionals de l\u2019educaci\u00f3, fam\u00edlies i \u2014sobretot\u2014 alumnat.<\/span><\/p>\n<p style=\"text-align: justify;\"><span style=\"color: #333333; font-family: arial, helvetica, sans-serif;\">Amb tot, podem ben dir que, recordant el passat, som un centre amb un llegat hist\u00f2ric; mirant el present, estem compromesos amb la realitat del nostre entorn; albirant el futur, treballem per una societat s\u00f2lida des del punt de vista educatiu.<\/span><\/p>\n","protected":false},"excerpt":{"rendered":"<p>L\u2019Institut Escola Sic\u00edlia \u00e9s un centre p\u00fablic de nova creaci\u00f3, que va iniciar la seva tasca educativa el curs 2021-2022. Ofereix les etapes d\u2019Infantil, Prim\u00e0ria i ESO. La traject\u00f2ria hist\u00f2rica del centre, per\u00f2, no ve d\u2019ara. A principis del segle XX i impulsat per Moss\u00e8n Ramon Balcells Mas\u00f3, es va inaugurar una escola que tenia [&hellip;]<\/p>\n","protected":false},"author":1,"featured_media":0,"parent":19,"menu_order":0,"comment_status":"closed","ping_status":"closed","template":"page-templates\/side-menu.php","meta":{"_bbp_topic_count":0,"_bbp_reply_count":0,"_bbp_total_topic_count":0,"_bbp_total_reply_count":0,"_bbp_voice_count":0,"_bbp_anonymous_reply_count":0,"_bbp_topic_count_hidden":0,"_bbp_reply_count_hidden":0,"_bbp_forum_subforum_count":0,"site-sidebar-layout":"default","site-content-layout":"","ast-site-content-layout":"","site-content-style":"default","site-sidebar-style":"default","ast-global-header-display":"","ast-banner-title-visibility":"","ast-main-header-display":"","ast-hfb-above-header-display":"","ast-hfb-below-header-display":"","ast-hfb-mobile-header-display":"","site-post-title":"","ast-breadcrumbs-content":"","ast-featured-img":"","footer-sml-layout":"","theme-transparent-header-meta":"","adv-header-id-meta":"","stick-header-meta":"","header-above-stick-meta":"","header-main-stick-meta":"","header-below-stick-meta":"","astra-migrate-meta-layouts":"default","ast-page-background-enabled":"default","ast-page-background-meta":{"desktop":{"background-color":"var(--ast-global-color-4)","background-image":"","background-repeat":"repeat","background-position":"center center","background-size":"auto","background-attachment":"scroll","background-type":"","background-media":"","overlay-type":"","overlay-color":"","overlay-opacity":"","overlay-gradient":""},"tablet":{"background-color":"","background-image":"","background-repeat":"repeat","background-position":"center center","background-size":"auto","background-attachment":"scroll","background-type":"","background-media":"","overlay-type":"","overlay-color":"","overlay-opacity":"","overlay-gradient":""},"mobile":{"background-color":"","background-image":"","background-repeat":"repeat","background-position":"center center","background-size":"auto","background-attachment":"scroll","background-type":"","background-media":"","overlay-type":"","overlay-color":"","overlay-opacity":"","overlay-gradient":""}},"ast-content-background-meta":{"desktop":{"background-color":"var(--ast-global-color-5)","background-image":"","background-repeat":"repeat","background-position":"center center","background-size":"auto","background-attachment":"scroll","background-type":"","background-media":"","overlay-type":"","overlay-color":"","overlay-opacity":"","overlay-gradient":""},"tablet":{"background-color":"var(--ast-global-color-5)","background-image":"","background-repeat":"repeat","background-position":"center center","background-size":"auto","background-attachment":"scroll","background-type":"","background-media":"","overlay-type":"","overlay-color":"","overlay-opacity":"","overlay-gradient":""},"mobile":{"background-color":"var(--ast-global-color-5)","background-image":"","background-repeat":"repeat","background-position":"center center","background-size":"auto","background-attachment":"scroll","background-type":"","background-media":"","overlay-type":"","overlay-color":"","overlay-opacity":"","overlay-gradient":""}},"footnotes":""},"class_list":["post-27","page","type-page","status-publish","hentry"],"post_mailing_queue_ids":[],"_links":{"self":[{"href":"https:\/\/agora.xtec.cat\/iesicilia\/wp-json\/wp\/v2\/pages\/27","targetHints":{"allow":["GET"]}}],"collection":[{"href":"https:\/\/agora.xtec.cat\/iesicilia\/wp-json\/wp\/v2\/pages"}],"about":[{"href":"https:\/\/agora.xtec.cat\/iesicilia\/wp-json\/wp\/v2\/types\/page"}],"author":[{"embeddable":true,"href":"https:\/\/agora.xtec.cat\/iesicilia\/wp-json\/wp\/v2\/users\/1"}],"replies":[{"embeddable":true,"href":"https:\/\/agora.xtec.cat\/iesicilia\/wp-json\/wp\/v2\/comments?post=27"}],"version-history":[{"count":7,"href":"https:\/\/agora.xtec.cat\/iesicilia\/wp-json\/wp\/v2\/pages\/27\/revisions"}],"predecessor-version":[{"id":1764,"href":"https:\/\/agora.xtec.cat\/iesicilia\/wp-json\/wp\/v2\/pages\/27\/revisions\/1764"}],"up":[{"embeddable":true,"href":"https:\/\/agora.xtec.cat\/iesicilia\/wp-json\/wp\/v2\/pages\/19"}],"wp:attachment":[{"href":"https:\/\/agora.xtec.cat\/iesicilia\/wp-json\/wp\/v2\/media?parent=27"}],"curies":[{"name":"wp","href":"https:\/\/api.w.org\/{rel}","templated":true}]}}