{"id":2197,"date":"2025-11-11T13:34:59","date_gmt":"2025-11-11T12:34:59","guid":{"rendered":"https:\/\/agora.xtec.cat\/iesicilia\/?page_id=2197"},"modified":"2026-04-26T20:20:32","modified_gmt":"2026-04-26T18:20:32","slug":"podcast-aula-dacollida-minicatalans","status":"publish","type":"page","link":"https:\/\/agora.xtec.cat\/iesicilia\/projecte-educatiu\/podcast-aula-dacollida-minicatalans\/","title":{"rendered":"P\u00f2dcast Aula d&#8217;acollida: Minicatalans"},"content":{"rendered":"<p><span style=\"font-family: arial, helvetica, sans-serif;\"><b><img loading=\"lazy\" decoding=\"async\" class=\"wp-image-2239 alignleft\" src=\"https:\/\/agora.xtec.cat\/iesicilia\/wp-content\/uploads\/usu2573\/2025\/11\/Diseno-sin-titulo-1.png\" alt=\"\" width=\"256\" height=\"384\" srcset=\"https:\/\/agora.xtec.cat\/iesicilia\/wp-content\/uploads\/usu2573\/2025\/11\/Diseno-sin-titulo-1.png 1333w, https:\/\/agora.xtec.cat\/iesicilia\/wp-content\/uploads\/usu2573\/2025\/11\/Diseno-sin-titulo-1-200x300.png 200w, https:\/\/agora.xtec.cat\/iesicilia\/wp-content\/uploads\/usu2573\/2025\/11\/Diseno-sin-titulo-1-682x1024.png 682w, https:\/\/agora.xtec.cat\/iesicilia\/wp-content\/uploads\/usu2573\/2025\/11\/Diseno-sin-titulo-1-768x1152.png 768w, https:\/\/agora.xtec.cat\/iesicilia\/wp-content\/uploads\/usu2573\/2025\/11\/Diseno-sin-titulo-1-1024x1536.png 1024w\" sizes=\"auto, (max-width: 256px) 100vw, 256px\" \/><\/b><\/span><\/p>\n<p>&nbsp;<\/p>\n<p><span style=\"font-family: arial, helvetica, sans-serif;\"><b>Qui som? <\/b><span style=\"font-weight: 400;\">Som alumnes de segon i quart d&#8217;ESO, que volem aprendre catal\u00e0 i som d&#8217;altres pa\u00efsos: Pakistan, Vene\u00e7uela, Per\u00fa, Paraguai i Ucra\u00efna.<\/span><\/span><\/p>\n<p><b>Qu\u00e8 \u00e9s l\u2019aula d\u2019acollida? <\/b><span style=\"font-weight: 400;\">L&#8217;aula d&#8217;acollida \u00e9s un lloc on els alumnes d&#8217;altres pa\u00efsos aprenen catal\u00e0 quan arriben i comencen des de l&#8217;inici.<\/span><\/p>\n<p><b>Qu\u00e8 aprenem? <\/b><span style=\"font-weight: 400;\">Aprenem a pronunciar i a llegir millor, a con\u00e8ixer altres pa\u00efsos i les seves cultures, a escoltar-nos i a gravar.<\/span><\/p>\n<p><span style=\"font-weight: 400;\">I a partir del treball que estem fent a l&#8217;aula, va sorgir la idea d&#8217;utilitzar l&#8217;aula d&#8217;audiovisuals que tenim a l&#8217;escola per gravar diferents p\u00f2dcasts.<\/span><\/p>\n<p style=\"padding-left: 120px;\">Desitgem que us agradi!<\/p>\n<p style=\"padding-left: 280px;\">CAP\u00cdTOLS:\u00a0\u00a0\u00a0\u00a0\u00a0\u00a0<a href=\"https:\/\/drive.google.com\/file\/d\/13QL3FN1sP98TlgsldD94NwKsrapHZWxF\/view?usp=drive_link\"> 1r CAP\u00cdTOL &#8211; Ens presentem<\/a><\/p>\n<p style=\"padding-left: 360px;\"><a href=\"https:\/\/drive.google.com\/file\/d\/1cI9VT9q2eTVQji2DJSC_b-Gy6-eo180M\/view?usp=sharing\">\u00a02n CAP\u00cdTOL &#8211; Nadal a l&#8217;aula d&#8217;acollida\u00a0\u00a0<\/a><\/p>\n<p style=\"padding-left: 360px;\"><a href=\"https:\/\/drive.google.com\/file\/d\/197qNzl3_aHXR0ADNvm9zG0CIRS-UB1zm\/view?usp=sharing\">3r CAP\u00cdTOL &#8211; Aquest febrer ha estat molt curt<\/a><\/p>\n<p><img loading=\"lazy\" decoding=\"async\" class=\" wp-image-2198 aligncenter\" src=\"https:\/\/agora.xtec.cat\/iesicilia\/wp-content\/uploads\/usu2573\/2025\/11\/minicatalans_podcast_AA-1-150x150.png\" alt=\"\" width=\"211\" height=\"211\" srcset=\"https:\/\/agora.xtec.cat\/iesicilia\/wp-content\/uploads\/usu2573\/2025\/11\/minicatalans_podcast_AA-1-150x150.png 150w, https:\/\/agora.xtec.cat\/iesicilia\/wp-content\/uploads\/usu2573\/2025\/11\/minicatalans_podcast_AA-1-300x300.png 300w, https:\/\/agora.xtec.cat\/iesicilia\/wp-content\/uploads\/usu2573\/2025\/11\/minicatalans_podcast_AA-1-1024x1024.png 1024w, https:\/\/agora.xtec.cat\/iesicilia\/wp-content\/uploads\/usu2573\/2025\/11\/minicatalans_podcast_AA-1-768x768.png 768w, https:\/\/agora.xtec.cat\/iesicilia\/wp-content\/uploads\/usu2573\/2025\/11\/minicatalans_podcast_AA-1.png 1080w\" sizes=\"auto, (max-width: 211px) 100vw, 211px\" \/><\/p>\n","protected":false},"excerpt":{"rendered":"<p>&nbsp; Qui som? Som alumnes de segon i quart d&#8217;ESO, que volem aprendre catal\u00e0 i som d&#8217;altres pa\u00efsos: Pakistan, Vene\u00e7uela, Per\u00fa, Paraguai i Ucra\u00efna. Qu\u00e8 \u00e9s l\u2019aula d\u2019acollida? L&#8217;aula d&#8217;acollida \u00e9s un lloc on els alumnes d&#8217;altres pa\u00efsos aprenen catal\u00e0 quan arriben i comencen des de l&#8217;inici. Qu\u00e8 aprenem? Aprenem a pronunciar i a llegir [&hellip;]<\/p>\n","protected":false},"author":1,"featured_media":0,"parent":57,"menu_order":9,"comment_status":"closed","ping_status":"closed","template":"","meta":{"_bbp_topic_count":0,"_bbp_reply_count":0,"_bbp_total_topic_count":0,"_bbp_total_reply_count":0,"_bbp_voice_count":0,"_bbp_anonymous_reply_count":0,"_bbp_topic_count_hidden":0,"_bbp_reply_count_hidden":0,"_bbp_forum_subforum_count":0,"site-sidebar-layout":"default","site-content-layout":"","ast-site-content-layout":"default","site-content-style":"default","site-sidebar-style":"default","ast-global-header-display":"","ast-banner-title-visibility":"","ast-main-header-display":"","ast-hfb-above-header-display":"","ast-hfb-below-header-display":"","ast-hfb-mobile-header-display":"","site-post-title":"","ast-breadcrumbs-content":"","ast-featured-img":"","footer-sml-layout":"","theme-transparent-header-meta":"default","adv-header-id-meta":"","stick-header-meta":"","header-above-stick-meta":"","header-main-stick-meta":"","header-below-stick-meta":"","astra-migrate-meta-layouts":"set","ast-page-background-enabled":"default","ast-page-background-meta":{"desktop":{"background-color":"var(--ast-global-color-4)","background-image":"","background-repeat":"repeat","background-position":"center center","background-size":"auto","background-attachment":"scroll","background-type":"","background-media":"","overlay-type":"","overlay-color":"","overlay-opacity":"","overlay-gradient":""},"tablet":{"background-color":"","background-image":"","background-repeat":"repeat","background-position":"center center","background-size":"auto","background-attachment":"scroll","background-type":"","background-media":"","overlay-type":"","overlay-color":"","overlay-opacity":"","overlay-gradient":""},"mobile":{"background-color":"","background-image":"","background-repeat":"repeat","background-position":"center center","background-size":"auto","background-attachment":"scroll","background-type":"","background-media":"","overlay-type":"","overlay-color":"","overlay-opacity":"","overlay-gradient":""}},"ast-content-background-meta":{"desktop":{"background-color":"var(--ast-global-color-5)","background-image":"","background-repeat":"repeat","background-position":"center center","background-size":"auto","background-attachment":"scroll","background-type":"","background-media":"","overlay-type":"","overlay-color":"","overlay-opacity":"","overlay-gradient":""},"tablet":{"background-color":"var(--ast-global-color-5)","background-image":"","background-repeat":"repeat","background-position":"center center","background-size":"auto","background-attachment":"scroll","background-type":"","background-media":"","overlay-type":"","overlay-color":"","overlay-opacity":"","overlay-gradient":""},"mobile":{"background-color":"var(--ast-global-color-5)","background-image":"","background-repeat":"repeat","background-position":"center center","background-size":"auto","background-attachment":"scroll","background-type":"","background-media":"","overlay-type":"","overlay-color":"","overlay-opacity":"","overlay-gradient":""}},"footnotes":""},"class_list":["post-2197","page","type-page","status-publish","hentry"],"post_mailing_queue_ids":[],"_links":{"self":[{"href":"https:\/\/agora.xtec.cat\/iesicilia\/wp-json\/wp\/v2\/pages\/2197","targetHints":{"allow":["GET"]}}],"collection":[{"href":"https:\/\/agora.xtec.cat\/iesicilia\/wp-json\/wp\/v2\/pages"}],"about":[{"href":"https:\/\/agora.xtec.cat\/iesicilia\/wp-json\/wp\/v2\/types\/page"}],"author":[{"embeddable":true,"href":"https:\/\/agora.xtec.cat\/iesicilia\/wp-json\/wp\/v2\/users\/1"}],"replies":[{"embeddable":true,"href":"https:\/\/agora.xtec.cat\/iesicilia\/wp-json\/wp\/v2\/comments?post=2197"}],"version-history":[{"count":6,"href":"https:\/\/agora.xtec.cat\/iesicilia\/wp-json\/wp\/v2\/pages\/2197\/revisions"}],"predecessor-version":[{"id":2423,"href":"https:\/\/agora.xtec.cat\/iesicilia\/wp-json\/wp\/v2\/pages\/2197\/revisions\/2423"}],"up":[{"embeddable":true,"href":"https:\/\/agora.xtec.cat\/iesicilia\/wp-json\/wp\/v2\/pages\/57"}],"wp:attachment":[{"href":"https:\/\/agora.xtec.cat\/iesicilia\/wp-json\/wp\/v2\/media?parent=2197"}],"curies":[{"name":"wp","href":"https:\/\/api.w.org\/{rel}","templated":true}]}}

Pòdcast Aula d&#8217;acollida: Minicatalans

<p><span style="font-family: arial, helvetica, sans-serif;"><b><img loading="lazy" decoding="async" class="wp-image-2239 alignleft" src="https://agora.xtec.cat/iesicilia/wp-content/uploads/usu2573/2025/11/Diseno-sin-titulo-1.png" alt="" width="256" height="384" srcset="https://agora.xtec.cat/iesicilia/wp-content/uploads/usu2573/2025/11/Diseno-sin-titulo-1.png 1333w, https://agora.xtec.cat/iesicilia/wp-content/uploads/usu2573/2025/11/Diseno-sin-titulo-1-200x300.png 200w, https://agora.xtec.cat/iesicilia/wp-content/uploads/usu2573/2025/11/Diseno-sin-titulo-1-682x1024.png 682w, https://agora.xtec.cat/iesicilia/wp-content/uploads/usu2573/2025/11/Diseno-sin-titulo-1-768x1152.png 768w, https://agora.xtec.cat/iesicilia/wp-content/uploads/usu2573/2025/11/Diseno-sin-titulo-1-1024x1536.png 1024w" sizes="auto, (max-width: 256px) 100vw, 256px" /></b></span></p>
<p>&nbsp;</p>
<p><span style="font-family: arial, helvetica, sans-serif;"><b>Qui som? </b><span style="font-weight: 400;">Som alumnes de segon i quart d&#8217;ESO, que volem aprendre català i som d&#8217;altres països: Pakistan, Veneçuela, Perú, Paraguai i Ucraïna.</span></span></p>
<p><b>Què és l’aula d’acollida? </b><span style="font-weight: 400;">L&#8217;aula d&#8217;acollida és un lloc on els alumnes d&#8217;altres països aprenen català quan arriben i comencen des de l&#8217;inici.</span></p>
<p><b>Què aprenem? </b><span style="font-weight: 400;">Aprenem a pronunciar i a llegir millor, a conèixer altres països i les seves cultures, a escoltar-nos i a gravar.</span></p>
<p><span style="font-weight: 400;">I a partir del treball que estem fent a l&#8217;aula, va sorgir la idea d&#8217;utilitzar l&#8217;aula d&#8217;audiovisuals que tenim a l&#8217;escola per gravar diferents pòdcasts.</span></p>
<p style="padding-left: 120px;">Desitgem que us agradi!</p>
<p style="padding-left: 280px;">CAPÍTOLS:      <a href="https://drive.google.com/file/d/13QL3FN1sP98TlgsldD94NwKsrapHZWxF/view?usp=drive_link"> 1r CAPÍTOL &#8211; Ens presentem</a></p>
<p style="padding-left: 360px;"><a href="https://drive.google.com/file/d/1cI9VT9q2eTVQji2DJSC_b-Gy6-eo180M/view?usp=sharing"> 2n CAPÍTOL &#8211; Nadal a l&#8217;aula d&#8217;acollida  </a></p>
<p style="padding-left: 360px;"><a href="https://drive.google.com/file/d/197qNzl3_aHXR0ADNvm9zG0CIRS-UB1zm/view?usp=sharing">3r CAPÍTOL &#8211; Aquest febrer ha estat molt curt</a></p>
<p><img loading="lazy" decoding="async" class=" wp-image-2198 aligncenter" src="https://agora.xtec.cat/iesicilia/wp-content/uploads/usu2573/2025/11/minicatalans_podcast_AA-1-150x150.png" alt="" width="211" height="211" srcset="https://agora.xtec.cat/iesicilia/wp-content/uploads/usu2573/2025/11/minicatalans_podcast_AA-1-150x150.png 150w, https://agora.xtec.cat/iesicilia/wp-content/uploads/usu2573/2025/11/minicatalans_podcast_AA-1-300x300.png 300w, https://agora.xtec.cat/iesicilia/wp-content/uploads/usu2573/2025/11/minicatalans_podcast_AA-1-1024x1024.png 1024w, https://agora.xtec.cat/iesicilia/wp-content/uploads/usu2573/2025/11/minicatalans_podcast_AA-1-768x768.png 768w, https://agora.xtec.cat/iesicilia/wp-content/uploads/usu2573/2025/11/minicatalans_podcast_AA-1.png 1080w" sizes="auto, (max-width: 211px) 100vw, 211px" /></p>

<p>&nbsp; Qui som? Som alumnes de segon i quart d&#8217;ESO, que volem aprendre català i som d&#8217;altres països: Pakistan, Veneçuela, Perú, Paraguai i Ucraïna. Què és l’aula d’acollida? L&#8217;aula d&#8217;acollida és un lloc on els alumnes d&#8217;altres països aprenen català quan arriben i comencen des de l&#8217;inici. Què aprenem? Aprenem a pronunciar i a llegir [&hellip;]</p>
