{"id":1939,"date":"2024-10-08T10:00:46","date_gmt":"2024-10-08T08:00:46","guid":{"rendered":"https:\/\/agora.xtec.cat\/iesicilia\/?page_id=1939"},"modified":"2024-10-08T10:40:02","modified_gmt":"2024-10-08T08:40:02","slug":"comissio-de-convivencia","status":"publish","type":"page","link":"https:\/\/agora.xtec.cat\/iesicilia\/linstitut-escola\/comissions\/comissio-de-convivencia\/","title":{"rendered":"Comissi\u00f3 de Conviv\u00e8ncia"},"content":{"rendered":"<p><span style=\"font-weight: 400;\">La Comissi\u00f3 de Conviv\u00e8ncia \u00e9s un espai de treball format pel professorat de totes les etapes, dedicat a<strong> promoure un ambient de respecte i armonia dins del centre<\/strong>. <\/span><\/p>\n<p><span style=\"font-weight: 400;\">Aquesta comissi\u00f3 t\u00e9 com a responsabilitat principal <strong>establir i revisar el Pla de Conviv\u00e8ncia<\/strong>\u00a0i realitzar diferents accions derivades d\u2019ell.\u00a0<\/span><\/p>\n<p><span style=\"font-weight: 400;\">El seu objectiu \u00e9s <strong>vetllar per la bona relaci\u00f3 entre l&#8217;alumnat, fomentant la comunicaci\u00f3, la resoluci\u00f3 de conflictes i la cohesi\u00f3 social<\/strong>. A m\u00e9s, la comissi\u00f3 treballa en din\u00e0miques i activitats que impulsen els <strong>valors de la conviv\u00e8ncia, el respecte mutu i la toler\u00e0ncia<\/strong>, assegurant que tots els membres de la comunitat educativa se sentin c\u00f2modes i segurs en el seu entorn escolar.<\/span><\/p>\n<p><img decoding=\"async\" src=\"https:\/\/agora.xtec.cat\/iesicilia\/wp-content\/uploads\/usu2573\/2024\/10\/convivencia-150x150.jpg\" alt=\"Imatge de la comissi\u00f3 de conviv\u00e8ncia\" \/><\/p>\n","protected":false},"excerpt":{"rendered":"<p>La Comissi\u00f3 de Conviv\u00e8ncia \u00e9s un espai de treball format pel professorat de totes les etapes, dedicat a promoure un ambient de respecte i armonia dins del centre. Aquesta comissi\u00f3 t\u00e9 com a responsabilitat principal establir i revisar el Pla de Conviv\u00e8ncia\u00a0i realitzar diferents accions derivades d\u2019ell.\u00a0 El seu objectiu \u00e9s vetllar per la bona [&hellip;]<\/p>\n","protected":false},"author":1,"featured_media":0,"parent":1896,"menu_order":5,"comment_status":"closed","ping_status":"closed","template":"page-templates\/side-menu.php","meta":{"_bbp_topic_count":0,"_bbp_reply_count":0,"_bbp_total_topic_count":0,"_bbp_total_reply_count":0,"_bbp_voice_count":0,"_bbp_anonymous_reply_count":0,"_bbp_topic_count_hidden":0,"_bbp_reply_count_hidden":0,"_bbp_forum_subforum_count":0,"site-sidebar-layout":"default","site-content-layout":"","ast-site-content-layout":"","site-content-style":"default","site-sidebar-style":"default","ast-global-header-display":"","ast-banner-title-visibility":"","ast-main-header-display":"","ast-hfb-above-header-display":"","ast-hfb-below-header-display":"","ast-hfb-mobile-header-display":"","site-post-title":"","ast-breadcrumbs-content":"","ast-featured-img":"","footer-sml-layout":"","theme-transparent-header-meta":"","adv-header-id-meta":"","stick-header-meta":"","header-above-stick-meta":"","header-main-stick-meta":"","header-below-stick-meta":"","astra-migrate-meta-layouts":"default","ast-page-background-enabled":"default","ast-page-background-meta":{"desktop":{"background-color":"var(--ast-global-color-4)","background-image":"","background-repeat":"repeat","background-position":"center center","background-size":"auto","background-attachment":"scroll","background-type":"","background-media":"","overlay-type":"","overlay-color":"","overlay-opacity":"","overlay-gradient":""},"tablet":{"background-color":"","background-image":"","background-repeat":"repeat","background-position":"center center","background-size":"auto","background-attachment":"scroll","background-type":"","background-media":"","overlay-type":"","overlay-color":"","overlay-opacity":"","overlay-gradient":""},"mobile":{"background-color":"","background-image":"","background-repeat":"repeat","background-position":"center center","background-size":"auto","background-attachment":"scroll","background-type":"","background-media":"","overlay-type":"","overlay-color":"","overlay-opacity":"","overlay-gradient":""}},"ast-content-background-meta":{"desktop":{"background-color":"var(--ast-global-color-5)","background-image":"","background-repeat":"repeat","background-position":"center center","background-size":"auto","background-attachment":"scroll","background-type":"","background-media":"","overlay-type":"","overlay-color":"","overlay-opacity":"","overlay-gradient":""},"tablet":{"background-color":"var(--ast-global-color-5)","background-image":"","background-repeat":"repeat","background-position":"center center","background-size":"auto","background-attachment":"scroll","background-type":"","background-media":"","overlay-type":"","overlay-color":"","overlay-opacity":"","overlay-gradient":""},"mobile":{"background-color":"var(--ast-global-color-5)","background-image":"","background-repeat":"repeat","background-position":"center center","background-size":"auto","background-attachment":"scroll","background-type":"","background-media":"","overlay-type":"","overlay-color":"","overlay-opacity":"","overlay-gradient":""}},"footnotes":""},"class_list":["post-1939","page","type-page","status-publish","hentry"],"post_mailing_queue_ids":[],"_links":{"self":[{"href":"https:\/\/agora.xtec.cat\/iesicilia\/wp-json\/wp\/v2\/pages\/1939","targetHints":{"allow":["GET"]}}],"collection":[{"href":"https:\/\/agora.xtec.cat\/iesicilia\/wp-json\/wp\/v2\/pages"}],"about":[{"href":"https:\/\/agora.xtec.cat\/iesicilia\/wp-json\/wp\/v2\/types\/page"}],"author":[{"embeddable":true,"href":"https:\/\/agora.xtec.cat\/iesicilia\/wp-json\/wp\/v2\/users\/1"}],"replies":[{"embeddable":true,"href":"https:\/\/agora.xtec.cat\/iesicilia\/wp-json\/wp\/v2\/comments?post=1939"}],"version-history":[{"count":1,"href":"https:\/\/agora.xtec.cat\/iesicilia\/wp-json\/wp\/v2\/pages\/1939\/revisions"}],"predecessor-version":[{"id":1940,"href":"https:\/\/agora.xtec.cat\/iesicilia\/wp-json\/wp\/v2\/pages\/1939\/revisions\/1940"}],"up":[{"embeddable":true,"href":"https:\/\/agora.xtec.cat\/iesicilia\/wp-json\/wp\/v2\/pages\/1896"}],"wp:attachment":[{"href":"https:\/\/agora.xtec.cat\/iesicilia\/wp-json\/wp\/v2\/media?parent=1939"}],"curies":[{"name":"wp","href":"https:\/\/api.w.org\/{rel}","templated":true}]}}

Comissió de Convivència

<p><span style="font-weight: 400;">La Comissió de Convivència és un espai de treball format pel professorat de totes les etapes, dedicat a<strong> promoure un ambient de respecte i armonia dins del centre</strong>. </span></p>
<p><span style="font-weight: 400;">Aquesta comissió té com a responsabilitat principal <strong>establir i revisar el Pla de Convivència</strong> i realitzar diferents accions derivades d’ell. </span></p>
<p><span style="font-weight: 400;">El seu objectiu és <strong>vetllar per la bona relació entre l&#8217;alumnat, fomentant la comunicació, la resolució de conflictes i la cohesió social</strong>. A més, la comissió treballa en dinàmiques i activitats que impulsen els <strong>valors de la convivència, el respecte mutu i la tolerància</strong>, assegurant que tots els membres de la comunitat educativa se sentin còmodes i segurs en el seu entorn escolar.</span></p>
<p><img decoding="async" src="https://agora.xtec.cat/iesicilia/wp-content/uploads/usu2573/2024/10/convivencia-150x150.jpg" alt="Imatge de la comissió de convivència" /></p>

<p>La Comissió de Convivència és un espai de treball format pel professorat de totes les etapes, dedicat a promoure un ambient de respecte i armonia dins del centre. Aquesta comissió té com a responsabilitat principal establir i revisar el Pla de Convivència i realitzar diferents accions derivades d’ell.  El seu objectiu és vetllar per la bona [&hellip;]</p>
