{"id":1936,"date":"2024-10-08T09:56:00","date_gmt":"2024-10-08T07:56:00","guid":{"rendered":"https:\/\/agora.xtec.cat\/iesicilia\/?page_id=1936"},"modified":"2024-10-08T09:56:00","modified_gmt":"2024-10-08T07:56:00","slug":"comissio-dinclusiva","status":"publish","type":"page","link":"https:\/\/agora.xtec.cat\/iesicilia\/linstitut-escola\/comissions\/comissio-dinclusiva\/","title":{"rendered":"Comissi\u00f3 d\u2019inclusiva"},"content":{"rendered":"<p><span style=\"font-weight: 400;\">La Comissi\u00f3 d\u2019inclusiva t\u00e9 com a principal missi\u00f3 <strong>promoure la inclusi\u00f3 i el respecte per les difer\u00e8ncies<\/strong> dins la nostra comunitat escolar. Aquesta comissi\u00f3, formada per docents de totes les etapes, treballen junts per <strong>assegurar que totes les veus siguin escoltades i valorades<\/strong>.<\/span><\/p>\n<p><span style=\"font-weight: 400;\">Entre les seves responsabilitats, la Comissi\u00f3 d\u2019inclusiva <strong>dissenya i implementa accions formatives i sensibilitzadores<\/strong> que fomenten una <strong>cultura d&#8217;acollida i respecte<\/strong> cap a la diversitat cultural, ling\u00fc\u00edstica, funcional i d&#8217;altres dimensions que configuren la nostra societat. Aix\u00ed mateix, impulsa activitats i projectes que faciliten la conviv\u00e8ncia entre tots els membres de la comunitat educativa, tot promovent la comprensi\u00f3 i el suport mutu.<\/span><\/p>\n<p><span style=\"font-weight: 400;\">A trav\u00e9s de la seva tasca, la Comissi\u00f3 d\u2019inclusiva busca <strong>crear un entorn on cada persona pugui expressar-se lliurement<\/strong>, contribuint al desenvolupament d&#8217;una societat m\u00e9s justa i equitativa.<\/span><\/p>\n<p><img decoding=\"async\" src=\"https:\/\/agora.xtec.cat\/iesicilia\/wp-content\/uploads\/usu2573\/2024\/10\/inclusiva-150x150.jpg\" alt=\"Imatge de la comissi\u00f3 d'inclusivitat\" \/><\/p>\n","protected":false},"excerpt":{"rendered":"<p>La Comissi\u00f3 d\u2019inclusiva t\u00e9 com a principal missi\u00f3 promoure la inclusi\u00f3 i el respecte per les difer\u00e8ncies dins la nostra comunitat escolar. Aquesta comissi\u00f3, formada per docents de totes les etapes, treballen junts per assegurar que totes les veus siguin escoltades i valorades. Entre les seves responsabilitats, la Comissi\u00f3 d\u2019inclusiva dissenya i implementa accions formatives [&hellip;]<\/p>\n","protected":false},"author":1,"featured_media":0,"parent":1896,"menu_order":5,"comment_status":"closed","ping_status":"closed","template":"page-templates\/side-menu.php","meta":{"_bbp_topic_count":0,"_bbp_reply_count":0,"_bbp_total_topic_count":0,"_bbp_total_reply_count":0,"_bbp_voice_count":0,"_bbp_anonymous_reply_count":0,"_bbp_topic_count_hidden":0,"_bbp_reply_count_hidden":0,"_bbp_forum_subforum_count":0,"site-sidebar-layout":"default","site-content-layout":"","ast-site-content-layout":"","site-content-style":"default","site-sidebar-style":"default","ast-global-header-display":"","ast-banner-title-visibility":"","ast-main-header-display":"","ast-hfb-above-header-display":"","ast-hfb-below-header-display":"","ast-hfb-mobile-header-display":"","site-post-title":"","ast-breadcrumbs-content":"","ast-featured-img":"","footer-sml-layout":"","theme-transparent-header-meta":"","adv-header-id-meta":"","stick-header-meta":"","header-above-stick-meta":"","header-main-stick-meta":"","header-below-stick-meta":"","astra-migrate-meta-layouts":"default","ast-page-background-enabled":"default","ast-page-background-meta":{"desktop":{"background-color":"var(--ast-global-color-4)","background-image":"","background-repeat":"repeat","background-position":"center center","background-size":"auto","background-attachment":"scroll","background-type":"","background-media":"","overlay-type":"","overlay-color":"","overlay-opacity":"","overlay-gradient":""},"tablet":{"background-color":"","background-image":"","background-repeat":"repeat","background-position":"center center","background-size":"auto","background-attachment":"scroll","background-type":"","background-media":"","overlay-type":"","overlay-color":"","overlay-opacity":"","overlay-gradient":""},"mobile":{"background-color":"","background-image":"","background-repeat":"repeat","background-position":"center center","background-size":"auto","background-attachment":"scroll","background-type":"","background-media":"","overlay-type":"","overlay-color":"","overlay-opacity":"","overlay-gradient":""}},"ast-content-background-meta":{"desktop":{"background-color":"var(--ast-global-color-5)","background-image":"","background-repeat":"repeat","background-position":"center center","background-size":"auto","background-attachment":"scroll","background-type":"","background-media":"","overlay-type":"","overlay-color":"","overlay-opacity":"","overlay-gradient":""},"tablet":{"background-color":"var(--ast-global-color-5)","background-image":"","background-repeat":"repeat","background-position":"center center","background-size":"auto","background-attachment":"scroll","background-type":"","background-media":"","overlay-type":"","overlay-color":"","overlay-opacity":"","overlay-gradient":""},"mobile":{"background-color":"var(--ast-global-color-5)","background-image":"","background-repeat":"repeat","background-position":"center center","background-size":"auto","background-attachment":"scroll","background-type":"","background-media":"","overlay-type":"","overlay-color":"","overlay-opacity":"","overlay-gradient":""}},"footnotes":""},"class_list":["post-1936","page","type-page","status-publish","hentry"],"post_mailing_queue_ids":[],"_links":{"self":[{"href":"https:\/\/agora.xtec.cat\/iesicilia\/wp-json\/wp\/v2\/pages\/1936","targetHints":{"allow":["GET"]}}],"collection":[{"href":"https:\/\/agora.xtec.cat\/iesicilia\/wp-json\/wp\/v2\/pages"}],"about":[{"href":"https:\/\/agora.xtec.cat\/iesicilia\/wp-json\/wp\/v2\/types\/page"}],"author":[{"embeddable":true,"href":"https:\/\/agora.xtec.cat\/iesicilia\/wp-json\/wp\/v2\/users\/1"}],"replies":[{"embeddable":true,"href":"https:\/\/agora.xtec.cat\/iesicilia\/wp-json\/wp\/v2\/comments?post=1936"}],"version-history":[{"count":1,"href":"https:\/\/agora.xtec.cat\/iesicilia\/wp-json\/wp\/v2\/pages\/1936\/revisions"}],"predecessor-version":[{"id":1937,"href":"https:\/\/agora.xtec.cat\/iesicilia\/wp-json\/wp\/v2\/pages\/1936\/revisions\/1937"}],"up":[{"embeddable":true,"href":"https:\/\/agora.xtec.cat\/iesicilia\/wp-json\/wp\/v2\/pages\/1896"}],"wp:attachment":[{"href":"https:\/\/agora.xtec.cat\/iesicilia\/wp-json\/wp\/v2\/media?parent=1936"}],"curies":[{"name":"wp","href":"https:\/\/api.w.org\/{rel}","templated":true}]}}

Comissió d’inclusiva

<p><span style="font-weight: 400;">La Comissió d’inclusiva té com a principal missió <strong>promoure la inclusió i el respecte per les diferències</strong> dins la nostra comunitat escolar. Aquesta comissió, formada per docents de totes les etapes, treballen junts per <strong>assegurar que totes les veus siguin escoltades i valorades</strong>.</span></p>
<p><span style="font-weight: 400;">Entre les seves responsabilitats, la Comissió d’inclusiva <strong>dissenya i implementa accions formatives i sensibilitzadores</strong> que fomenten una <strong>cultura d&#8217;acollida i respecte</strong> cap a la diversitat cultural, lingüística, funcional i d&#8217;altres dimensions que configuren la nostra societat. Així mateix, impulsa activitats i projectes que faciliten la convivència entre tots els membres de la comunitat educativa, tot promovent la comprensió i el suport mutu.</span></p>
<p><span style="font-weight: 400;">A través de la seva tasca, la Comissió d’inclusiva busca <strong>crear un entorn on cada persona pugui expressar-se lliurement</strong>, contribuint al desenvolupament d&#8217;una societat més justa i equitativa.</span></p>
<p><img decoding="async" src="https://agora.xtec.cat/iesicilia/wp-content/uploads/usu2573/2024/10/inclusiva-150x150.jpg" alt="Imatge de la comissió d'inclusivitat" /></p>

<p>La Comissió d’inclusiva té com a principal missió promoure la inclusió i el respecte per les diferències dins la nostra comunitat escolar. Aquesta comissió, formada per docents de totes les etapes, treballen junts per assegurar que totes les veus siguin escoltades i valorades. Entre les seves responsabilitats, la Comissió d’inclusiva dissenya i implementa accions formatives [&hellip;]</p>
