{"id":1924,"date":"2024-10-07T12:56:52","date_gmt":"2024-10-07T10:56:52","guid":{"rendered":"https:\/\/agora.xtec.cat\/iesicilia\/?page_id=1924"},"modified":"2025-09-30T13:45:41","modified_gmt":"2025-09-30T11:45:41","slug":"comissions-comissio-de-sostenibilittat","status":"publish","type":"page","link":"https:\/\/agora.xtec.cat\/iesicilia\/linstitut-escola\/comissions\/comissions-comissio-de-sostenibilittat\/","title":{"rendered":"Comissi\u00f3 de Biblioteca"},"content":{"rendered":"<p data-start=\"212\" data-end=\"531\">La Comissi\u00f3 de Biblioteca de la nostra escola \u00e9s un motor clau per fomentar el gust per la lectura, la curiositat i l\u2019autonomia en l\u2019aprenentatge. Est\u00e0 formada per mestres i alumnes de l&#8217;ESO, amb col\u00b7laboraci\u00f3 de les fam\u00edlies de l&#8217;AFA , que treballen conjuntament per fer de la biblioteca un espai viu, acollidor i ple de recursos.<\/p>\n<p data-start=\"533\" data-end=\"900\">Des de l\u2019organitzaci\u00f3 del fons bibliogr\u00e0fic fins a la dinamitzaci\u00f3 d\u2019activitats com l\u2019hora del conte, els pr\u00e9stecs, o les setmanes tem\u00e0tiques, la comissi\u00f3 t\u00e9 un paper fonamental en l\u2019educaci\u00f3 lectora dels infants. Tamb\u00e9 impulsa projectes per fer arribar la lectura a tots els racons de l\u2019escola, promovent valors com la creativitat, la inclusi\u00f3 i el pensament cr\u00edtic.<\/p>\n<p data-start=\"902\" data-end=\"1037\">Creiem que una biblioteca activa \u00e9s molt m\u00e9s que un lloc per llegir: \u00e9s un espai per cr\u00e9ixer. I la comissi\u00f3 fa que aix\u00f2 sigui possible.<\/p>\n<p><img loading=\"lazy\" decoding=\"async\" class=\"wp-image-2170 alignleft\" src=\"https:\/\/agora.xtec.cat\/iesicilia\/wp-content\/uploads\/usu2573\/2025\/09\/web-sicilia-1024x1024.jpg\" alt=\"\" width=\"187\" height=\"187\" srcset=\"https:\/\/agora.xtec.cat\/iesicilia\/wp-content\/uploads\/usu2573\/2025\/09\/web-sicilia-1024x1024.jpg 1024w, https:\/\/agora.xtec.cat\/iesicilia\/wp-content\/uploads\/usu2573\/2025\/09\/web-sicilia-300x300.jpg 300w, https:\/\/agora.xtec.cat\/iesicilia\/wp-content\/uploads\/usu2573\/2025\/09\/web-sicilia-150x150.jpg 150w, https:\/\/agora.xtec.cat\/iesicilia\/wp-content\/uploads\/usu2573\/2025\/09\/web-sicilia-768x768.jpg 768w, https:\/\/agora.xtec.cat\/iesicilia\/wp-content\/uploads\/usu2573\/2025\/09\/web-sicilia.jpg 1080w\" sizes=\"auto, (max-width: 187px) 100vw, 187px\" \/><\/p>\n","protected":false},"excerpt":{"rendered":"<p>La Comissi\u00f3 de Biblioteca de la nostra escola \u00e9s un motor clau per fomentar el gust per la lectura, la curiositat i l\u2019autonomia en l\u2019aprenentatge. Est\u00e0 formada per mestres i alumnes de l&#8217;ESO, amb col\u00b7laboraci\u00f3 de les fam\u00edlies de l&#8217;AFA , que treballen conjuntament per fer de la biblioteca un espai viu, acollidor i ple [&hellip;]<\/p>\n","protected":false},"author":1,"featured_media":0,"parent":1896,"menu_order":5,"comment_status":"closed","ping_status":"closed","template":"page-templates\/side-menu.php","meta":{"_bbp_topic_count":0,"_bbp_reply_count":0,"_bbp_total_topic_count":0,"_bbp_total_reply_count":0,"_bbp_voice_count":0,"_bbp_anonymous_reply_count":0,"_bbp_topic_count_hidden":0,"_bbp_reply_count_hidden":0,"_bbp_forum_subforum_count":0,"site-sidebar-layout":"default","site-content-layout":"","ast-site-content-layout":"","site-content-style":"default","site-sidebar-style":"default","ast-global-header-display":"","ast-banner-title-visibility":"","ast-main-header-display":"","ast-hfb-above-header-display":"","ast-hfb-below-header-display":"","ast-hfb-mobile-header-display":"","site-post-title":"","ast-breadcrumbs-content":"","ast-featured-img":"","footer-sml-layout":"","theme-transparent-header-meta":"","adv-header-id-meta":"","stick-header-meta":"","header-above-stick-meta":"","header-main-stick-meta":"","header-below-stick-meta":"","astra-migrate-meta-layouts":"default","ast-page-background-enabled":"default","ast-page-background-meta":{"desktop":{"background-color":"var(--ast-global-color-4)","background-image":"","background-repeat":"repeat","background-position":"center center","background-size":"auto","background-attachment":"scroll","background-type":"","background-media":"","overlay-type":"","overlay-color":"","overlay-opacity":"","overlay-gradient":""},"tablet":{"background-color":"","background-image":"","background-repeat":"repeat","background-position":"center center","background-size":"auto","background-attachment":"scroll","background-type":"","background-media":"","overlay-type":"","overlay-color":"","overlay-opacity":"","overlay-gradient":""},"mobile":{"background-color":"","background-image":"","background-repeat":"repeat","background-position":"center center","background-size":"auto","background-attachment":"scroll","background-type":"","background-media":"","overlay-type":"","overlay-color":"","overlay-opacity":"","overlay-gradient":""}},"ast-content-background-meta":{"desktop":{"background-color":"var(--ast-global-color-5)","background-image":"","background-repeat":"repeat","background-position":"center center","background-size":"auto","background-attachment":"scroll","background-type":"","background-media":"","overlay-type":"","overlay-color":"","overlay-opacity":"","overlay-gradient":""},"tablet":{"background-color":"var(--ast-global-color-5)","background-image":"","background-repeat":"repeat","background-position":"center center","background-size":"auto","background-attachment":"scroll","background-type":"","background-media":"","overlay-type":"","overlay-color":"","overlay-opacity":"","overlay-gradient":""},"mobile":{"background-color":"var(--ast-global-color-5)","background-image":"","background-repeat":"repeat","background-position":"center center","background-size":"auto","background-attachment":"scroll","background-type":"","background-media":"","overlay-type":"","overlay-color":"","overlay-opacity":"","overlay-gradient":""}},"footnotes":""},"class_list":["post-1924","page","type-page","status-publish","hentry"],"post_mailing_queue_ids":[],"_links":{"self":[{"href":"https:\/\/agora.xtec.cat\/iesicilia\/wp-json\/wp\/v2\/pages\/1924","targetHints":{"allow":["GET"]}}],"collection":[{"href":"https:\/\/agora.xtec.cat\/iesicilia\/wp-json\/wp\/v2\/pages"}],"about":[{"href":"https:\/\/agora.xtec.cat\/iesicilia\/wp-json\/wp\/v2\/types\/page"}],"author":[{"embeddable":true,"href":"https:\/\/agora.xtec.cat\/iesicilia\/wp-json\/wp\/v2\/users\/1"}],"replies":[{"embeddable":true,"href":"https:\/\/agora.xtec.cat\/iesicilia\/wp-json\/wp\/v2\/comments?post=1924"}],"version-history":[{"count":4,"href":"https:\/\/agora.xtec.cat\/iesicilia\/wp-json\/wp\/v2\/pages\/1924\/revisions"}],"predecessor-version":[{"id":2176,"href":"https:\/\/agora.xtec.cat\/iesicilia\/wp-json\/wp\/v2\/pages\/1924\/revisions\/2176"}],"up":[{"embeddable":true,"href":"https:\/\/agora.xtec.cat\/iesicilia\/wp-json\/wp\/v2\/pages\/1896"}],"wp:attachment":[{"href":"https:\/\/agora.xtec.cat\/iesicilia\/wp-json\/wp\/v2\/media?parent=1924"}],"curies":[{"name":"wp","href":"https:\/\/api.w.org\/{rel}","templated":true}]}}

Comissió de Biblioteca

<p data-start="212" data-end="531">La Comissió de Biblioteca de la nostra escola és un motor clau per fomentar el gust per la lectura, la curiositat i l’autonomia en l’aprenentatge. Està formada per mestres i alumnes de l&#8217;ESO, amb col·laboració de les famílies de l&#8217;AFA , que treballen conjuntament per fer de la biblioteca un espai viu, acollidor i ple de recursos.</p>
<p data-start="533" data-end="900">Des de l’organització del fons bibliogràfic fins a la dinamització d’activitats com l’hora del conte, els préstecs, o les setmanes temàtiques, la comissió té un paper fonamental en l’educació lectora dels infants. També impulsa projectes per fer arribar la lectura a tots els racons de l’escola, promovent valors com la creativitat, la inclusió i el pensament crític.</p>
<p data-start="902" data-end="1037">Creiem que una biblioteca activa és molt més que un lloc per llegir: és un espai per créixer. I la comissió fa que això sigui possible.</p>
<p><img loading="lazy" decoding="async" class="wp-image-2170 alignleft" src="https://agora.xtec.cat/iesicilia/wp-content/uploads/usu2573/2025/09/web-sicilia-1024x1024.jpg" alt="" width="187" height="187" srcset="https://agora.xtec.cat/iesicilia/wp-content/uploads/usu2573/2025/09/web-sicilia-1024x1024.jpg 1024w, https://agora.xtec.cat/iesicilia/wp-content/uploads/usu2573/2025/09/web-sicilia-300x300.jpg 300w, https://agora.xtec.cat/iesicilia/wp-content/uploads/usu2573/2025/09/web-sicilia-150x150.jpg 150w, https://agora.xtec.cat/iesicilia/wp-content/uploads/usu2573/2025/09/web-sicilia-768x768.jpg 768w, https://agora.xtec.cat/iesicilia/wp-content/uploads/usu2573/2025/09/web-sicilia.jpg 1080w" sizes="auto, (max-width: 187px) 100vw, 187px" /></p>

<p>La Comissió de Biblioteca de la nostra escola és un motor clau per fomentar el gust per la lectura, la curiositat i l’autonomia en l’aprenentatge. Està formada per mestres i alumnes de l&#8217;ESO, amb col·laboració de les famílies de l&#8217;AFA , que treballen conjuntament per fer de la biblioteca un espai viu, acollidor i ple [&hellip;]</p>
