{"id":1918,"date":"2024-10-07T12:51:40","date_gmt":"2024-10-07T10:51:40","guid":{"rendered":"https:\/\/agora.xtec.cat\/iesicilia\/?page_id=1918"},"modified":"2024-10-07T13:00:33","modified_gmt":"2024-10-07T11:00:33","slug":"comissions-comissio-de-comunicacio","status":"publish","type":"page","link":"https:\/\/agora.xtec.cat\/iesicilia\/linstitut-escola\/comissions\/comissions-comissio-de-comunicacio\/","title":{"rendered":"Comissi\u00f3 de Comunicaci\u00f3"},"content":{"rendered":"<p><span style=\"font-weight: 400;\">Aquesta comissi\u00f3 s\u2019encarrega de presentar el nostre centre a totes les persones interessades. <\/span><\/p>\n<p><span style=\"font-weight: 400;\">T\u00e9 com a objectiu donar a con\u00e8ixer de forma breu, concisa i pr\u00e0ctica tot all\u00f2 que ens defineix com a centre: <\/span><\/p>\n<ul>\n<li><strong>la nostra l\u00ednia educativa, <\/strong><\/li>\n<li><strong>l\u2019organitzaci\u00f3 de l&#8217;Institut Escola, <\/strong><\/li>\n<li><strong>les activitats\u00a0 m\u00e9s significatives,<\/strong><\/li>\n<li><strong> les relacions que establim amb l\u2019entorn i <\/strong><\/li>\n<li><span style=\"font-weight: 400;\"><strong>aquelles accions necess\u00e0ries per al bon funcionament del centre<\/strong>: <\/span>\n<ul>\n<li><span style=\"font-weight: 400;\">preinscripcions, sol\u00b7licituds de beques o compra de material escolar, entre altres.<\/span><\/li>\n<\/ul>\n<\/li>\n<\/ul>\n<p><img loading=\"lazy\" decoding=\"async\" class=\"wp-image-1910 size-thumbnail alignnone\" src=\"https:\/\/agora.xtec.cat\/iesicilia\/wp-content\/uploads\/usu2573\/2024\/10\/comunicacio-150x150.jpg\" alt=\"Imatge de la comissi\u00f3 de comunicaci\u00f3\" width=\"150\" height=\"150\" srcset=\"https:\/\/agora.xtec.cat\/iesicilia\/wp-content\/uploads\/usu2573\/2024\/10\/comunicacio-150x150.jpg 150w, https:\/\/agora.xtec.cat\/iesicilia\/wp-content\/uploads\/usu2573\/2024\/10\/comunicacio-300x300.jpg 300w, https:\/\/agora.xtec.cat\/iesicilia\/wp-content\/uploads\/usu2573\/2024\/10\/comunicacio-1024x1024.jpg 1024w, https:\/\/agora.xtec.cat\/iesicilia\/wp-content\/uploads\/usu2573\/2024\/10\/comunicacio-768x768.jpg 768w, https:\/\/agora.xtec.cat\/iesicilia\/wp-content\/uploads\/usu2573\/2024\/10\/comunicacio.jpg 1080w\" sizes=\"auto, (max-width: 150px) 100vw, 150px\" \/><\/p>\n","protected":false},"excerpt":{"rendered":"<p>Aquesta comissi\u00f3 s\u2019encarrega de presentar el nostre centre a totes les persones interessades. T\u00e9 com a objectiu donar a con\u00e8ixer de forma breu, concisa i pr\u00e0ctica tot all\u00f2 que ens defineix com a centre: la nostra l\u00ednia educativa, l\u2019organitzaci\u00f3 de l&#8217;Institut Escola, les activitats\u00a0 m\u00e9s significatives, les relacions que establim amb l\u2019entorn i aquelles accions [&hellip;]<\/p>\n","protected":false},"author":1,"featured_media":0,"parent":1896,"menu_order":5,"comment_status":"closed","ping_status":"closed","template":"page-templates\/side-menu.php","meta":{"_bbp_topic_count":0,"_bbp_reply_count":0,"_bbp_total_topic_count":0,"_bbp_total_reply_count":0,"_bbp_voice_count":0,"_bbp_anonymous_reply_count":0,"_bbp_topic_count_hidden":0,"_bbp_reply_count_hidden":0,"_bbp_forum_subforum_count":0,"site-sidebar-layout":"default","site-content-layout":"","ast-site-content-layout":"","site-content-style":"default","site-sidebar-style":"default","ast-global-header-display":"","ast-banner-title-visibility":"","ast-main-header-display":"","ast-hfb-above-header-display":"","ast-hfb-below-header-display":"","ast-hfb-mobile-header-display":"","site-post-title":"","ast-breadcrumbs-content":"","ast-featured-img":"","footer-sml-layout":"","theme-transparent-header-meta":"","adv-header-id-meta":"","stick-header-meta":"","header-above-stick-meta":"","header-main-stick-meta":"","header-below-stick-meta":"","astra-migrate-meta-layouts":"default","ast-page-background-enabled":"default","ast-page-background-meta":{"desktop":{"background-color":"var(--ast-global-color-4)","background-image":"","background-repeat":"repeat","background-position":"center center","background-size":"auto","background-attachment":"scroll","background-type":"","background-media":"","overlay-type":"","overlay-color":"","overlay-opacity":"","overlay-gradient":""},"tablet":{"background-color":"","background-image":"","background-repeat":"repeat","background-position":"center center","background-size":"auto","background-attachment":"scroll","background-type":"","background-media":"","overlay-type":"","overlay-color":"","overlay-opacity":"","overlay-gradient":""},"mobile":{"background-color":"","background-image":"","background-repeat":"repeat","background-position":"center center","background-size":"auto","background-attachment":"scroll","background-type":"","background-media":"","overlay-type":"","overlay-color":"","overlay-opacity":"","overlay-gradient":""}},"ast-content-background-meta":{"desktop":{"background-color":"var(--ast-global-color-5)","background-image":"","background-repeat":"repeat","background-position":"center center","background-size":"auto","background-attachment":"scroll","background-type":"","background-media":"","overlay-type":"","overlay-color":"","overlay-opacity":"","overlay-gradient":""},"tablet":{"background-color":"var(--ast-global-color-5)","background-image":"","background-repeat":"repeat","background-position":"center center","background-size":"auto","background-attachment":"scroll","background-type":"","background-media":"","overlay-type":"","overlay-color":"","overlay-opacity":"","overlay-gradient":""},"mobile":{"background-color":"var(--ast-global-color-5)","background-image":"","background-repeat":"repeat","background-position":"center center","background-size":"auto","background-attachment":"scroll","background-type":"","background-media":"","overlay-type":"","overlay-color":"","overlay-opacity":"","overlay-gradient":""}},"footnotes":""},"class_list":["post-1918","page","type-page","status-publish","hentry"],"post_mailing_queue_ids":[],"_links":{"self":[{"href":"https:\/\/agora.xtec.cat\/iesicilia\/wp-json\/wp\/v2\/pages\/1918","targetHints":{"allow":["GET"]}}],"collection":[{"href":"https:\/\/agora.xtec.cat\/iesicilia\/wp-json\/wp\/v2\/pages"}],"about":[{"href":"https:\/\/agora.xtec.cat\/iesicilia\/wp-json\/wp\/v2\/types\/page"}],"author":[{"embeddable":true,"href":"https:\/\/agora.xtec.cat\/iesicilia\/wp-json\/wp\/v2\/users\/1"}],"replies":[{"embeddable":true,"href":"https:\/\/agora.xtec.cat\/iesicilia\/wp-json\/wp\/v2\/comments?post=1918"}],"version-history":[{"count":3,"href":"https:\/\/agora.xtec.cat\/iesicilia\/wp-json\/wp\/v2\/pages\/1918\/revisions"}],"predecessor-version":[{"id":1927,"href":"https:\/\/agora.xtec.cat\/iesicilia\/wp-json\/wp\/v2\/pages\/1918\/revisions\/1927"}],"up":[{"embeddable":true,"href":"https:\/\/agora.xtec.cat\/iesicilia\/wp-json\/wp\/v2\/pages\/1896"}],"wp:attachment":[{"href":"https:\/\/agora.xtec.cat\/iesicilia\/wp-json\/wp\/v2\/media?parent=1918"}],"curies":[{"name":"wp","href":"https:\/\/api.w.org\/{rel}","templated":true}]}}

Comissió de Comunicació

<p><span style="font-weight: 400;">Aquesta comissió s’encarrega de presentar el nostre centre a totes les persones interessades. </span></p>
<p><span style="font-weight: 400;">Té com a objectiu donar a conèixer de forma breu, concisa i pràctica tot allò que ens defineix com a centre: </span></p>
<ul>
<li><strong>la nostra línia educativa, </strong></li>
<li><strong>l’organització de l&#8217;Institut Escola, </strong></li>
<li><strong>les activitats  més significatives,</strong></li>
<li><strong> les relacions que establim amb l’entorn i </strong></li>
<li><span style="font-weight: 400;"><strong>aquelles accions necessàries per al bon funcionament del centre</strong>: </span>
<ul>
<li><span style="font-weight: 400;">preinscripcions, sol·licituds de beques o compra de material escolar, entre altres.</span></li>
</ul>
</li>
</ul>
<p><img loading="lazy" decoding="async" class="wp-image-1910 size-thumbnail alignnone" src="https://agora.xtec.cat/iesicilia/wp-content/uploads/usu2573/2024/10/comunicacio-150x150.jpg" alt="Imatge de la comissió de comunicació" width="150" height="150" srcset="https://agora.xtec.cat/iesicilia/wp-content/uploads/usu2573/2024/10/comunicacio-150x150.jpg 150w, https://agora.xtec.cat/iesicilia/wp-content/uploads/usu2573/2024/10/comunicacio-300x300.jpg 300w, https://agora.xtec.cat/iesicilia/wp-content/uploads/usu2573/2024/10/comunicacio-1024x1024.jpg 1024w, https://agora.xtec.cat/iesicilia/wp-content/uploads/usu2573/2024/10/comunicacio-768x768.jpg 768w, https://agora.xtec.cat/iesicilia/wp-content/uploads/usu2573/2024/10/comunicacio.jpg 1080w" sizes="auto, (max-width: 150px) 100vw, 150px" /></p>

<p>Aquesta comissió s’encarrega de presentar el nostre centre a totes les persones interessades. Té com a objectiu donar a conèixer de forma breu, concisa i pràctica tot allò que ens defineix com a centre: la nostra línia educativa, l’organització de l&#8217;Institut Escola, les activitats  més significatives, les relacions que establim amb l’entorn i aquelles accions [&hellip;]</p>
