{"id":19,"date":"2014-09-17T14:56:56","date_gmt":"2014-09-17T12:56:56","guid":{"rendered":"http:\/\/agora.xtec.cat\/iesicilia\/?page_id=19"},"modified":"2024-01-24T19:55:54","modified_gmt":"2024-01-24T18:55:54","slug":"linstitut-escola","status":"publish","type":"page","link":"https:\/\/agora.xtec.cat\/iesicilia\/linstitut-escola\/","title":{"rendered":"L&#8217;INSTITUT ESCOLA"},"content":{"rendered":"<p align=\"justify\"><span style=\"color: #333333; font-family: arial, helvetica, sans-serif; font-size: 12pt;\">L\u2019Institut Escola Sic\u00edlia ha iniciat el seu viatge de transformaci\u00f3 el setembre de 2021, com a centre incorporat a la xarxa de centres de titularitat p\u00fablica a l\u2019empara del Decret Llei 10\/2019, de 28 de maig.<\/span><\/p>\n<p align=\"justify\"><span style=\"color: #333333; font-family: arial, helvetica, sans-serif;\"><span style=\"font-size: medium;\">\u00c9s un projecte que neix de la voluntat de sumar esfor\u00e7os, d\u2019articular un projecte engrescador. Del present al futur mirant al passat, recollint tot all\u00f2 caminat fins ara.<\/span><\/span><\/p>\n<p align=\"justify\"><span style=\"color: #333333; font-family: arial, helvetica, sans-serif;\"><span style=\"font-size: medium;\">Un Institut Escola que ofereix un projecte educatiu de 3 a 16 anys. Aix\u00f2 marca moltes de les nostres l\u00ednies fonamentals: coordinaci\u00f3 curricular i metodol\u00f2gica, espais d\u2019aprenentatge compartits, transici\u00f3 prim\u00e0ria-secund\u00e0ria amable, participaci\u00f3 activa de les fam\u00edlies i sentit de pertinen\u00e7a a una comunitat educativa cohesionada i acollidora mitjan\u00e7ant l\u2019aprenentatge globalitzat i la inclusi\u00f3. Innovador pel que fa a l\u2019aplicaci\u00f3 de les noves tecnologies a l\u2019aula per tal oferir nous entorns d\u2019aprenentatge que afavoreixin l\u2019\u00e8xit acad\u00e8mic tot esdevenint refer\u00e8ncia de transformaci\u00f3 educativa.<\/span><\/span><\/p>\n<p align=\"justify\"><span style=\"font-family: arial, helvetica, sans-serif; color: #333333;\"><strong>CREEM<\/strong> <strong>UNA NOVA ESCOLA<\/strong>\u00a0 \u00a0I\u00a0 <strong>CREIXEM AMB VOSALTRES<\/strong><\/span><\/p>\n","protected":false},"excerpt":{"rendered":"<p>L\u2019Institut Escola Sic\u00edlia ha iniciat el seu viatge de transformaci\u00f3 el setembre de 2021, com a centre incorporat a la xarxa de centres de titularitat p\u00fablica a l\u2019empara del Decret Llei 10\/2019, de 28 de maig. \u00c9s un projecte que neix de la voluntat de sumar esfor\u00e7os, d\u2019articular un projecte engrescador. Del present al futur [&hellip;]<\/p>\n","protected":false},"author":1,"featured_media":0,"parent":0,"menu_order":0,"comment_status":"closed","ping_status":"closed","template":"page-templates\/side-menu.php","meta":{"_bbp_topic_count":0,"_bbp_reply_count":0,"_bbp_total_topic_count":0,"_bbp_total_reply_count":0,"_bbp_voice_count":0,"_bbp_anonymous_reply_count":0,"_bbp_topic_count_hidden":0,"_bbp_reply_count_hidden":0,"_bbp_forum_subforum_count":0,"site-sidebar-layout":"default","site-content-layout":"","ast-site-content-layout":"","site-content-style":"default","site-sidebar-style":"default","ast-global-header-display":"","ast-banner-title-visibility":"","ast-main-header-display":"","ast-hfb-above-header-display":"","ast-hfb-below-header-display":"","ast-hfb-mobile-header-display":"","site-post-title":"","ast-breadcrumbs-content":"","ast-featured-img":"","footer-sml-layout":"","theme-transparent-header-meta":"","adv-header-id-meta":"","stick-header-meta":"","header-above-stick-meta":"","header-main-stick-meta":"","header-below-stick-meta":"","astra-migrate-meta-layouts":"default","ast-page-background-enabled":"default","ast-page-background-meta":{"desktop":{"background-color":"var(--ast-global-color-4)","background-image":"","background-repeat":"repeat","background-position":"center center","background-size":"auto","background-attachment":"scroll","background-type":"","background-media":"","overlay-type":"","overlay-color":"","overlay-opacity":"","overlay-gradient":""},"tablet":{"background-color":"","background-image":"","background-repeat":"repeat","background-position":"center center","background-size":"auto","background-attachment":"scroll","background-type":"","background-media":"","overlay-type":"","overlay-color":"","overlay-opacity":"","overlay-gradient":""},"mobile":{"background-color":"","background-image":"","background-repeat":"repeat","background-position":"center center","background-size":"auto","background-attachment":"scroll","background-type":"","background-media":"","overlay-type":"","overlay-color":"","overlay-opacity":"","overlay-gradient":""}},"ast-content-background-meta":{"desktop":{"background-color":"var(--ast-global-color-5)","background-image":"","background-repeat":"repeat","background-position":"center center","background-size":"auto","background-attachment":"scroll","background-type":"","background-media":"","overlay-type":"","overlay-color":"","overlay-opacity":"","overlay-gradient":""},"tablet":{"background-color":"var(--ast-global-color-5)","background-image":"","background-repeat":"repeat","background-position":"center center","background-size":"auto","background-attachment":"scroll","background-type":"","background-media":"","overlay-type":"","overlay-color":"","overlay-opacity":"","overlay-gradient":""},"mobile":{"background-color":"var(--ast-global-color-5)","background-image":"","background-repeat":"repeat","background-position":"center center","background-size":"auto","background-attachment":"scroll","background-type":"","background-media":"","overlay-type":"","overlay-color":"","overlay-opacity":"","overlay-gradient":""}},"footnotes":""},"class_list":["post-19","page","type-page","status-publish","hentry"],"post_mailing_queue_ids":[],"_links":{"self":[{"href":"https:\/\/agora.xtec.cat\/iesicilia\/wp-json\/wp\/v2\/pages\/19","targetHints":{"allow":["GET"]}}],"collection":[{"href":"https:\/\/agora.xtec.cat\/iesicilia\/wp-json\/wp\/v2\/pages"}],"about":[{"href":"https:\/\/agora.xtec.cat\/iesicilia\/wp-json\/wp\/v2\/types\/page"}],"author":[{"embeddable":true,"href":"https:\/\/agora.xtec.cat\/iesicilia\/wp-json\/wp\/v2\/users\/1"}],"replies":[{"embeddable":true,"href":"https:\/\/agora.xtec.cat\/iesicilia\/wp-json\/wp\/v2\/comments?post=19"}],"version-history":[{"count":7,"href":"https:\/\/agora.xtec.cat\/iesicilia\/wp-json\/wp\/v2\/pages\/19\/revisions"}],"predecessor-version":[{"id":1714,"href":"https:\/\/agora.xtec.cat\/iesicilia\/wp-json\/wp\/v2\/pages\/19\/revisions\/1714"}],"wp:attachment":[{"href":"https:\/\/agora.xtec.cat\/iesicilia\/wp-json\/wp\/v2\/media?parent=19"}],"curies":[{"name":"wp","href":"https:\/\/api.w.org\/{rel}","templated":true}]}}

<p align="justify"><span style="color: #333333; font-family: arial, helvetica, sans-serif; font-size: 12pt;">L’Institut Escola Sicília ha iniciat el seu viatge de transformació el setembre de 2021, com a centre incorporat a la xarxa de centres de titularitat pública a l’empara del Decret Llei 10/2019, de 28 de maig.</span></p>
<p align="justify"><span style="color: #333333; font-family: arial, helvetica, sans-serif;"><span style="font-size: medium;">És un projecte que neix de la voluntat de sumar esforços, d’articular un projecte engrescador. Del present al futur mirant al passat, recollint tot allò caminat fins ara.</span></span></p>
<p align="justify"><span style="color: #333333; font-family: arial, helvetica, sans-serif;"><span style="font-size: medium;">Un Institut Escola que ofereix un projecte educatiu de 3 a 16 anys. Això marca moltes de les nostres línies fonamentals: coordinació curricular i metodològica, espais d’aprenentatge compartits, transició primària-secundària amable, participació activa de les famílies i sentit de pertinença a una comunitat educativa cohesionada i acollidora mitjançant l’aprenentatge globalitzat i la inclusió. Innovador pel que fa a l’aplicació de les noves tecnologies a l’aula per tal oferir nous entorns d’aprenentatge que afavoreixin l’èxit acadèmic tot esdevenint referència de transformació educativa.</span></span></p>
<p align="justify"><span style="font-family: arial, helvetica, sans-serif; color: #333333;"><strong>CREEM</strong> <strong>UNA NOVA ESCOLA</strong>   I  <strong>CREIXEM AMB VOSALTRES</strong></span></p>

<p>L’Institut Escola Sicília ha iniciat el seu viatge de transformació el setembre de 2021, com a centre incorporat a la xarxa de centres de titularitat pública a l’empara del Decret Llei 10/2019, de 28 de maig. És un projecte que neix de la voluntat de sumar esforços, d’articular un projecte engrescador. Del present al futur [&hellip;]</p>
