{"id":1896,"date":"2024-09-17T13:28:06","date_gmt":"2024-09-17T11:28:06","guid":{"rendered":"https:\/\/agora.xtec.cat\/iesicilia\/?page_id=1896"},"modified":"2025-09-30T13:40:11","modified_gmt":"2025-09-30T11:40:11","slug":"comissions","status":"publish","type":"page","link":"https:\/\/agora.xtec.cat\/iesicilia\/linstitut-escola\/comissions\/","title":{"rendered":"Comissions"},"content":{"rendered":"<p style=\"text-align: center;\">Les nostres comissions de treball internivells s\u00f3n:<\/p>\n<table style=\"border-collapse: collapse; width: 100%; height: 64px;\">\n<tbody>\n<tr style=\"height: 32px;\">\n<td style=\"width: 33.3333%; height: 32px;\"><a href=\"https:\/\/agora.xtec.cat\/iesicilia\/linstitut-escola\/comissions\/comissions-comissio-de-comunicacio\/\"><strong>COMUNICACI\u00d3<\/strong><\/a><img loading=\"lazy\" decoding=\"async\" class=\"wp-image-1910 size-thumbnail alignnone\" src=\"https:\/\/agora.xtec.cat\/iesicilia\/wp-content\/uploads\/usu2573\/2024\/10\/comunicacio-150x150.jpg\" alt=\"Imatge de la comissi\u00f3 de comunicaci\u00f3\" width=\"150\" height=\"150\" srcset=\"https:\/\/agora.xtec.cat\/iesicilia\/wp-content\/uploads\/usu2573\/2024\/10\/comunicacio-150x150.jpg 150w, https:\/\/agora.xtec.cat\/iesicilia\/wp-content\/uploads\/usu2573\/2024\/10\/comunicacio-300x300.jpg 300w, https:\/\/agora.xtec.cat\/iesicilia\/wp-content\/uploads\/usu2573\/2024\/10\/comunicacio-1024x1024.jpg 1024w, https:\/\/agora.xtec.cat\/iesicilia\/wp-content\/uploads\/usu2573\/2024\/10\/comunicacio-768x768.jpg 768w, https:\/\/agora.xtec.cat\/iesicilia\/wp-content\/uploads\/usu2573\/2024\/10\/comunicacio.jpg 1080w\" sizes=\"auto, (max-width: 150px) 100vw, 150px\" \/><\/td>\n<td style=\"width: 33.3333%; height: 32px;\"><a href=\"https:\/\/agora.xtec.cat\/iesicilia\/linstitut-escola\/comissions\/comissio-de-convivencia\/\"><strong>CONVIV\u00c8NCIA<\/strong><\/a><img loading=\"lazy\" decoding=\"async\" class=\"wp-image-1906 size-thumbnail alignnone\" src=\"https:\/\/agora.xtec.cat\/iesicilia\/wp-content\/uploads\/usu2573\/2024\/10\/convivencia-150x150.jpg\" alt=\"Imatge de la comissi\u00f3 de conviv\u00e8ncia\" width=\"150\" height=\"150\" srcset=\"https:\/\/agora.xtec.cat\/iesicilia\/wp-content\/uploads\/usu2573\/2024\/10\/convivencia-150x150.jpg 150w, https:\/\/agora.xtec.cat\/iesicilia\/wp-content\/uploads\/usu2573\/2024\/10\/convivencia-300x300.jpg 300w, https:\/\/agora.xtec.cat\/iesicilia\/wp-content\/uploads\/usu2573\/2024\/10\/convivencia-1024x1024.jpg 1024w, https:\/\/agora.xtec.cat\/iesicilia\/wp-content\/uploads\/usu2573\/2024\/10\/convivencia-768x768.jpg 768w, https:\/\/agora.xtec.cat\/iesicilia\/wp-content\/uploads\/usu2573\/2024\/10\/convivencia.jpg 1080w\" sizes=\"auto, (max-width: 150px) 100vw, 150px\" \/><\/td>\n<td style=\"width: 33.3333%; height: 32px; padding-left: 40px;\"><a href=\"https:\/\/agora.xtec.cat\/iesicilia\/linstitut-escola\/comissions\/comissio-dinclusiva\/\"><strong>INCLUSIVA<\/strong><\/a><img loading=\"lazy\" decoding=\"async\" class=\"wp-image-1909 size-thumbnail alignnone\" src=\"https:\/\/agora.xtec.cat\/iesicilia\/wp-content\/uploads\/usu2573\/2024\/10\/inclusiva-150x150.jpg\" alt=\"Imatge de la comissi\u00f3 d'inclusivitat\" width=\"150\" height=\"150\" srcset=\"https:\/\/agora.xtec.cat\/iesicilia\/wp-content\/uploads\/usu2573\/2024\/10\/inclusiva-150x150.jpg 150w, https:\/\/agora.xtec.cat\/iesicilia\/wp-content\/uploads\/usu2573\/2024\/10\/inclusiva-300x300.jpg 300w, https:\/\/agora.xtec.cat\/iesicilia\/wp-content\/uploads\/usu2573\/2024\/10\/inclusiva-1024x1024.jpg 1024w, https:\/\/agora.xtec.cat\/iesicilia\/wp-content\/uploads\/usu2573\/2024\/10\/inclusiva-768x768.jpg 768w, https:\/\/agora.xtec.cat\/iesicilia\/wp-content\/uploads\/usu2573\/2024\/10\/inclusiva.jpg 1080w\" sizes=\"auto, (max-width: 150px) 100vw, 150px\" \/><\/td>\n<\/tr>\n<tr style=\"height: 32px;\">\n<td style=\"width: 33.3333%; height: 32px;\">\n<p style=\"padding-left: 40px;\"><a href=\"https:\/\/agora.xtec.cat\/iesicilia\/linstitut-escola\/comissions\/comissio-faig\/\"><strong>FAIG<\/strong><\/a><img loading=\"lazy\" decoding=\"async\" class=\"wp-image-1907 size-thumbnail alignnone\" src=\"https:\/\/agora.xtec.cat\/iesicilia\/wp-content\/uploads\/usu2573\/2024\/10\/faig-150x150.jpg\" alt=\"Imatge de la comissi\u00f3 de faig\" width=\"150\" height=\"150\" srcset=\"https:\/\/agora.xtec.cat\/iesicilia\/wp-content\/uploads\/usu2573\/2024\/10\/faig-150x150.jpg 150w, https:\/\/agora.xtec.cat\/iesicilia\/wp-content\/uploads\/usu2573\/2024\/10\/faig-300x300.jpg 300w, https:\/\/agora.xtec.cat\/iesicilia\/wp-content\/uploads\/usu2573\/2024\/10\/faig-1024x1024.jpg 1024w, https:\/\/agora.xtec.cat\/iesicilia\/wp-content\/uploads\/usu2573\/2024\/10\/faig-768x768.jpg 768w, https:\/\/agora.xtec.cat\/iesicilia\/wp-content\/uploads\/usu2573\/2024\/10\/faig.jpg 1080w\" sizes=\"auto, (max-width: 150px) 100vw, 150px\" \/><\/p>\n<\/td>\n<td style=\"width: 33.3333%; height: 32px; padding-left: 40px;\"><a href=\"https:\/\/agora.xtec.cat\/iesicilia\/linstitut-escola\/comissions\/comissio-de-festes\/\"><strong>FESTES<\/strong><\/a><img loading=\"lazy\" decoding=\"async\" class=\"wp-image-1908 size-thumbnail alignnone\" src=\"https:\/\/agora.xtec.cat\/iesicilia\/wp-content\/uploads\/usu2573\/2024\/10\/festes-150x150.jpg\" alt=\"Imatge de la comissi\u00f3 de festes\" width=\"150\" height=\"150\" srcset=\"https:\/\/agora.xtec.cat\/iesicilia\/wp-content\/uploads\/usu2573\/2024\/10\/festes-150x150.jpg 150w, https:\/\/agora.xtec.cat\/iesicilia\/wp-content\/uploads\/usu2573\/2024\/10\/festes-300x300.jpg 300w, https:\/\/agora.xtec.cat\/iesicilia\/wp-content\/uploads\/usu2573\/2024\/10\/festes-1024x1024.jpg 1024w, https:\/\/agora.xtec.cat\/iesicilia\/wp-content\/uploads\/usu2573\/2024\/10\/festes-768x768.jpg 768w, https:\/\/agora.xtec.cat\/iesicilia\/wp-content\/uploads\/usu2573\/2024\/10\/festes.jpg 1080w\" sizes=\"auto, (max-width: 150px) 100vw, 150px\" \/><\/td>\n<td style=\"width: 33.3333%; height: 32px;\"><a href=\"https:\/\/agora.xtec.cat\/iesicilia\/linstitut-escola\/comissions\/comissions-comissio-de-sostenibilittat\/\"><strong>BIBLIOTECA <\/strong><\/a><img loading=\"lazy\" decoding=\"async\" class=\"wp-image-2170 alignnone\" src=\"https:\/\/agora.xtec.cat\/iesicilia\/wp-content\/uploads\/usu2573\/2025\/09\/web-sicilia-1024x1024.jpg\" alt=\"\" width=\"152\" height=\"152\" srcset=\"https:\/\/agora.xtec.cat\/iesicilia\/wp-content\/uploads\/usu2573\/2025\/09\/web-sicilia-1024x1024.jpg 1024w, https:\/\/agora.xtec.cat\/iesicilia\/wp-content\/uploads\/usu2573\/2025\/09\/web-sicilia-300x300.jpg 300w, https:\/\/agora.xtec.cat\/iesicilia\/wp-content\/uploads\/usu2573\/2025\/09\/web-sicilia-150x150.jpg 150w, https:\/\/agora.xtec.cat\/iesicilia\/wp-content\/uploads\/usu2573\/2025\/09\/web-sicilia-768x768.jpg 768w, https:\/\/agora.xtec.cat\/iesicilia\/wp-content\/uploads\/usu2573\/2025\/09\/web-sicilia.jpg 1080w\" sizes=\"auto, (max-width: 152px) 100vw, 152px\" \/><\/td>\n<\/tr>\n<\/tbody>\n<\/table>\n<p>&nbsp;<\/p>\n","protected":false},"excerpt":{"rendered":"<p>Les nostres comissions de treball internivells s\u00f3n: COMUNICACI\u00d3 CONVIV\u00c8NCIA INCLUSIVA FAIG FESTES BIBLIOTECA &nbsp;<\/p>\n","protected":false},"author":1,"featured_media":0,"parent":19,"menu_order":4,"comment_status":"closed","ping_status":"closed","template":"page-templates\/side-menu.php","meta":{"_bbp_topic_count":0,"_bbp_reply_count":0,"_bbp_total_topic_count":0,"_bbp_total_reply_count":0,"_bbp_voice_count":0,"_bbp_anonymous_reply_count":0,"_bbp_topic_count_hidden":0,"_bbp_reply_count_hidden":0,"_bbp_forum_subforum_count":0,"site-sidebar-layout":"default","site-content-layout":"","ast-site-content-layout":"","site-content-style":"default","site-sidebar-style":"default","ast-global-header-display":"","ast-banner-title-visibility":"","ast-main-header-display":"","ast-hfb-above-header-display":"","ast-hfb-below-header-display":"","ast-hfb-mobile-header-display":"","site-post-title":"","ast-breadcrumbs-content":"","ast-featured-img":"","footer-sml-layout":"","theme-transparent-header-meta":"","adv-header-id-meta":"","stick-header-meta":"","header-above-stick-meta":"","header-main-stick-meta":"","header-below-stick-meta":"","astra-migrate-meta-layouts":"default","ast-page-background-enabled":"default","ast-page-background-meta":{"desktop":{"background-color":"var(--ast-global-color-4)","background-image":"","background-repeat":"repeat","background-position":"center center","background-size":"auto","background-attachment":"scroll","background-type":"","background-media":"","overlay-type":"","overlay-color":"","overlay-opacity":"","overlay-gradient":""},"tablet":{"background-color":"","background-image":"","background-repeat":"repeat","background-position":"center center","background-size":"auto","background-attachment":"scroll","background-type":"","background-media":"","overlay-type":"","overlay-color":"","overlay-opacity":"","overlay-gradient":""},"mobile":{"background-color":"","background-image":"","background-repeat":"repeat","background-position":"center center","background-size":"auto","background-attachment":"scroll","background-type":"","background-media":"","overlay-type":"","overlay-color":"","overlay-opacity":"","overlay-gradient":""}},"ast-content-background-meta":{"desktop":{"background-color":"var(--ast-global-color-5)","background-image":"","background-repeat":"repeat","background-position":"center center","background-size":"auto","background-attachment":"scroll","background-type":"","background-media":"","overlay-type":"","overlay-color":"","overlay-opacity":"","overlay-gradient":""},"tablet":{"background-color":"var(--ast-global-color-5)","background-image":"","background-repeat":"repeat","background-position":"center center","background-size":"auto","background-attachment":"scroll","background-type":"","background-media":"","overlay-type":"","overlay-color":"","overlay-opacity":"","overlay-gradient":""},"mobile":{"background-color":"var(--ast-global-color-5)","background-image":"","background-repeat":"repeat","background-position":"center center","background-size":"auto","background-attachment":"scroll","background-type":"","background-media":"","overlay-type":"","overlay-color":"","overlay-opacity":"","overlay-gradient":""}},"footnotes":""},"class_list":["post-1896","page","type-page","status-publish","hentry"],"post_mailing_queue_ids":[],"_links":{"self":[{"href":"https:\/\/agora.xtec.cat\/iesicilia\/wp-json\/wp\/v2\/pages\/1896","targetHints":{"allow":["GET"]}}],"collection":[{"href":"https:\/\/agora.xtec.cat\/iesicilia\/wp-json\/wp\/v2\/pages"}],"about":[{"href":"https:\/\/agora.xtec.cat\/iesicilia\/wp-json\/wp\/v2\/types\/page"}],"author":[{"embeddable":true,"href":"https:\/\/agora.xtec.cat\/iesicilia\/wp-json\/wp\/v2\/users\/1"}],"replies":[{"embeddable":true,"href":"https:\/\/agora.xtec.cat\/iesicilia\/wp-json\/wp\/v2\/comments?post=1896"}],"version-history":[{"count":6,"href":"https:\/\/agora.xtec.cat\/iesicilia\/wp-json\/wp\/v2\/pages\/1896\/revisions"}],"predecessor-version":[{"id":2173,"href":"https:\/\/agora.xtec.cat\/iesicilia\/wp-json\/wp\/v2\/pages\/1896\/revisions\/2173"}],"up":[{"embeddable":true,"href":"https:\/\/agora.xtec.cat\/iesicilia\/wp-json\/wp\/v2\/pages\/19"}],"wp:attachment":[{"href":"https:\/\/agora.xtec.cat\/iesicilia\/wp-json\/wp\/v2\/media?parent=1896"}],"curies":[{"name":"wp","href":"https:\/\/api.w.org\/{rel}","templated":true}]}}

<p style="text-align: center;">Les nostres comissions de treball internivells són:</p>
<table style="border-collapse: collapse; width: 100%; height: 64px;">
<tbody>
<tr style="height: 32px;">
<td style="width: 33.3333%; height: 32px;"><a href="https://agora.xtec.cat/iesicilia/linstitut-escola/comissions/comissions-comissio-de-comunicacio/"><strong>COMUNICACIÓ</strong></a><img loading="lazy" decoding="async" class="wp-image-1910 size-thumbnail alignnone" src="https://agora.xtec.cat/iesicilia/wp-content/uploads/usu2573/2024/10/comunicacio-150x150.jpg" alt="Imatge de la comissió de comunicació" width="150" height="150" srcset="https://agora.xtec.cat/iesicilia/wp-content/uploads/usu2573/2024/10/comunicacio-150x150.jpg 150w, https://agora.xtec.cat/iesicilia/wp-content/uploads/usu2573/2024/10/comunicacio-300x300.jpg 300w, https://agora.xtec.cat/iesicilia/wp-content/uploads/usu2573/2024/10/comunicacio-1024x1024.jpg 1024w, https://agora.xtec.cat/iesicilia/wp-content/uploads/usu2573/2024/10/comunicacio-768x768.jpg 768w, https://agora.xtec.cat/iesicilia/wp-content/uploads/usu2573/2024/10/comunicacio.jpg 1080w" sizes="auto, (max-width: 150px) 100vw, 150px" /></td>
<td style="width: 33.3333%; height: 32px;"><a href="https://agora.xtec.cat/iesicilia/linstitut-escola/comissions/comissio-de-convivencia/"><strong>CONVIVÈNCIA</strong></a><img loading="lazy" decoding="async" class="wp-image-1906 size-thumbnail alignnone" src="https://agora.xtec.cat/iesicilia/wp-content/uploads/usu2573/2024/10/convivencia-150x150.jpg" alt="Imatge de la comissió de convivència" width="150" height="150" srcset="https://agora.xtec.cat/iesicilia/wp-content/uploads/usu2573/2024/10/convivencia-150x150.jpg 150w, https://agora.xtec.cat/iesicilia/wp-content/uploads/usu2573/2024/10/convivencia-300x300.jpg 300w, https://agora.xtec.cat/iesicilia/wp-content/uploads/usu2573/2024/10/convivencia-1024x1024.jpg 1024w, https://agora.xtec.cat/iesicilia/wp-content/uploads/usu2573/2024/10/convivencia-768x768.jpg 768w, https://agora.xtec.cat/iesicilia/wp-content/uploads/usu2573/2024/10/convivencia.jpg 1080w" sizes="auto, (max-width: 150px) 100vw, 150px" /></td>
<td style="width: 33.3333%; height: 32px; padding-left: 40px;"><a href="https://agora.xtec.cat/iesicilia/linstitut-escola/comissions/comissio-dinclusiva/"><strong>INCLUSIVA</strong></a><img loading="lazy" decoding="async" class="wp-image-1909 size-thumbnail alignnone" src="https://agora.xtec.cat/iesicilia/wp-content/uploads/usu2573/2024/10/inclusiva-150x150.jpg" alt="Imatge de la comissió d'inclusivitat" width="150" height="150" srcset="https://agora.xtec.cat/iesicilia/wp-content/uploads/usu2573/2024/10/inclusiva-150x150.jpg 150w, https://agora.xtec.cat/iesicilia/wp-content/uploads/usu2573/2024/10/inclusiva-300x300.jpg 300w, https://agora.xtec.cat/iesicilia/wp-content/uploads/usu2573/2024/10/inclusiva-1024x1024.jpg 1024w, https://agora.xtec.cat/iesicilia/wp-content/uploads/usu2573/2024/10/inclusiva-768x768.jpg 768w, https://agora.xtec.cat/iesicilia/wp-content/uploads/usu2573/2024/10/inclusiva.jpg 1080w" sizes="auto, (max-width: 150px) 100vw, 150px" /></td>
</tr>
<tr style="height: 32px;">
<td style="width: 33.3333%; height: 32px;">
<p style="padding-left: 40px;"><a href="https://agora.xtec.cat/iesicilia/linstitut-escola/comissions/comissio-faig/"><strong>FAIG</strong></a><img loading="lazy" decoding="async" class="wp-image-1907 size-thumbnail alignnone" src="https://agora.xtec.cat/iesicilia/wp-content/uploads/usu2573/2024/10/faig-150x150.jpg" alt="Imatge de la comissió de faig" width="150" height="150" srcset="https://agora.xtec.cat/iesicilia/wp-content/uploads/usu2573/2024/10/faig-150x150.jpg 150w, https://agora.xtec.cat/iesicilia/wp-content/uploads/usu2573/2024/10/faig-300x300.jpg 300w, https://agora.xtec.cat/iesicilia/wp-content/uploads/usu2573/2024/10/faig-1024x1024.jpg 1024w, https://agora.xtec.cat/iesicilia/wp-content/uploads/usu2573/2024/10/faig-768x768.jpg 768w, https://agora.xtec.cat/iesicilia/wp-content/uploads/usu2573/2024/10/faig.jpg 1080w" sizes="auto, (max-width: 150px) 100vw, 150px" /></p>
</td>
<td style="width: 33.3333%; height: 32px; padding-left: 40px;"><a href="https://agora.xtec.cat/iesicilia/linstitut-escola/comissions/comissio-de-festes/"><strong>FESTES</strong></a><img loading="lazy" decoding="async" class="wp-image-1908 size-thumbnail alignnone" src="https://agora.xtec.cat/iesicilia/wp-content/uploads/usu2573/2024/10/festes-150x150.jpg" alt="Imatge de la comissió de festes" width="150" height="150" srcset="https://agora.xtec.cat/iesicilia/wp-content/uploads/usu2573/2024/10/festes-150x150.jpg 150w, https://agora.xtec.cat/iesicilia/wp-content/uploads/usu2573/2024/10/festes-300x300.jpg 300w, https://agora.xtec.cat/iesicilia/wp-content/uploads/usu2573/2024/10/festes-1024x1024.jpg 1024w, https://agora.xtec.cat/iesicilia/wp-content/uploads/usu2573/2024/10/festes-768x768.jpg 768w, https://agora.xtec.cat/iesicilia/wp-content/uploads/usu2573/2024/10/festes.jpg 1080w" sizes="auto, (max-width: 150px) 100vw, 150px" /></td>
<td style="width: 33.3333%; height: 32px;"><a href="https://agora.xtec.cat/iesicilia/linstitut-escola/comissions/comissions-comissio-de-sostenibilittat/"><strong>BIBLIOTECA </strong></a><img loading="lazy" decoding="async" class="wp-image-2170 alignnone" src="https://agora.xtec.cat/iesicilia/wp-content/uploads/usu2573/2025/09/web-sicilia-1024x1024.jpg" alt="" width="152" height="152" srcset="https://agora.xtec.cat/iesicilia/wp-content/uploads/usu2573/2025/09/web-sicilia-1024x1024.jpg 1024w, https://agora.xtec.cat/iesicilia/wp-content/uploads/usu2573/2025/09/web-sicilia-300x300.jpg 300w, https://agora.xtec.cat/iesicilia/wp-content/uploads/usu2573/2025/09/web-sicilia-150x150.jpg 150w, https://agora.xtec.cat/iesicilia/wp-content/uploads/usu2573/2025/09/web-sicilia-768x768.jpg 768w, https://agora.xtec.cat/iesicilia/wp-content/uploads/usu2573/2025/09/web-sicilia.jpg 1080w" sizes="auto, (max-width: 152px) 100vw, 152px" /></td>
</tr>
</tbody>
</table>
<p>&nbsp;</p>

<p>Les nostres comissions de treball internivells són: COMUNICACIÓ CONVIVÈNCIA INCLUSIVA FAIG FESTES BIBLIOTECA &nbsp;</p>
