{"id":1785,"date":"2024-02-14T09:52:47","date_gmt":"2024-02-14T08:52:47","guid":{"rendered":"https:\/\/agora.xtec.cat\/iesicilia\/?page_id=1785"},"modified":"2024-03-05T12:01:28","modified_gmt":"2024-03-05T11:01:28","slug":"consell-de-delegats","status":"publish","type":"page","link":"https:\/\/agora.xtec.cat\/iesicilia\/projecte-educatiu\/consell-de-delegats\/","title":{"rendered":"Consell de Delegats"},"content":{"rendered":"<p style=\"text-align: justify;\"><strong><span style=\"color: #333333; font-family: arial, helvetica, sans-serif;\">El Consell de delegats i delegades: la veu dels infants i joves<\/span><\/strong><\/p>\n<p style=\"text-align: justify;\"><span style=\"color: #333333; font-family: arial, helvetica, sans-serif;\">El curs 2022-22023 vam posar en marxa el Consell dels delegats i delegades.<\/span><\/p>\n<p><span style=\"color: #333333; font-family: arial, helvetica, sans-serif;\">Aquest projecte t\u00e9 com a objectiu la participaci\u00f3 dels infants i joves en la presa de decisions a l\u2019escola i sorgeix de la necessitat d\u2019implicar l\u2019alumnat en el proc\u00e9s de millora de l\u2019escola, partint de la seva mirada i de les seves viv\u00e8ncies.<\/span><\/p>\n<p style=\"text-align: justify;\">\n<p style=\"text-align: justify;\"><span style=\"color: #333333; font-family: arial, helvetica, sans-serif;\">El Consell dels delegats i delegades de l\u2019IE Sic\u00edlia est\u00e0 format per alumnes de 3r a 6\u00e8 de prim\u00e0ria (dos en representaci\u00f3 de cada aula), alumnes de 1r a 4t d\u2019ESO (un de cada aula) i per les caps d\u2019estudis del centre. Els infants tracten regularment els temes que els interessen amb els seus companys d\u2019aula i despr\u00e9s els posen en com\u00fa amb la resta de consellers i amb l\u2019equip directiu.<\/span><\/p>\n<p style=\"text-align: justify;\">\n<p style=\"text-align: justify;\"><span style=\"color: #333333; font-family: arial, helvetica, sans-serif;\">Es tracta d\u2019una proposta educativa de treball dels valors mitjan\u00e7ant la participaci\u00f3 activa, que situa els infants i joves com a persones amb dret de decisi\u00f3 per\u00f2 tamb\u00e9 de compromisos (obligacions i deures).<\/span><\/p>\n<p style=\"text-align: justify;\"><span style=\"color: #333333; font-family: arial, helvetica, sans-serif;\">\u00c9s a l\u2019assemblea de classe i la posterior posada en com\u00fa al Consell, on es pot potenciar la participaci\u00f3 activa, el di\u00e0leg, el debat, la negociaci\u00f3 i la presa de decisions de forma democr\u00e0tica, a m\u00e9s del treball de la compet\u00e8ncia oral i la interacci\u00f3 entre els diferents consellers\/es de tota l\u2019escola.<\/span><\/p>\n<p style=\"text-align: justify;\">\n<p style=\"text-align: justify;\"><span style=\"color: #333333; font-family: arial, helvetica, sans-serif;\">A m\u00e9s, ser part activa del centre demana una implicaci\u00f3 emocional que fa que els infants i joves prenguin consci\u00e8ncia del valor de la participaci\u00f3 en una societat democr\u00e0tica i se sentin compromesos amb aquest projecte col\u00b7lectiu que \u00e9s l\u2019escola, la seva escola.<\/span><\/p>\n<p style=\"text-align: justify;\"><strong><span style=\"color: #333333; font-family: arial, helvetica, sans-serif;\"><img loading=\"lazy\" decoding=\"async\" class=\"aligncenter size-large wp-image-1806\" src=\"https:\/\/agora.xtec.cat\/iesicilia\/wp-content\/uploads\/usu2573\/2024\/03\/0-1024x575.jpg\" alt=\"\" width=\"1024\" height=\"575\" srcset=\"https:\/\/agora.xtec.cat\/iesicilia\/wp-content\/uploads\/usu2573\/2024\/03\/0-1024x575.jpg 1024w, https:\/\/agora.xtec.cat\/iesicilia\/wp-content\/uploads\/usu2573\/2024\/03\/0-300x169.jpg 300w, https:\/\/agora.xtec.cat\/iesicilia\/wp-content\/uploads\/usu2573\/2024\/03\/0-768x431.jpg 768w, https:\/\/agora.xtec.cat\/iesicilia\/wp-content\/uploads\/usu2573\/2024\/03\/0-1536x863.jpg 1536w, https:\/\/agora.xtec.cat\/iesicilia\/wp-content\/uploads\/usu2573\/2024\/03\/0.jpg 1800w\" sizes=\"auto, (max-width: 1024px) 100vw, 1024px\" \/><\/span><\/strong><\/p>\n<p><strong><span style=\"color: #333333; font-family: arial, helvetica, sans-serif;\">\u00a0<\/span><\/strong><\/p>\n<p style=\"font-family: 'Helvetica Neue', Helvetica, Helvetica, Arial, sans-serif; font-size: 16px;\">\n","protected":false},"excerpt":{"rendered":"<p>El Consell de delegats i delegades: la veu dels infants i joves El curs 2022-22023 vam posar en marxa el Consell dels delegats i delegades. Aquest projecte t\u00e9 com a objectiu la participaci\u00f3 dels infants i joves en la presa de decisions a l\u2019escola i sorgeix de la necessitat d\u2019implicar l\u2019alumnat en el proc\u00e9s de [&hellip;]<\/p>\n","protected":false},"author":1,"featured_media":0,"parent":57,"menu_order":6,"comment_status":"closed","ping_status":"closed","template":"page-templates\/side-menu.php","meta":{"_bbp_topic_count":0,"_bbp_reply_count":0,"_bbp_total_topic_count":0,"_bbp_total_reply_count":0,"_bbp_voice_count":0,"_bbp_anonymous_reply_count":0,"_bbp_topic_count_hidden":0,"_bbp_reply_count_hidden":0,"_bbp_forum_subforum_count":0,"site-sidebar-layout":"default","site-content-layout":"","ast-site-content-layout":"","site-content-style":"default","site-sidebar-style":"default","ast-global-header-display":"","ast-banner-title-visibility":"","ast-main-header-display":"","ast-hfb-above-header-display":"","ast-hfb-below-header-display":"","ast-hfb-mobile-header-display":"","site-post-title":"","ast-breadcrumbs-content":"","ast-featured-img":"","footer-sml-layout":"","theme-transparent-header-meta":"","adv-header-id-meta":"","stick-header-meta":"","header-above-stick-meta":"","header-main-stick-meta":"","header-below-stick-meta":"","astra-migrate-meta-layouts":"default","ast-page-background-enabled":"default","ast-page-background-meta":{"desktop":{"background-color":"var(--ast-global-color-4)","background-image":"","background-repeat":"repeat","background-position":"center center","background-size":"auto","background-attachment":"scroll","background-type":"","background-media":"","overlay-type":"","overlay-color":"","overlay-opacity":"","overlay-gradient":""},"tablet":{"background-color":"","background-image":"","background-repeat":"repeat","background-position":"center center","background-size":"auto","background-attachment":"scroll","background-type":"","background-media":"","overlay-type":"","overlay-color":"","overlay-opacity":"","overlay-gradient":""},"mobile":{"background-color":"","background-image":"","background-repeat":"repeat","background-position":"center center","background-size":"auto","background-attachment":"scroll","background-type":"","background-media":"","overlay-type":"","overlay-color":"","overlay-opacity":"","overlay-gradient":""}},"ast-content-background-meta":{"desktop":{"background-color":"var(--ast-global-color-5)","background-image":"","background-repeat":"repeat","background-position":"center center","background-size":"auto","background-attachment":"scroll","background-type":"","background-media":"","overlay-type":"","overlay-color":"","overlay-opacity":"","overlay-gradient":""},"tablet":{"background-color":"var(--ast-global-color-5)","background-image":"","background-repeat":"repeat","background-position":"center center","background-size":"auto","background-attachment":"scroll","background-type":"","background-media":"","overlay-type":"","overlay-color":"","overlay-opacity":"","overlay-gradient":""},"mobile":{"background-color":"var(--ast-global-color-5)","background-image":"","background-repeat":"repeat","background-position":"center center","background-size":"auto","background-attachment":"scroll","background-type":"","background-media":"","overlay-type":"","overlay-color":"","overlay-opacity":"","overlay-gradient":""}},"footnotes":""},"class_list":["post-1785","page","type-page","status-publish","hentry"],"post_mailing_queue_ids":[],"_links":{"self":[{"href":"https:\/\/agora.xtec.cat\/iesicilia\/wp-json\/wp\/v2\/pages\/1785","targetHints":{"allow":["GET"]}}],"collection":[{"href":"https:\/\/agora.xtec.cat\/iesicilia\/wp-json\/wp\/v2\/pages"}],"about":[{"href":"https:\/\/agora.xtec.cat\/iesicilia\/wp-json\/wp\/v2\/types\/page"}],"author":[{"embeddable":true,"href":"https:\/\/agora.xtec.cat\/iesicilia\/wp-json\/wp\/v2\/users\/1"}],"replies":[{"embeddable":true,"href":"https:\/\/agora.xtec.cat\/iesicilia\/wp-json\/wp\/v2\/comments?post=1785"}],"version-history":[{"count":4,"href":"https:\/\/agora.xtec.cat\/iesicilia\/wp-json\/wp\/v2\/pages\/1785\/revisions"}],"predecessor-version":[{"id":1808,"href":"https:\/\/agora.xtec.cat\/iesicilia\/wp-json\/wp\/v2\/pages\/1785\/revisions\/1808"}],"up":[{"embeddable":true,"href":"https:\/\/agora.xtec.cat\/iesicilia\/wp-json\/wp\/v2\/pages\/57"}],"wp:attachment":[{"href":"https:\/\/agora.xtec.cat\/iesicilia\/wp-json\/wp\/v2\/media?parent=1785"}],"curies":[{"name":"wp","href":"https:\/\/api.w.org\/{rel}","templated":true}]}}

<p style="text-align: justify;"><strong><span style="color: #333333; font-family: arial, helvetica, sans-serif;">El Consell de delegats i delegades: la veu dels infants i joves</span></strong></p>
<p style="text-align: justify;"><span style="color: #333333; font-family: arial, helvetica, sans-serif;">El curs 2022-22023 vam posar en marxa el Consell dels delegats i delegades.</span></p>
<p><span style="color: #333333; font-family: arial, helvetica, sans-serif;">Aquest projecte té com a objectiu la participació dels infants i joves en la presa de decisions a l’escola i sorgeix de la necessitat d’implicar l’alumnat en el procés de millora de l’escola, partint de la seva mirada i de les seves vivències.</span></p>
<p style="text-align: justify;">
<p style="text-align: justify;"><span style="color: #333333; font-family: arial, helvetica, sans-serif;">El Consell dels delegats i delegades de l’IE Sicília està format per alumnes de 3r a 6è de primària (dos en representació de cada aula), alumnes de 1r a 4t d’ESO (un de cada aula) i per les caps d’estudis del centre. Els infants tracten regularment els temes que els interessen amb els seus companys d’aula i després els posen en comú amb la resta de consellers i amb l’equip directiu.</span></p>
<p style="text-align: justify;">
<p style="text-align: justify;"><span style="color: #333333; font-family: arial, helvetica, sans-serif;">Es tracta d’una proposta educativa de treball dels valors mitjançant la participació activa, que situa els infants i joves com a persones amb dret de decisió però també de compromisos (obligacions i deures).</span></p>
<p style="text-align: justify;"><span style="color: #333333; font-family: arial, helvetica, sans-serif;">És a l’assemblea de classe i la posterior posada en comú al Consell, on es pot potenciar la participació activa, el diàleg, el debat, la negociació i la presa de decisions de forma democràtica, a més del treball de la competència oral i la interacció entre els diferents consellers/es de tota l’escola.</span></p>
<p style="text-align: justify;">
<p style="text-align: justify;"><span style="color: #333333; font-family: arial, helvetica, sans-serif;">A més, ser part activa del centre demana una implicació emocional que fa que els infants i joves prenguin consciència del valor de la participació en una societat democràtica i se sentin compromesos amb aquest projecte col·lectiu que és l’escola, la seva escola.</span></p>
<p style="text-align: justify;"><strong><span style="color: #333333; font-family: arial, helvetica, sans-serif;"><img loading="lazy" decoding="async" class="aligncenter size-large wp-image-1806" src="https://agora.xtec.cat/iesicilia/wp-content/uploads/usu2573/2024/03/0-1024x575.jpg" alt="" width="1024" height="575" srcset="https://agora.xtec.cat/iesicilia/wp-content/uploads/usu2573/2024/03/0-1024x575.jpg 1024w, https://agora.xtec.cat/iesicilia/wp-content/uploads/usu2573/2024/03/0-300x169.jpg 300w, https://agora.xtec.cat/iesicilia/wp-content/uploads/usu2573/2024/03/0-768x431.jpg 768w, https://agora.xtec.cat/iesicilia/wp-content/uploads/usu2573/2024/03/0-1536x863.jpg 1536w, https://agora.xtec.cat/iesicilia/wp-content/uploads/usu2573/2024/03/0.jpg 1800w" sizes="auto, (max-width: 1024px) 100vw, 1024px" /></span></strong></p>
<p><strong><span style="color: #333333; font-family: arial, helvetica, sans-serif;"> </span></strong></p>
<p style="font-family: 'Helvetica Neue', Helvetica, Helvetica, Arial, sans-serif; font-size: 16px;">

<p>El Consell de delegats i delegades: la veu dels infants i joves El curs 2022-22023 vam posar en marxa el Consell dels delegats i delegades. Aquest projecte té com a objectiu la participació dels infants i joves en la presa de decisions a l’escola i sorgeix de la necessitat d’implicar l’alumnat en el procés de [&hellip;]</p>
