{"id":1754,"date":"2024-02-05T20:40:43","date_gmt":"2024-02-05T19:40:43","guid":{"rendered":"https:\/\/agora.xtec.cat\/iesicilia\/?page_id=1754"},"modified":"2026-04-26T20:26:08","modified_gmt":"2026-04-26T18:26:08","slug":"biblioteca","status":"publish","type":"page","link":"https:\/\/agora.xtec.cat\/iesicilia\/projecte-educatiu\/biblioteca\/","title":{"rendered":"Biblioteca"},"content":{"rendered":"<p><img loading=\"lazy\" decoding=\"async\" class=\" wp-image-2104 alignleft\" src=\"https:\/\/agora.xtec.cat\/iesicilia\/wp-content\/uploads\/usu2573\/2025\/03\/WhatsApp-Image-2025-03-04-at-15.40.52-225x300.jpeg\" alt=\"\" width=\"238\" height=\"317\" srcset=\"https:\/\/agora.xtec.cat\/iesicilia\/wp-content\/uploads\/usu2573\/2025\/03\/WhatsApp-Image-2025-03-04-at-15.40.52-225x300.jpeg 225w, https:\/\/agora.xtec.cat\/iesicilia\/wp-content\/uploads\/usu2573\/2025\/03\/WhatsApp-Image-2025-03-04-at-15.40.52-768x1024.jpeg 768w, https:\/\/agora.xtec.cat\/iesicilia\/wp-content\/uploads\/usu2573\/2025\/03\/WhatsApp-Image-2025-03-04-at-15.40.52-1152x1536.jpeg 1152w, https:\/\/agora.xtec.cat\/iesicilia\/wp-content\/uploads\/usu2573\/2025\/03\/WhatsApp-Image-2025-03-04-at-15.40.52-1536x2048.jpeg 1536w, https:\/\/agora.xtec.cat\/iesicilia\/wp-content\/uploads\/usu2573\/2025\/03\/WhatsApp-Image-2025-03-04-at-15.40.52-scaled.jpeg 1920w\" sizes=\"auto, (max-width: 238px) 100vw, 238px\" \/><\/p>\n<p style=\"text-align: justify;\"><strong><span style=\"font-family: arial, helvetica, sans-serif; color: #333333;\">M\u00f3n lector<\/span><\/strong><\/p>\n<p style=\"text-align: justify;\"><span style=\"font-family: arial, helvetica, sans-serif; color: #333333;\">La biblioteca escolar \u00e9s molt m\u00e9s que una col\u00b7lecci\u00f3 de llibres emmagatzemats en <\/span><span style=\"font-family: arial, helvetica, sans-serif; color: #333333;\">prestatges. \u00c9s un<\/span><\/p>\n<p style=\"text-align: justify;\"><span style=\"font-family: arial, helvetica, sans-serif; color: #333333;\">\u00a0espai viu, din\u00e0mic i creatiu. En ella, l\u2019alumnat experimenta el gust <\/span><span style=\"font-family: arial, helvetica, sans-serif; color: #333333;\">per la lectura, adquireix nous coneixements, s\u2019endinsa en mons fant\u00e0stics i <\/span><span style=\"font-family: arial, helvetica, sans-serif; color: #333333;\">eixampla la capacitat comunicativa, tant escrita com oral.\u00a0 Podr\u00edem dir que la seva <\/span><span style=\"font-family: arial, helvetica, sans-serif; color: #333333;\">import\u00e0ncia radica en qu\u00e8 dona oportunitats de creixement personal i de <\/span><span style=\"font-family: arial, helvetica, sans-serif; color: #333333;\">pensament: ajuda a comprendre el m\u00f3n, permet entendre la mirada d\u2019autors <\/span><span style=\"font-family: arial, helvetica, sans-serif; color: #333333;\">diversos i convida a contrastar idees per a construir un discurs propi.<\/span><\/p>\n<p style=\"text-align: justify;\"><span style=\"font-family: arial, helvetica, sans-serif; color: #333333;\">L\u2019espai de la biblioteca \u00e9s un lloc especialment cuidat. Hem tingut molt en compte la <\/span><span style=\"font-family: arial, helvetica, sans-serif; color: #333333;\">comoditat i l\u2019ambientaci\u00f3, aix\u00ed com la classificaci\u00f3 dels llibres, de f\u00e0cil acc\u00e9s i <\/span><span style=\"font-family: arial, helvetica, sans-serif; color: #333333;\">ordenats per edats. Per\u00f2 no solament disposem d\u2019aquest espai. Tamb\u00e9 hi ha la <\/span><span style=\"font-family: arial, helvetica, sans-serif; color: #333333;\">biblioteca d&#8217;aula, on s\u00f3n els nens i nenes els que fan de bibliotecaris i es <\/span><span style=\"font-family: arial, helvetica, sans-serif; color: #333333;\">responsabilitzen dels pr\u00e9stecs.<\/span><\/p>\n<p style=\"text-align: justify;\"><span style=\"font-family: arial, helvetica, sans-serif; color: #333333;\">A l\u2019entorn de la biblioteca escolar proposem diversos projectes, sempre amb <\/span><span style=\"font-family: arial, helvetica, sans-serif; color: #333333;\">l\u2019objectiu de potenciar l\u2019h\u00e0bit de la lectura:<\/span><\/p>\n<ul style=\"list-style-type: disc; text-align: justify;\">\n<li><span style=\"font-family: arial, helvetica, sans-serif; color: #333333;\"><strong>Bibliopati.<\/strong> Alguns dies de la setmana, depenent del curs, tot aquell que vol pot <\/span><span style=\"font-family: arial, helvetica, sans-serif; color: #333333;\">anar a la biblioteca a l\u2019hora de l\u2019esbarjo. All\u00e0 es gaudeix d\u2019un espai silenci\u00f3s i <\/span><span style=\"font-family: arial, helvetica, sans-serif; color: #333333;\">c\u00f2mode per a gaudir de la lectura.<\/span><\/li>\n<li><span style=\"font-family: arial, helvetica, sans-serif; color: #333333;\"><strong>Llibres viatgers.<\/strong> Amb aquest projecte es pret\u00e9n continuar l\u2019experi\u00e8ncia de la <\/span><span style=\"font-family: arial, helvetica, sans-serif; color: #333333;\">lectura tamb\u00e9 a casa, tot potenciant el gust per la lectura en un ambient familiar.<\/span><\/li>\n<li><span style=\"font-family: arial, helvetica, sans-serif; color: #333333;\"><strong>Club de lectura.<\/strong> A partir d\u2019un llistat de propostes, cada grup llegeix obres liter\u00e0ries <\/span><span style=\"font-family: arial, helvetica, sans-serif; color: #333333;\">del seu inter\u00e8s, complementades amb representacions teatrals, lectures orals, <\/span><span style=\"font-family: arial, helvetica, sans-serif; color: #333333;\">ressenyes escrites, visites d\u2019autors, rutes i debats.<img loading=\"lazy\" decoding=\"async\" class=\"size-medium wp-image-2105 alignright\" src=\"https:\/\/agora.xtec.cat\/iesicilia\/wp-content\/uploads\/usu2573\/2025\/03\/WhatsApp-Image-2025-03-04-at-15.40.52-1-225x300.jpeg\" alt=\"\" width=\"225\" height=\"300\" srcset=\"https:\/\/agora.xtec.cat\/iesicilia\/wp-content\/uploads\/usu2573\/2025\/03\/WhatsApp-Image-2025-03-04-at-15.40.52-1-225x300.jpeg 225w, https:\/\/agora.xtec.cat\/iesicilia\/wp-content\/uploads\/usu2573\/2025\/03\/WhatsApp-Image-2025-03-04-at-15.40.52-1-768x1024.jpeg 768w, https:\/\/agora.xtec.cat\/iesicilia\/wp-content\/uploads\/usu2573\/2025\/03\/WhatsApp-Image-2025-03-04-at-15.40.52-1-1152x1536.jpeg 1152w, https:\/\/agora.xtec.cat\/iesicilia\/wp-content\/uploads\/usu2573\/2025\/03\/WhatsApp-Image-2025-03-04-at-15.40.52-1-1536x2048.jpeg 1536w, https:\/\/agora.xtec.cat\/iesicilia\/wp-content\/uploads\/usu2573\/2025\/03\/WhatsApp-Image-2025-03-04-at-15.40.52-1-scaled.jpeg 1920w\" sizes=\"auto, (max-width: 225px) 100vw, 225px\" \/><\/span><\/li>\n<li><span style=\"font-family: arial, helvetica, sans-serif; color: #333333;\"><strong>Padrins de lectura.<\/strong> Els m\u00e9s grans acompanyen els petits en aquesta aventura de <\/span><span style=\"font-family: arial, helvetica, sans-serif; color: #333333;\">llegir. Estar al costat d\u2019alg\u00fa que pugui ajudar a llegir amb flu\u00efdesa i entendre el <\/span><span style=\"font-family: arial, helvetica, sans-serif; color: #333333;\">contingut, facilita les ganes de llegir.<\/span><\/li>\n<\/ul>\n<p style=\"text-align: justify;\"><span style=\"font-family: arial, helvetica, sans-serif; color: #333333;\">Finalment, aprofitem la proximitat de la biblioteca del barri <a href=\"https:\/\/ajuntament.barcelona.cat\/biblioteques\/bibsagradafamilia\/ca\">Josep M. Ainaud de <\/a><\/span><span style=\"font-family: arial, helvetica, sans-serif; color: #333333;\"><a href=\"https:\/\/ajuntament.barcelona.cat\/biblioteques\/bibsagradafamilia\/ca\">Lasarte<\/a> per participar en tallers i per facilitar a l\u2019alumnat que se\u2019n fac<\/span><span style=\"font-family: arial, helvetica, sans-serif; color: #333333;\">i soci. Agra\u00efm <\/span><span style=\"font-family: arial, helvetica, sans-serif; color: #333333;\">la disponibilitat i els consells dels bibliotecaris i bibliotec\u00e0ries, que sempre l\u2019encerten <\/span><span style=\"font-family: arial, helvetica, sans-serif; color: #333333;\">oferint publicacions escaients!<\/span><\/p>\n","protected":false},"excerpt":{"rendered":"<p>M\u00f3n lector La biblioteca escolar \u00e9s molt m\u00e9s que una col\u00b7lecci\u00f3 de llibres emmagatzemats en prestatges. \u00c9s un \u00a0espai viu, din\u00e0mic i creatiu. En ella, l\u2019alumnat experimenta el gust per la lectura, adquireix nous coneixements, s\u2019endinsa en mons fant\u00e0stics i eixampla la capacitat comunicativa, tant escrita com oral.\u00a0 Podr\u00edem dir que la seva import\u00e0ncia radica [&hellip;]<\/p>\n","protected":false},"author":1,"featured_media":0,"parent":57,"menu_order":4,"comment_status":"closed","ping_status":"closed","template":"","meta":{"_bbp_topic_count":0,"_bbp_reply_count":0,"_bbp_total_topic_count":0,"_bbp_total_reply_count":0,"_bbp_voice_count":0,"_bbp_anonymous_reply_count":0,"_bbp_topic_count_hidden":0,"_bbp_reply_count_hidden":0,"_bbp_forum_subforum_count":0,"site-sidebar-layout":"default","site-content-layout":"","ast-site-content-layout":"default","site-content-style":"default","site-sidebar-style":"default","ast-global-header-display":"","ast-banner-title-visibility":"","ast-main-header-display":"","ast-hfb-above-header-display":"","ast-hfb-below-header-display":"","ast-hfb-mobile-header-display":"","site-post-title":"","ast-breadcrumbs-content":"","ast-featured-img":"","footer-sml-layout":"","theme-transparent-header-meta":"default","adv-header-id-meta":"","stick-header-meta":"","header-above-stick-meta":"","header-main-stick-meta":"","header-below-stick-meta":"","astra-migrate-meta-layouts":"set","ast-page-background-enabled":"default","ast-page-background-meta":{"desktop":{"background-color":"var(--ast-global-color-4)","background-image":"","background-repeat":"repeat","background-position":"center center","background-size":"auto","background-attachment":"scroll","background-type":"","background-media":"","overlay-type":"","overlay-color":"","overlay-opacity":"","overlay-gradient":""},"tablet":{"background-color":"","background-image":"","background-repeat":"repeat","background-position":"center center","background-size":"auto","background-attachment":"scroll","background-type":"","background-media":"","overlay-type":"","overlay-color":"","overlay-opacity":"","overlay-gradient":""},"mobile":{"background-color":"","background-image":"","background-repeat":"repeat","background-position":"center center","background-size":"auto","background-attachment":"scroll","background-type":"","background-media":"","overlay-type":"","overlay-color":"","overlay-opacity":"","overlay-gradient":""}},"ast-content-background-meta":{"desktop":{"background-color":"var(--ast-global-color-5)","background-image":"","background-repeat":"repeat","background-position":"center center","background-size":"auto","background-attachment":"scroll","background-type":"","background-media":"","overlay-type":"","overlay-color":"","overlay-opacity":"","overlay-gradient":""},"tablet":{"background-color":"var(--ast-global-color-5)","background-image":"","background-repeat":"repeat","background-position":"center center","background-size":"auto","background-attachment":"scroll","background-type":"","background-media":"","overlay-type":"","overlay-color":"","overlay-opacity":"","overlay-gradient":""},"mobile":{"background-color":"var(--ast-global-color-5)","background-image":"","background-repeat":"repeat","background-position":"center center","background-size":"auto","background-attachment":"scroll","background-type":"","background-media":"","overlay-type":"","overlay-color":"","overlay-opacity":"","overlay-gradient":""}},"footnotes":""},"class_list":["post-1754","page","type-page","status-publish","hentry"],"post_mailing_queue_ids":[],"_links":{"self":[{"href":"https:\/\/agora.xtec.cat\/iesicilia\/wp-json\/wp\/v2\/pages\/1754","targetHints":{"allow":["GET"]}}],"collection":[{"href":"https:\/\/agora.xtec.cat\/iesicilia\/wp-json\/wp\/v2\/pages"}],"about":[{"href":"https:\/\/agora.xtec.cat\/iesicilia\/wp-json\/wp\/v2\/types\/page"}],"author":[{"embeddable":true,"href":"https:\/\/agora.xtec.cat\/iesicilia\/wp-json\/wp\/v2\/users\/1"}],"replies":[{"embeddable":true,"href":"https:\/\/agora.xtec.cat\/iesicilia\/wp-json\/wp\/v2\/comments?post=1754"}],"version-history":[{"count":6,"href":"https:\/\/agora.xtec.cat\/iesicilia\/wp-json\/wp\/v2\/pages\/1754\/revisions"}],"predecessor-version":[{"id":2426,"href":"https:\/\/agora.xtec.cat\/iesicilia\/wp-json\/wp\/v2\/pages\/1754\/revisions\/2426"}],"up":[{"embeddable":true,"href":"https:\/\/agora.xtec.cat\/iesicilia\/wp-json\/wp\/v2\/pages\/57"}],"wp:attachment":[{"href":"https:\/\/agora.xtec.cat\/iesicilia\/wp-json\/wp\/v2\/media?parent=1754"}],"curies":[{"name":"wp","href":"https:\/\/api.w.org\/{rel}","templated":true}]}}

<p><img loading="lazy" decoding="async" class=" wp-image-2104 alignleft" src="https://agora.xtec.cat/iesicilia/wp-content/uploads/usu2573/2025/03/WhatsApp-Image-2025-03-04-at-15.40.52-225x300.jpeg" alt="" width="238" height="317" srcset="https://agora.xtec.cat/iesicilia/wp-content/uploads/usu2573/2025/03/WhatsApp-Image-2025-03-04-at-15.40.52-225x300.jpeg 225w, https://agora.xtec.cat/iesicilia/wp-content/uploads/usu2573/2025/03/WhatsApp-Image-2025-03-04-at-15.40.52-768x1024.jpeg 768w, https://agora.xtec.cat/iesicilia/wp-content/uploads/usu2573/2025/03/WhatsApp-Image-2025-03-04-at-15.40.52-1152x1536.jpeg 1152w, https://agora.xtec.cat/iesicilia/wp-content/uploads/usu2573/2025/03/WhatsApp-Image-2025-03-04-at-15.40.52-1536x2048.jpeg 1536w, https://agora.xtec.cat/iesicilia/wp-content/uploads/usu2573/2025/03/WhatsApp-Image-2025-03-04-at-15.40.52-scaled.jpeg 1920w" sizes="auto, (max-width: 238px) 100vw, 238px" /></p>
<p style="text-align: justify;"><strong><span style="font-family: arial, helvetica, sans-serif; color: #333333;">Món lector</span></strong></p>
<p style="text-align: justify;"><span style="font-family: arial, helvetica, sans-serif; color: #333333;">La biblioteca escolar és molt més que una col·lecció de llibres emmagatzemats en </span><span style="font-family: arial, helvetica, sans-serif; color: #333333;">prestatges. És un</span></p>
<p style="text-align: justify;"><span style="font-family: arial, helvetica, sans-serif; color: #333333;"> espai viu, dinàmic i creatiu. En ella, l’alumnat experimenta el gust </span><span style="font-family: arial, helvetica, sans-serif; color: #333333;">per la lectura, adquireix nous coneixements, s’endinsa en mons fantàstics i </span><span style="font-family: arial, helvetica, sans-serif; color: #333333;">eixampla la capacitat comunicativa, tant escrita com oral.  Podríem dir que la seva </span><span style="font-family: arial, helvetica, sans-serif; color: #333333;">importància radica en què dona oportunitats de creixement personal i de </span><span style="font-family: arial, helvetica, sans-serif; color: #333333;">pensament: ajuda a comprendre el món, permet entendre la mirada d’autors </span><span style="font-family: arial, helvetica, sans-serif; color: #333333;">diversos i convida a contrastar idees per a construir un discurs propi.</span></p>
<p style="text-align: justify;"><span style="font-family: arial, helvetica, sans-serif; color: #333333;">L’espai de la biblioteca és un lloc especialment cuidat. Hem tingut molt en compte la </span><span style="font-family: arial, helvetica, sans-serif; color: #333333;">comoditat i l’ambientació, així com la classificació dels llibres, de fàcil accés i </span><span style="font-family: arial, helvetica, sans-serif; color: #333333;">ordenats per edats. Però no solament disposem d’aquest espai. També hi ha la </span><span style="font-family: arial, helvetica, sans-serif; color: #333333;">biblioteca d&#8217;aula, on són els nens i nenes els que fan de bibliotecaris i es </span><span style="font-family: arial, helvetica, sans-serif; color: #333333;">responsabilitzen dels préstecs.</span></p>
<p style="text-align: justify;"><span style="font-family: arial, helvetica, sans-serif; color: #333333;">A l’entorn de la biblioteca escolar proposem diversos projectes, sempre amb </span><span style="font-family: arial, helvetica, sans-serif; color: #333333;">l’objectiu de potenciar l’hàbit de la lectura:</span></p>
<ul style="list-style-type: disc; text-align: justify;">
<li><span style="font-family: arial, helvetica, sans-serif; color: #333333;"><strong>Bibliopati.</strong> Alguns dies de la setmana, depenent del curs, tot aquell que vol pot </span><span style="font-family: arial, helvetica, sans-serif; color: #333333;">anar a la biblioteca a l’hora de l’esbarjo. Allà es gaudeix d’un espai silenciós i </span><span style="font-family: arial, helvetica, sans-serif; color: #333333;">còmode per a gaudir de la lectura.</span></li>
<li><span style="font-family: arial, helvetica, sans-serif; color: #333333;"><strong>Llibres viatgers.</strong> Amb aquest projecte es pretén continuar l’experiència de la </span><span style="font-family: arial, helvetica, sans-serif; color: #333333;">lectura també a casa, tot potenciant el gust per la lectura en un ambient familiar.</span></li>
<li><span style="font-family: arial, helvetica, sans-serif; color: #333333;"><strong>Club de lectura.</strong> A partir d’un llistat de propostes, cada grup llegeix obres literàries </span><span style="font-family: arial, helvetica, sans-serif; color: #333333;">del seu interès, complementades amb representacions teatrals, lectures orals, </span><span style="font-family: arial, helvetica, sans-serif; color: #333333;">ressenyes escrites, visites d’autors, rutes i debats.<img loading="lazy" decoding="async" class="size-medium wp-image-2105 alignright" src="https://agora.xtec.cat/iesicilia/wp-content/uploads/usu2573/2025/03/WhatsApp-Image-2025-03-04-at-15.40.52-1-225x300.jpeg" alt="" width="225" height="300" srcset="https://agora.xtec.cat/iesicilia/wp-content/uploads/usu2573/2025/03/WhatsApp-Image-2025-03-04-at-15.40.52-1-225x300.jpeg 225w, https://agora.xtec.cat/iesicilia/wp-content/uploads/usu2573/2025/03/WhatsApp-Image-2025-03-04-at-15.40.52-1-768x1024.jpeg 768w, https://agora.xtec.cat/iesicilia/wp-content/uploads/usu2573/2025/03/WhatsApp-Image-2025-03-04-at-15.40.52-1-1152x1536.jpeg 1152w, https://agora.xtec.cat/iesicilia/wp-content/uploads/usu2573/2025/03/WhatsApp-Image-2025-03-04-at-15.40.52-1-1536x2048.jpeg 1536w, https://agora.xtec.cat/iesicilia/wp-content/uploads/usu2573/2025/03/WhatsApp-Image-2025-03-04-at-15.40.52-1-scaled.jpeg 1920w" sizes="auto, (max-width: 225px) 100vw, 225px" /></span></li>
<li><span style="font-family: arial, helvetica, sans-serif; color: #333333;"><strong>Padrins de lectura.</strong> Els més grans acompanyen els petits en aquesta aventura de </span><span style="font-family: arial, helvetica, sans-serif; color: #333333;">llegir. Estar al costat d’algú que pugui ajudar a llegir amb fluïdesa i entendre el </span><span style="font-family: arial, helvetica, sans-serif; color: #333333;">contingut, facilita les ganes de llegir.</span></li>
</ul>
<p style="text-align: justify;"><span style="font-family: arial, helvetica, sans-serif; color: #333333;">Finalment, aprofitem la proximitat de la biblioteca del barri <a href="https://ajuntament.barcelona.cat/biblioteques/bibsagradafamilia/ca">Josep M. Ainaud de </a></span><span style="font-family: arial, helvetica, sans-serif; color: #333333;"><a href="https://ajuntament.barcelona.cat/biblioteques/bibsagradafamilia/ca">Lasarte</a> per participar en tallers i per facilitar a l’alumnat que se’n fac</span><span style="font-family: arial, helvetica, sans-serif; color: #333333;">i soci. Agraïm </span><span style="font-family: arial, helvetica, sans-serif; color: #333333;">la disponibilitat i els consells dels bibliotecaris i bibliotecàries, que sempre l’encerten </span><span style="font-family: arial, helvetica, sans-serif; color: #333333;">oferint publicacions escaients!</span></p>

<p>Món lector La biblioteca escolar és molt més que una col·lecció de llibres emmagatzemats en prestatges. És un  espai viu, dinàmic i creatiu. En ella, l’alumnat experimenta el gust per la lectura, adquireix nous coneixements, s’endinsa en mons fantàstics i eixampla la capacitat comunicativa, tant escrita com oral.  Podríem dir que la seva importància radica [&hellip;]</p>
