{"id":1749,"date":"2024-01-31T15:31:39","date_gmt":"2024-01-31T14:31:39","guid":{"rendered":"https:\/\/agora.xtec.cat\/iesicilia\/?page_id=1749"},"modified":"2026-04-26T20:25:22","modified_gmt":"2026-04-26T18:25:22","slug":"les-propostes-daprenentatge-a-leso","status":"publish","type":"page","link":"https:\/\/agora.xtec.cat\/iesicilia\/projecte-educatiu\/les-propostes-daprenentatge-a-leso\/","title":{"rendered":"Les Propostes d\u2019aprenentatge a l&#8217;ESO"},"content":{"rendered":"<p style=\"text-align: justify;\"><strong><span style=\"font-family: arial, helvetica, sans-serif; color: #003300;\">Descobrint l&#8217;aprenentatge: Les Propostes d\u2019aprenentatge a l&#8217;ESO<\/span><\/strong><\/p>\n<p style=\"text-align: justify;\"><span style=\"font-family: arial, helvetica, sans-serif; color: #003300;\">Al nostre institut escola estem compromesos a oferir una experi\u00e8ncia educativa enriquidora al <\/span><span style=\"font-family: arial, helvetica, sans-serif; color: #003300;\">nostre alumnat. La metodologia de propostes d&#8217;aprenentatge \u00e9s una filosofia educativa que <\/span><span style=\"font-family: arial, helvetica, sans-serif; color: #003300;\">posa l&#8217;accent en la creaci\u00f3 d&#8217;entorns d&#8217;aprenentatge actius, participatius i significatius, on els <\/span><span style=\"font-family: arial, helvetica, sans-serif; color: #003300;\">estudiants no nom\u00e9s absorbeixen informaci\u00f3, sin\u00f3 que tamb\u00e9 participen activament en la <\/span><span style=\"font-family: arial, helvetica, sans-serif; color: #003300;\">construcci\u00f3 del seu coneixement.<\/span><\/p>\n<p style=\"text-align: justify;\"><span style=\"font-family: arial, helvetica, sans-serif; color: #003300;\">A trav\u00e9s d\u2019aquesta metodologia els educadors dissenyen activitats, projectes o experi\u00e8ncies <\/span><span style=\"font-family: arial, helvetica, sans-serif; color: #003300;\">d&#8217;aprenentatge que estan orientats a les necessitats, interessos i habilitats dels estudiants. <\/span><span style=\"font-family: arial, helvetica, sans-serif; color: #003300;\">Aquests programes permeten als estudiants assumir un paper actiu en el seu propi proc\u00e9s <\/span><span style=\"font-family: arial, helvetica, sans-serif; color: #003300;\">d&#8217;aprenentatge, fomentant l&#8217;autonomia, la responsabilitat, la reflexi\u00f3 i la capacitat <\/span><span style=\"font-family: arial, helvetica, sans-serif; color: #003300;\">d&#8217;aprenentatge aut\u00f2nom.<\/span><\/p>\n<p style=\"text-align: justify;\"><span style=\"font-family: arial, helvetica, sans-serif; color: #003300;\">En el treball per propostes les diferents aules s\u2019organitzen amb diferents activitats aut\u00f2nomes <\/span><span style=\"font-family: arial, helvetica, sans-serif; color: #003300;\">simult\u00e0nies reduint el nombre d\u2019alumnes per classe, d\u2019aquesta manera es pot respectar la <\/span><span style=\"font-family: arial, helvetica, sans-serif; color: #003300;\">individualitat i els diferents ritmes d\u2019aprenentatge, seguint amb la revisi\u00f3 dels processos d\u2019aula <\/span><span style=\"font-family: arial, helvetica, sans-serif; color: #003300;\">que ens permetin assolir els objectius plantejats.<\/span><\/p>\n<p style=\"text-align: justify;\"><span style=\"font-family: arial, helvetica, sans-serif; color: #003300;\">Els objectius principals d&#8217;aquesta metodologia inclouen:<\/span><\/p>\n<ul>\n<li style=\"text-align: justify;\"><span style=\"font-family: arial, helvetica, sans-serif; color: #003300;\">Desenvolupar i consolidar els continguts curriculars de manera aut\u00f2noma i responsable, <\/span><span style=\"font-family: arial, helvetica, sans-serif; color: #003300;\">permetent als estudiants organitzar el seu temps i seguir el seu propi ritme d&#8217;aprenentatge.<\/span><\/li>\n<li style=\"text-align: justify;\"><span style=\"font-family: arial, helvetica, sans-serif; color: #003300;\">Fer l&#8217;aprenentatge m\u00e9s significatiu i rellevant per als estudiants, utilitzant material manipulatiu <\/span><span style=\"font-family: arial, helvetica, sans-serif; color: #003300;\">i experi\u00e8ncies pr\u00e0ctiques per refor\u00e7ar la comprensi\u00f3 dels conceptes. Quan el grup \u00e9s m\u00e9s redu\u00eft <\/span><span style=\"font-family: arial, helvetica, sans-serif; color: #003300;\">possibilita major atenci\u00f3 per part de l\u2019adult.<\/span><\/li>\n<li style=\"text-align: justify;\"><span style=\"font-family: arial, helvetica, sans-serif; color: #003300;\">Servir com a nexe d&#8217;uni\u00f3 per al desenvolupament dels continguts establerts al curr\u00edculum, <\/span><span style=\"font-family: arial, helvetica, sans-serif; color: #003300;\">integrant-los de manera interdisciplin\u00e0ria i coherent.<\/span><\/li>\n<li style=\"text-align: justify;\"><span style=\"font-family: arial, helvetica, sans-serif; color: #003300;\">Fomentar l&#8217;autonomia, la responsabilitat i la confian\u00e7a dels estudiants en el seu propi proc\u00e9s <\/span><span style=\"font-family: arial, helvetica, sans-serif; color: #003300;\">d&#8217;aprenentatge, donant-los el control sobre qu\u00e8 aprenen i com ho aprenen.<\/span><\/li>\n<\/ul>\n<p><img loading=\"lazy\" decoding=\"async\" class=\"aligncenter  wp-image-2424\" src=\"https:\/\/agora.xtec.cat\/iesicilia\/wp-content\/uploads\/usu2573\/2026\/04\/propostes-ESO.png\" alt=\"\" width=\"746\" height=\"409\" srcset=\"https:\/\/agora.xtec.cat\/iesicilia\/wp-content\/uploads\/usu2573\/2026\/04\/propostes-ESO.png 916w, https:\/\/agora.xtec.cat\/iesicilia\/wp-content\/uploads\/usu2573\/2026\/04\/propostes-ESO-300x164.png 300w, https:\/\/agora.xtec.cat\/iesicilia\/wp-content\/uploads\/usu2573\/2026\/04\/propostes-ESO-768x421.png 768w\" sizes=\"auto, (max-width: 746px) 100vw, 746px\" \/><\/p>\n","protected":false},"excerpt":{"rendered":"<p>Descobrint l&#8217;aprenentatge: Les Propostes d\u2019aprenentatge a l&#8217;ESO Al nostre institut escola estem compromesos a oferir una experi\u00e8ncia educativa enriquidora al nostre alumnat. La metodologia de propostes d&#8217;aprenentatge \u00e9s una filosofia educativa que posa l&#8217;accent en la creaci\u00f3 d&#8217;entorns d&#8217;aprenentatge actius, participatius i significatius, on els estudiants no nom\u00e9s absorbeixen informaci\u00f3, sin\u00f3 que tamb\u00e9 participen activament [&hellip;]<\/p>\n","protected":false},"author":1,"featured_media":0,"parent":57,"menu_order":7,"comment_status":"closed","ping_status":"closed","template":"","meta":{"_bbp_topic_count":0,"_bbp_reply_count":0,"_bbp_total_topic_count":0,"_bbp_total_reply_count":0,"_bbp_voice_count":0,"_bbp_anonymous_reply_count":0,"_bbp_topic_count_hidden":0,"_bbp_reply_count_hidden":0,"_bbp_forum_subforum_count":0,"site-sidebar-layout":"default","site-content-layout":"","ast-site-content-layout":"default","site-content-style":"default","site-sidebar-style":"default","ast-global-header-display":"","ast-banner-title-visibility":"","ast-main-header-display":"","ast-hfb-above-header-display":"","ast-hfb-below-header-display":"","ast-hfb-mobile-header-display":"","site-post-title":"","ast-breadcrumbs-content":"","ast-featured-img":"","footer-sml-layout":"","theme-transparent-header-meta":"default","adv-header-id-meta":"","stick-header-meta":"","header-above-stick-meta":"","header-main-stick-meta":"","header-below-stick-meta":"","astra-migrate-meta-layouts":"set","ast-page-background-enabled":"default","ast-page-background-meta":{"desktop":{"background-color":"var(--ast-global-color-4)","background-image":"","background-repeat":"repeat","background-position":"center center","background-size":"auto","background-attachment":"scroll","background-type":"","background-media":"","overlay-type":"","overlay-color":"","overlay-opacity":"","overlay-gradient":""},"tablet":{"background-color":"","background-image":"","background-repeat":"repeat","background-position":"center center","background-size":"auto","background-attachment":"scroll","background-type":"","background-media":"","overlay-type":"","overlay-color":"","overlay-opacity":"","overlay-gradient":""},"mobile":{"background-color":"","background-image":"","background-repeat":"repeat","background-position":"center center","background-size":"auto","background-attachment":"scroll","background-type":"","background-media":"","overlay-type":"","overlay-color":"","overlay-opacity":"","overlay-gradient":""}},"ast-content-background-meta":{"desktop":{"background-color":"var(--ast-global-color-5)","background-image":"","background-repeat":"repeat","background-position":"center center","background-size":"auto","background-attachment":"scroll","background-type":"","background-media":"","overlay-type":"","overlay-color":"","overlay-opacity":"","overlay-gradient":""},"tablet":{"background-color":"var(--ast-global-color-5)","background-image":"","background-repeat":"repeat","background-position":"center center","background-size":"auto","background-attachment":"scroll","background-type":"","background-media":"","overlay-type":"","overlay-color":"","overlay-opacity":"","overlay-gradient":""},"mobile":{"background-color":"var(--ast-global-color-5)","background-image":"","background-repeat":"repeat","background-position":"center center","background-size":"auto","background-attachment":"scroll","background-type":"","background-media":"","overlay-type":"","overlay-color":"","overlay-opacity":"","overlay-gradient":""}},"footnotes":""},"class_list":["post-1749","page","type-page","status-publish","hentry"],"post_mailing_queue_ids":[],"_links":{"self":[{"href":"https:\/\/agora.xtec.cat\/iesicilia\/wp-json\/wp\/v2\/pages\/1749","targetHints":{"allow":["GET"]}}],"collection":[{"href":"https:\/\/agora.xtec.cat\/iesicilia\/wp-json\/wp\/v2\/pages"}],"about":[{"href":"https:\/\/agora.xtec.cat\/iesicilia\/wp-json\/wp\/v2\/types\/page"}],"author":[{"embeddable":true,"href":"https:\/\/agora.xtec.cat\/iesicilia\/wp-json\/wp\/v2\/users\/1"}],"replies":[{"embeddable":true,"href":"https:\/\/agora.xtec.cat\/iesicilia\/wp-json\/wp\/v2\/comments?post=1749"}],"version-history":[{"count":3,"href":"https:\/\/agora.xtec.cat\/iesicilia\/wp-json\/wp\/v2\/pages\/1749\/revisions"}],"predecessor-version":[{"id":2425,"href":"https:\/\/agora.xtec.cat\/iesicilia\/wp-json\/wp\/v2\/pages\/1749\/revisions\/2425"}],"up":[{"embeddable":true,"href":"https:\/\/agora.xtec.cat\/iesicilia\/wp-json\/wp\/v2\/pages\/57"}],"wp:attachment":[{"href":"https:\/\/agora.xtec.cat\/iesicilia\/wp-json\/wp\/v2\/media?parent=1749"}],"curies":[{"name":"wp","href":"https:\/\/api.w.org\/{rel}","templated":true}]}}

<p style="text-align: justify;"><strong><span style="font-family: arial, helvetica, sans-serif; color: #003300;">Descobrint l&#8217;aprenentatge: Les Propostes d’aprenentatge a l&#8217;ESO</span></strong></p>
<p style="text-align: justify;"><span style="font-family: arial, helvetica, sans-serif; color: #003300;">Al nostre institut escola estem compromesos a oferir una experiència educativa enriquidora al </span><span style="font-family: arial, helvetica, sans-serif; color: #003300;">nostre alumnat. La metodologia de propostes d&#8217;aprenentatge és una filosofia educativa que </span><span style="font-family: arial, helvetica, sans-serif; color: #003300;">posa l&#8217;accent en la creació d&#8217;entorns d&#8217;aprenentatge actius, participatius i significatius, on els </span><span style="font-family: arial, helvetica, sans-serif; color: #003300;">estudiants no només absorbeixen informació, sinó que també participen activament en la </span><span style="font-family: arial, helvetica, sans-serif; color: #003300;">construcció del seu coneixement.</span></p>
<p style="text-align: justify;"><span style="font-family: arial, helvetica, sans-serif; color: #003300;">A través d’aquesta metodologia els educadors dissenyen activitats, projectes o experiències </span><span style="font-family: arial, helvetica, sans-serif; color: #003300;">d&#8217;aprenentatge que estan orientats a les necessitats, interessos i habilitats dels estudiants. </span><span style="font-family: arial, helvetica, sans-serif; color: #003300;">Aquests programes permeten als estudiants assumir un paper actiu en el seu propi procés </span><span style="font-family: arial, helvetica, sans-serif; color: #003300;">d&#8217;aprenentatge, fomentant l&#8217;autonomia, la responsabilitat, la reflexió i la capacitat </span><span style="font-family: arial, helvetica, sans-serif; color: #003300;">d&#8217;aprenentatge autònom.</span></p>
<p style="text-align: justify;"><span style="font-family: arial, helvetica, sans-serif; color: #003300;">En el treball per propostes les diferents aules s’organitzen amb diferents activitats autònomes </span><span style="font-family: arial, helvetica, sans-serif; color: #003300;">simultànies reduint el nombre d’alumnes per classe, d’aquesta manera es pot respectar la </span><span style="font-family: arial, helvetica, sans-serif; color: #003300;">individualitat i els diferents ritmes d’aprenentatge, seguint amb la revisió dels processos d’aula </span><span style="font-family: arial, helvetica, sans-serif; color: #003300;">que ens permetin assolir els objectius plantejats.</span></p>
<p style="text-align: justify;"><span style="font-family: arial, helvetica, sans-serif; color: #003300;">Els objectius principals d&#8217;aquesta metodologia inclouen:</span></p>
<ul>
<li style="text-align: justify;"><span style="font-family: arial, helvetica, sans-serif; color: #003300;">Desenvolupar i consolidar els continguts curriculars de manera autònoma i responsable, </span><span style="font-family: arial, helvetica, sans-serif; color: #003300;">permetent als estudiants organitzar el seu temps i seguir el seu propi ritme d&#8217;aprenentatge.</span></li>
<li style="text-align: justify;"><span style="font-family: arial, helvetica, sans-serif; color: #003300;">Fer l&#8217;aprenentatge més significatiu i rellevant per als estudiants, utilitzant material manipulatiu </span><span style="font-family: arial, helvetica, sans-serif; color: #003300;">i experiències pràctiques per reforçar la comprensió dels conceptes. Quan el grup és més reduït </span><span style="font-family: arial, helvetica, sans-serif; color: #003300;">possibilita major atenció per part de l’adult.</span></li>
<li style="text-align: justify;"><span style="font-family: arial, helvetica, sans-serif; color: #003300;">Servir com a nexe d&#8217;unió per al desenvolupament dels continguts establerts al currículum, </span><span style="font-family: arial, helvetica, sans-serif; color: #003300;">integrant-los de manera interdisciplinària i coherent.</span></li>
<li style="text-align: justify;"><span style="font-family: arial, helvetica, sans-serif; color: #003300;">Fomentar l&#8217;autonomia, la responsabilitat i la confiança dels estudiants en el seu propi procés </span><span style="font-family: arial, helvetica, sans-serif; color: #003300;">d&#8217;aprenentatge, donant-los el control sobre què aprenen i com ho aprenen.</span></li>
</ul>
<p><img loading="lazy" decoding="async" class="aligncenter  wp-image-2424" src="https://agora.xtec.cat/iesicilia/wp-content/uploads/usu2573/2026/04/propostes-ESO.png" alt="" width="746" height="409" srcset="https://agora.xtec.cat/iesicilia/wp-content/uploads/usu2573/2026/04/propostes-ESO.png 916w, https://agora.xtec.cat/iesicilia/wp-content/uploads/usu2573/2026/04/propostes-ESO-300x164.png 300w, https://agora.xtec.cat/iesicilia/wp-content/uploads/usu2573/2026/04/propostes-ESO-768x421.png 768w" sizes="auto, (max-width: 746px) 100vw, 746px" /></p>

<p>Descobrint l&#8217;aprenentatge: Les Propostes d’aprenentatge a l&#8217;ESO Al nostre institut escola estem compromesos a oferir una experiència educativa enriquidora al nostre alumnat. La metodologia de propostes d&#8217;aprenentatge és una filosofia educativa que posa l&#8217;accent en la creació d&#8217;entorns d&#8217;aprenentatge actius, participatius i significatius, on els estudiants no només absorbeixen informació, sinó que també participen activament [&hellip;]</p>
