{"id":1746,"date":"2024-01-31T15:26:58","date_gmt":"2024-01-31T14:26:58","guid":{"rendered":"https:\/\/agora.xtec.cat\/iesicilia\/?page_id=1746"},"modified":"2026-04-26T20:27:57","modified_gmt":"2026-04-26T18:27:57","slug":"f-a-s","status":"publish","type":"page","link":"https:\/\/agora.xtec.cat\/iesicilia\/projecte-educatiu\/f-a-s\/","title":{"rendered":"F.A.S."},"content":{"rendered":"<p style=\"text-align: justify;\"><span style=\"color: #003300;\"><strong><span style=\"font-family: arial, helvetica, sans-serif;\">A l\u2019ESO fem F.A.S. A l\u2019ESO Fem, Aprenem i Servim<\/span><\/strong><\/span><\/p>\n<p style=\"text-align: justify;\"><span style=\"color: #003300;\"><span style=\"font-family: arial, helvetica, sans-serif;\">A l\u2019Institut Escola Sic\u00edlia volem fomentar una educaci\u00f3 que no nom\u00e9s prepari els nostres <\/span><span style=\"font-family: arial, helvetica, sans-serif;\">estudiants per a l&#8217;\u00e8xit acad\u00e8mic, sin\u00f3 tamb\u00e9 per a ser ciutadans conscients i compromesos amb <\/span><span style=\"font-family: arial, helvetica, sans-serif;\">la societat. I \u00e9s per aix\u00f2 que a l\u2019ESO fem el <strong>FAS<\/strong>, la metodologia <strong>Fem, Aprenem i Servim<\/strong>.<\/span><\/span><\/p>\n<p style=\"text-align: justify;\"><span style=\"color: #003300;\"><span style=\"font-family: arial, helvetica, sans-serif;\">El <strong>FAS<\/strong> \u00e9s una filosofia educativa que integra l&#8217;aprenentatge acad\u00e8mic amb la participaci\u00f3 activa <\/span><span style=\"font-family: arial, helvetica, sans-serif;\">dels estudiants en serveis comunitaris o projectes d&#8217;acci\u00f3 escolar. A trav\u00e9s d&#8217;aquest enfocament, <\/span><span style=\"font-family: arial, helvetica, sans-serif;\">els estudiants no nom\u00e9s adquireixen coneixements i habilitats acad\u00e8miques, sin\u00f3 que tamb\u00e9 <\/span><span style=\"font-family: arial, helvetica, sans-serif;\">contribueixen positivament a la comunitat educativa i al centre.<\/span><\/span><\/p>\n<p style=\"text-align: justify;\"><span style=\"color: #003300;\"><span style=\"font-family: arial, helvetica, sans-serif;\">Els projectes del <strong>FAS<\/strong> es dissenyen per integrar-se amb el curr\u00edculum escolar, permetent als <\/span><span style=\"font-family: arial, helvetica, sans-serif;\">estudiants aprendre continguts acad\u00e8mics mentre participen en serveis comunitaris rellevants. <\/span><span style=\"font-family: arial, helvetica, sans-serif;\">Aix\u00f2 implica treballar en col\u00b7laboraci\u00f3 amb membres de la comunitat per identificar necessitats, <\/span><span style=\"font-family: arial, helvetica, sans-serif;\">dissenyar solucions i implementar accions concretes que benefici\u00efn a tots els implicats.<\/span><\/span><\/p>\n<p style=\"text-align: justify;\"><span style=\"color: #003300;\"><span style=\"font-family: arial, helvetica, sans-serif;\">Els objectius a desenvolupar s\u00f3n, entre d\u2019altres: Aprendre a treballar en equip per un objectiu <\/span><span style=\"font-family: arial, helvetica, sans-serif;\">com\u00fa, gaudir de l\u2019experi\u00e8ncia del treball comunitari i mostrar implicaci\u00f3 en el projecte com\u00fa. <\/span><span style=\"font-family: arial, helvetica, sans-serif;\">El <strong>Fem, Aprenem i Servim<\/strong> \u00e9s m\u00e9s que una metodologia educativa; \u00e9s una oportunitat per als <\/span><span style=\"font-family: arial, helvetica, sans-serif;\">nostres estudiants d&#8217;aprendre, cr\u00e9ixer i fer una difer\u00e8ncia en el m\u00f3n que ens envolta. Al nostre <\/span><span style=\"font-family: arial, helvetica, sans-serif;\">Institut Escola creiem en <strong>el poder de l&#8217;educaci\u00f3 per transformar vides i comunitats<\/strong>, i el <strong>FAS<\/strong> \u00e9s <\/span><span style=\"font-family: arial, helvetica, sans-serif;\">una eina fonamental en aquest cam\u00ed cap al canvi positiu. Junts, podem fer la difer\u00e8ncia.<\/span><\/span><\/p>\n<p><img loading=\"lazy\" decoding=\"async\" class=\"aligncenter  wp-image-2427\" src=\"https:\/\/agora.xtec.cat\/iesicilia\/wp-content\/uploads\/usu2573\/2026\/04\/FAS.png\" alt=\"\" width=\"769\" height=\"426\" srcset=\"https:\/\/agora.xtec.cat\/iesicilia\/wp-content\/uploads\/usu2573\/2026\/04\/FAS.png 927w, https:\/\/agora.xtec.cat\/iesicilia\/wp-content\/uploads\/usu2573\/2026\/04\/FAS-300x166.png 300w, https:\/\/agora.xtec.cat\/iesicilia\/wp-content\/uploads\/usu2573\/2026\/04\/FAS-768x426.png 768w\" sizes=\"auto, (max-width: 769px) 100vw, 769px\" \/><\/p>\n","protected":false},"excerpt":{"rendered":"<p>A l\u2019ESO fem F.A.S. A l\u2019ESO Fem, Aprenem i Servim A l\u2019Institut Escola Sic\u00edlia volem fomentar una educaci\u00f3 que no nom\u00e9s prepari els nostres estudiants per a l&#8217;\u00e8xit acad\u00e8mic, sin\u00f3 tamb\u00e9 per a ser ciutadans conscients i compromesos amb la societat. I \u00e9s per aix\u00f2 que a l\u2019ESO fem el FAS, la metodologia Fem, Aprenem [&hellip;]<\/p>\n","protected":false},"author":1,"featured_media":0,"parent":57,"menu_order":5,"comment_status":"closed","ping_status":"closed","template":"","meta":{"_bbp_topic_count":0,"_bbp_reply_count":0,"_bbp_total_topic_count":0,"_bbp_total_reply_count":0,"_bbp_voice_count":0,"_bbp_anonymous_reply_count":0,"_bbp_topic_count_hidden":0,"_bbp_reply_count_hidden":0,"_bbp_forum_subforum_count":0,"site-sidebar-layout":"default","site-content-layout":"","ast-site-content-layout":"default","site-content-style":"default","site-sidebar-style":"default","ast-global-header-display":"","ast-banner-title-visibility":"","ast-main-header-display":"","ast-hfb-above-header-display":"","ast-hfb-below-header-display":"","ast-hfb-mobile-header-display":"","site-post-title":"","ast-breadcrumbs-content":"","ast-featured-img":"","footer-sml-layout":"","theme-transparent-header-meta":"default","adv-header-id-meta":"","stick-header-meta":"","header-above-stick-meta":"","header-main-stick-meta":"","header-below-stick-meta":"","astra-migrate-meta-layouts":"set","ast-page-background-enabled":"default","ast-page-background-meta":{"desktop":{"background-color":"var(--ast-global-color-4)","background-image":"","background-repeat":"repeat","background-position":"center center","background-size":"auto","background-attachment":"scroll","background-type":"","background-media":"","overlay-type":"","overlay-color":"","overlay-opacity":"","overlay-gradient":""},"tablet":{"background-color":"","background-image":"","background-repeat":"repeat","background-position":"center center","background-size":"auto","background-attachment":"scroll","background-type":"","background-media":"","overlay-type":"","overlay-color":"","overlay-opacity":"","overlay-gradient":""},"mobile":{"background-color":"","background-image":"","background-repeat":"repeat","background-position":"center center","background-size":"auto","background-attachment":"scroll","background-type":"","background-media":"","overlay-type":"","overlay-color":"","overlay-opacity":"","overlay-gradient":""}},"ast-content-background-meta":{"desktop":{"background-color":"var(--ast-global-color-5)","background-image":"","background-repeat":"repeat","background-position":"center center","background-size":"auto","background-attachment":"scroll","background-type":"","background-media":"","overlay-type":"","overlay-color":"","overlay-opacity":"","overlay-gradient":""},"tablet":{"background-color":"var(--ast-global-color-5)","background-image":"","background-repeat":"repeat","background-position":"center center","background-size":"auto","background-attachment":"scroll","background-type":"","background-media":"","overlay-type":"","overlay-color":"","overlay-opacity":"","overlay-gradient":""},"mobile":{"background-color":"var(--ast-global-color-5)","background-image":"","background-repeat":"repeat","background-position":"center center","background-size":"auto","background-attachment":"scroll","background-type":"","background-media":"","overlay-type":"","overlay-color":"","overlay-opacity":"","overlay-gradient":""}},"footnotes":""},"class_list":["post-1746","page","type-page","status-publish","hentry"],"post_mailing_queue_ids":[],"_links":{"self":[{"href":"https:\/\/agora.xtec.cat\/iesicilia\/wp-json\/wp\/v2\/pages\/1746","targetHints":{"allow":["GET"]}}],"collection":[{"href":"https:\/\/agora.xtec.cat\/iesicilia\/wp-json\/wp\/v2\/pages"}],"about":[{"href":"https:\/\/agora.xtec.cat\/iesicilia\/wp-json\/wp\/v2\/types\/page"}],"author":[{"embeddable":true,"href":"https:\/\/agora.xtec.cat\/iesicilia\/wp-json\/wp\/v2\/users\/1"}],"replies":[{"embeddable":true,"href":"https:\/\/agora.xtec.cat\/iesicilia\/wp-json\/wp\/v2\/comments?post=1746"}],"version-history":[{"count":2,"href":"https:\/\/agora.xtec.cat\/iesicilia\/wp-json\/wp\/v2\/pages\/1746\/revisions"}],"predecessor-version":[{"id":2428,"href":"https:\/\/agora.xtec.cat\/iesicilia\/wp-json\/wp\/v2\/pages\/1746\/revisions\/2428"}],"up":[{"embeddable":true,"href":"https:\/\/agora.xtec.cat\/iesicilia\/wp-json\/wp\/v2\/pages\/57"}],"wp:attachment":[{"href":"https:\/\/agora.xtec.cat\/iesicilia\/wp-json\/wp\/v2\/media?parent=1746"}],"curies":[{"name":"wp","href":"https:\/\/api.w.org\/{rel}","templated":true}]}}

<p style="text-align: justify;"><span style="color: #003300;"><strong><span style="font-family: arial, helvetica, sans-serif;">A l’ESO fem F.A.S. A l’ESO Fem, Aprenem i Servim</span></strong></span></p>
<p style="text-align: justify;"><span style="color: #003300;"><span style="font-family: arial, helvetica, sans-serif;">A l’Institut Escola Sicília volem fomentar una educació que no només prepari els nostres </span><span style="font-family: arial, helvetica, sans-serif;">estudiants per a l&#8217;èxit acadèmic, sinó també per a ser ciutadans conscients i compromesos amb </span><span style="font-family: arial, helvetica, sans-serif;">la societat. I és per això que a l’ESO fem el <strong>FAS</strong>, la metodologia <strong>Fem, Aprenem i Servim</strong>.</span></span></p>
<p style="text-align: justify;"><span style="color: #003300;"><span style="font-family: arial, helvetica, sans-serif;">El <strong>FAS</strong> és una filosofia educativa que integra l&#8217;aprenentatge acadèmic amb la participació activa </span><span style="font-family: arial, helvetica, sans-serif;">dels estudiants en serveis comunitaris o projectes d&#8217;acció escolar. A través d&#8217;aquest enfocament, </span><span style="font-family: arial, helvetica, sans-serif;">els estudiants no només adquireixen coneixements i habilitats acadèmiques, sinó que també </span><span style="font-family: arial, helvetica, sans-serif;">contribueixen positivament a la comunitat educativa i al centre.</span></span></p>
<p style="text-align: justify;"><span style="color: #003300;"><span style="font-family: arial, helvetica, sans-serif;">Els projectes del <strong>FAS</strong> es dissenyen per integrar-se amb el currículum escolar, permetent als </span><span style="font-family: arial, helvetica, sans-serif;">estudiants aprendre continguts acadèmics mentre participen en serveis comunitaris rellevants. </span><span style="font-family: arial, helvetica, sans-serif;">Això implica treballar en col·laboració amb membres de la comunitat per identificar necessitats, </span><span style="font-family: arial, helvetica, sans-serif;">dissenyar solucions i implementar accions concretes que beneficiïn a tots els implicats.</span></span></p>
<p style="text-align: justify;"><span style="color: #003300;"><span style="font-family: arial, helvetica, sans-serif;">Els objectius a desenvolupar són, entre d’altres: Aprendre a treballar en equip per un objectiu </span><span style="font-family: arial, helvetica, sans-serif;">comú, gaudir de l’experiència del treball comunitari i mostrar implicació en el projecte comú. </span><span style="font-family: arial, helvetica, sans-serif;">El <strong>Fem, Aprenem i Servim</strong> és més que una metodologia educativa; és una oportunitat per als </span><span style="font-family: arial, helvetica, sans-serif;">nostres estudiants d&#8217;aprendre, créixer i fer una diferència en el món que ens envolta. Al nostre </span><span style="font-family: arial, helvetica, sans-serif;">Institut Escola creiem en <strong>el poder de l&#8217;educació per transformar vides i comunitats</strong>, i el <strong>FAS</strong> és </span><span style="font-family: arial, helvetica, sans-serif;">una eina fonamental en aquest camí cap al canvi positiu. Junts, podem fer la diferència.</span></span></p>
<p><img loading="lazy" decoding="async" class="aligncenter  wp-image-2427" src="https://agora.xtec.cat/iesicilia/wp-content/uploads/usu2573/2026/04/FAS.png" alt="" width="769" height="426" srcset="https://agora.xtec.cat/iesicilia/wp-content/uploads/usu2573/2026/04/FAS.png 927w, https://agora.xtec.cat/iesicilia/wp-content/uploads/usu2573/2026/04/FAS-300x166.png 300w, https://agora.xtec.cat/iesicilia/wp-content/uploads/usu2573/2026/04/FAS-768x426.png 768w" sizes="auto, (max-width: 769px) 100vw, 769px" /></p>

<p>A l’ESO fem F.A.S. A l’ESO Fem, Aprenem i Servim A l’Institut Escola Sicília volem fomentar una educació que no només prepari els nostres estudiants per a l&#8217;èxit acadèmic, sinó també per a ser ciutadans conscients i compromesos amb la societat. I és per això que a l’ESO fem el FAS, la metodologia Fem, Aprenem [&hellip;]</p>
