{"id":1741,"date":"2024-01-31T15:16:37","date_gmt":"2024-01-31T14:16:37","guid":{"rendered":"https:\/\/agora.xtec.cat\/iesicilia\/?page_id=1741"},"modified":"2025-03-04T18:41:07","modified_gmt":"2025-03-04T17:41:07","slug":"patis-lliures","status":"publish","type":"page","link":"https:\/\/agora.xtec.cat\/iesicilia\/projecte-educatiu\/patis-lliures\/","title":{"rendered":"Patis lliures"},"content":{"rendered":"<p><img loading=\"lazy\" decoding=\"async\" class=\" wp-image-2101 alignleft\" src=\"https:\/\/agora.xtec.cat\/iesicilia\/wp-content\/uploads\/usu2573\/2025\/03\/WhatsApp-Image-2025-03-04-at-15.40.53-225x300.jpeg\" alt=\"\" width=\"269\" height=\"359\" srcset=\"https:\/\/agora.xtec.cat\/iesicilia\/wp-content\/uploads\/usu2573\/2025\/03\/WhatsApp-Image-2025-03-04-at-15.40.53-225x300.jpeg 225w, https:\/\/agora.xtec.cat\/iesicilia\/wp-content\/uploads\/usu2573\/2025\/03\/WhatsApp-Image-2025-03-04-at-15.40.53-768x1024.jpeg 768w, https:\/\/agora.xtec.cat\/iesicilia\/wp-content\/uploads\/usu2573\/2025\/03\/WhatsApp-Image-2025-03-04-at-15.40.53-1152x1536.jpeg 1152w, https:\/\/agora.xtec.cat\/iesicilia\/wp-content\/uploads\/usu2573\/2025\/03\/WhatsApp-Image-2025-03-04-at-15.40.53-1536x2048.jpeg 1536w, https:\/\/agora.xtec.cat\/iesicilia\/wp-content\/uploads\/usu2573\/2025\/03\/WhatsApp-Image-2025-03-04-at-15.40.53-scaled.jpeg 1920w\" sizes=\"auto, (max-width: 269px) 100vw, 269px\" \/><\/p>\n<p style=\"text-align: justify;\"><span style=\"font-family: arial, helvetica, sans-serif; color: #003300;\">A la nostra escola l&#8217;estona de pati \u00e9s una extensi\u00f3 de la proposta educativa on es pret\u00e9n que els infants gaudeixin i socialitzin, interactuant lliurement amb els seus companys i companyes.<\/span><\/p>\n<p style=\"text-align: justify;\"><span style=\"font-family: arial, helvetica, sans-serif; color: #003300;\">Cada dia de la setmana comptem amb<span style=\"font-size: 1em;\"> diferents espais on els infants poden escollir\u00a0<\/span>on anar i se&#8217;ls dona l&#8217;oportunitat de socialitzar, ajudant a desenvolupar les seves habilitats per relacionar-se, cooperar i resoldre conflictes de manera positiva.<\/span><\/p>\n<p style=\"text-align: justify;\"><span style=\"font-family: arial, helvetica, sans-serif; color: #003300;\">\u00a0<\/span><\/p>\n<p style=\"text-align: justify;\"><span style=\"color: #003300; font-family: arial, helvetica, sans-serif; font-size: 1em;\">Aquests<\/span><span style=\"font-family: arial, helvetica, sans-serif; color: #003300;\">\u00a0jocs i espais fomenten l&#8217;aprenentatge social, ja que els infants han d&#8217;aprendre a treballar en equip, comunicar-se i respectar normes i l\u00edmits.<\/span><\/p>\n<p style=\"text-align: justify;\"><span style=\"font-family: arial, helvetica, sans-serif; color: #003300;\">Els espais estan distribu\u00efts per dies i s\u00f3n els seg\u00fcents: Pati (futbol o b\u00e0squet depenent el dia), espai connecta (amb jocs de taula i ambient relaxat), bingo, ping-pong, roc\u00f2drom, ioga, bibliopati, hort i jocs de taula.<\/span><\/p>\n","protected":false},"excerpt":{"rendered":"<p>A la nostra escola l&#8217;estona de pati \u00e9s una extensi\u00f3 de la proposta educativa on es pret\u00e9n que els infants gaudeixin i socialitzin, interactuant lliurement amb els seus companys i companyes. Cada dia de la setmana comptem amb diferents espais on els infants poden escollir\u00a0on anar i se&#8217;ls dona l&#8217;oportunitat de socialitzar, ajudant a desenvolupar [&hellip;]<\/p>\n","protected":false},"author":1,"featured_media":0,"parent":57,"menu_order":3,"comment_status":"closed","ping_status":"closed","template":"page-templates\/side-menu.php","meta":{"_bbp_topic_count":0,"_bbp_reply_count":0,"_bbp_total_topic_count":0,"_bbp_total_reply_count":0,"_bbp_voice_count":0,"_bbp_anonymous_reply_count":0,"_bbp_topic_count_hidden":0,"_bbp_reply_count_hidden":0,"_bbp_forum_subforum_count":0,"site-sidebar-layout":"default","site-content-layout":"","ast-site-content-layout":"","site-content-style":"default","site-sidebar-style":"default","ast-global-header-display":"","ast-banner-title-visibility":"","ast-main-header-display":"","ast-hfb-above-header-display":"","ast-hfb-below-header-display":"","ast-hfb-mobile-header-display":"","site-post-title":"","ast-breadcrumbs-content":"","ast-featured-img":"","footer-sml-layout":"","theme-transparent-header-meta":"","adv-header-id-meta":"","stick-header-meta":"","header-above-stick-meta":"","header-main-stick-meta":"","header-below-stick-meta":"","astra-migrate-meta-layouts":"default","ast-page-background-enabled":"default","ast-page-background-meta":{"desktop":{"background-color":"var(--ast-global-color-4)","background-image":"","background-repeat":"repeat","background-position":"center center","background-size":"auto","background-attachment":"scroll","background-type":"","background-media":"","overlay-type":"","overlay-color":"","overlay-opacity":"","overlay-gradient":""},"tablet":{"background-color":"","background-image":"","background-repeat":"repeat","background-position":"center center","background-size":"auto","background-attachment":"scroll","background-type":"","background-media":"","overlay-type":"","overlay-color":"","overlay-opacity":"","overlay-gradient":""},"mobile":{"background-color":"","background-image":"","background-repeat":"repeat","background-position":"center center","background-size":"auto","background-attachment":"scroll","background-type":"","background-media":"","overlay-type":"","overlay-color":"","overlay-opacity":"","overlay-gradient":""}},"ast-content-background-meta":{"desktop":{"background-color":"var(--ast-global-color-5)","background-image":"","background-repeat":"repeat","background-position":"center center","background-size":"auto","background-attachment":"scroll","background-type":"","background-media":"","overlay-type":"","overlay-color":"","overlay-opacity":"","overlay-gradient":""},"tablet":{"background-color":"var(--ast-global-color-5)","background-image":"","background-repeat":"repeat","background-position":"center center","background-size":"auto","background-attachment":"scroll","background-type":"","background-media":"","overlay-type":"","overlay-color":"","overlay-opacity":"","overlay-gradient":""},"mobile":{"background-color":"var(--ast-global-color-5)","background-image":"","background-repeat":"repeat","background-position":"center center","background-size":"auto","background-attachment":"scroll","background-type":"","background-media":"","overlay-type":"","overlay-color":"","overlay-opacity":"","overlay-gradient":""}},"footnotes":""},"class_list":["post-1741","page","type-page","status-publish","hentry"],"post_mailing_queue_ids":[],"_links":{"self":[{"href":"https:\/\/agora.xtec.cat\/iesicilia\/wp-json\/wp\/v2\/pages\/1741","targetHints":{"allow":["GET"]}}],"collection":[{"href":"https:\/\/agora.xtec.cat\/iesicilia\/wp-json\/wp\/v2\/pages"}],"about":[{"href":"https:\/\/agora.xtec.cat\/iesicilia\/wp-json\/wp\/v2\/types\/page"}],"author":[{"embeddable":true,"href":"https:\/\/agora.xtec.cat\/iesicilia\/wp-json\/wp\/v2\/users\/1"}],"replies":[{"embeddable":true,"href":"https:\/\/agora.xtec.cat\/iesicilia\/wp-json\/wp\/v2\/comments?post=1741"}],"version-history":[{"count":5,"href":"https:\/\/agora.xtec.cat\/iesicilia\/wp-json\/wp\/v2\/pages\/1741\/revisions"}],"predecessor-version":[{"id":2103,"href":"https:\/\/agora.xtec.cat\/iesicilia\/wp-json\/wp\/v2\/pages\/1741\/revisions\/2103"}],"up":[{"embeddable":true,"href":"https:\/\/agora.xtec.cat\/iesicilia\/wp-json\/wp\/v2\/pages\/57"}],"wp:attachment":[{"href":"https:\/\/agora.xtec.cat\/iesicilia\/wp-json\/wp\/v2\/media?parent=1741"}],"curies":[{"name":"wp","href":"https:\/\/api.w.org\/{rel}","templated":true}]}}

<p><img loading="lazy" decoding="async" class=" wp-image-2101 alignleft" src="https://agora.xtec.cat/iesicilia/wp-content/uploads/usu2573/2025/03/WhatsApp-Image-2025-03-04-at-15.40.53-225x300.jpeg" alt="" width="269" height="359" srcset="https://agora.xtec.cat/iesicilia/wp-content/uploads/usu2573/2025/03/WhatsApp-Image-2025-03-04-at-15.40.53-225x300.jpeg 225w, https://agora.xtec.cat/iesicilia/wp-content/uploads/usu2573/2025/03/WhatsApp-Image-2025-03-04-at-15.40.53-768x1024.jpeg 768w, https://agora.xtec.cat/iesicilia/wp-content/uploads/usu2573/2025/03/WhatsApp-Image-2025-03-04-at-15.40.53-1152x1536.jpeg 1152w, https://agora.xtec.cat/iesicilia/wp-content/uploads/usu2573/2025/03/WhatsApp-Image-2025-03-04-at-15.40.53-1536x2048.jpeg 1536w, https://agora.xtec.cat/iesicilia/wp-content/uploads/usu2573/2025/03/WhatsApp-Image-2025-03-04-at-15.40.53-scaled.jpeg 1920w" sizes="auto, (max-width: 269px) 100vw, 269px" /></p>
<p style="text-align: justify;"><span style="font-family: arial, helvetica, sans-serif; color: #003300;">A la nostra escola l&#8217;estona de pati és una extensió de la proposta educativa on es pretén que els infants gaudeixin i socialitzin, interactuant lliurement amb els seus companys i companyes.</span></p>
<p style="text-align: justify;"><span style="font-family: arial, helvetica, sans-serif; color: #003300;">Cada dia de la setmana comptem amb<span style="font-size: 1em;"> diferents espais on els infants poden escollir </span>on anar i se&#8217;ls dona l&#8217;oportunitat de socialitzar, ajudant a desenvolupar les seves habilitats per relacionar-se, cooperar i resoldre conflictes de manera positiva.</span></p>
<p style="text-align: justify;"><span style="font-family: arial, helvetica, sans-serif; color: #003300;"> </span></p>
<p style="text-align: justify;"><span style="color: #003300; font-family: arial, helvetica, sans-serif; font-size: 1em;">Aquests</span><span style="font-family: arial, helvetica, sans-serif; color: #003300;"> jocs i espais fomenten l&#8217;aprenentatge social, ja que els infants han d&#8217;aprendre a treballar en equip, comunicar-se i respectar normes i límits.</span></p>
<p style="text-align: justify;"><span style="font-family: arial, helvetica, sans-serif; color: #003300;">Els espais estan distribuïts per dies i són els següents: Pati (futbol o bàsquet depenent el dia), espai connecta (amb jocs de taula i ambient relaxat), bingo, ping-pong, rocòdrom, ioga, bibliopati, hort i jocs de taula.</span></p>

<p>A la nostra escola l&#8217;estona de pati és una extensió de la proposta educativa on es pretén que els infants gaudeixin i socialitzin, interactuant lliurement amb els seus companys i companyes. Cada dia de la setmana comptem amb diferents espais on els infants poden escollir on anar i se&#8217;ls dona l&#8217;oportunitat de socialitzar, ajudant a desenvolupar [&hellip;]</p>
