{"id":1415,"date":"2023-02-19T19:46:10","date_gmt":"2023-02-19T18:46:10","guid":{"rendered":"https:\/\/agora.xtec.cat\/iesicilia\/?page_id=1415"},"modified":"2024-01-24T19:28:50","modified_gmt":"2024-01-24T18:28:50","slug":"projectes-descola","status":"publish","type":"page","link":"https:\/\/agora.xtec.cat\/iesicilia\/projecte-educatiu\/projectes-descola\/","title":{"rendered":"Projectes d&#8217;escola"},"content":{"rendered":"<p style=\"text-align: justify;\">Us volem presentar diferents <strong>projectes dels darrers cursos<\/strong>\u00a0que enforteixen el nostre projecte educatiu: <strong>Congr\u00e9s de ci\u00e8ncia, Dansa ara, Preg\u00f3 dels infants, Fotografia en curs, Fem una peli, Interrogatori en 3r grau, Ci\u00e8ncia ciutadana, Improversem, Stolpersteine<\/strong> i el gran projecte internivells <strong>Swim&amp;Surf<\/strong>.\u00a0Comparteixen una visi\u00f3 competencial, globalitzada i personalitzada del curr\u00edculum i s\u00f3n una palanca per la transformaci\u00f3 educativa.<br \/>\nEns permeten establir aliances amb institucions i entitats culturals que aporten oportunitats de millora dels aprenentatges en contextos reals i propers als nostres alumnes i suposa un treball en xarxa.<\/p>\n<p style=\"text-align: justify;\">Es tracta d&#8217;una imatge interactiva, <strong>cliqueu a les diferents icones<\/strong> on trobareu la informaci\u00f3.<\/p>\n<div style=\"width: 100%;\">\n<div style=\"position: relative; padding-bottom: 56.25%; padding-top: 0; height: 0;\"><iframe loading=\"lazy\" style=\"position: absolute; top: 0; left: 0; width: 100%; height: 100%;\" title=\"PROJECTES \" src=\"https:\/\/view.genial.ly\/63e23300c593e200174b0715\" width=\"1200\" height=\"675\" frameborder=\"0\" scrolling=\"yes\" allowfullscreen=\"allowfullscreen\"><\/iframe><\/div>\n<\/div>\n","protected":false},"excerpt":{"rendered":"<p>Us volem presentar diferents projectes dels darrers cursos\u00a0que enforteixen el nostre projecte educatiu: Congr\u00e9s de ci\u00e8ncia, Dansa ara, Preg\u00f3 dels infants, Fotografia en curs, Fem una peli, Interrogatori en 3r grau, Ci\u00e8ncia ciutadana, Improversem, Stolpersteine i el gran projecte internivells Swim&amp;Surf.\u00a0Comparteixen una visi\u00f3 competencial, globalitzada i personalitzada del curr\u00edculum i s\u00f3n una palanca per la [&hellip;]<\/p>\n","protected":false},"author":1,"featured_media":0,"parent":57,"menu_order":1,"comment_status":"closed","ping_status":"closed","template":"page-templates\/side-menu.php","meta":{"_bbp_topic_count":0,"_bbp_reply_count":0,"_bbp_total_topic_count":0,"_bbp_total_reply_count":0,"_bbp_voice_count":0,"_bbp_anonymous_reply_count":0,"_bbp_topic_count_hidden":0,"_bbp_reply_count_hidden":0,"_bbp_forum_subforum_count":0,"site-sidebar-layout":"default","site-content-layout":"","ast-site-content-layout":"","site-content-style":"default","site-sidebar-style":"default","ast-global-header-display":"","ast-banner-title-visibility":"","ast-main-header-display":"","ast-hfb-above-header-display":"","ast-hfb-below-header-display":"","ast-hfb-mobile-header-display":"","site-post-title":"","ast-breadcrumbs-content":"","ast-featured-img":"","footer-sml-layout":"","theme-transparent-header-meta":"","adv-header-id-meta":"","stick-header-meta":"","header-above-stick-meta":"","header-main-stick-meta":"","header-below-stick-meta":"","astra-migrate-meta-layouts":"default","ast-page-background-enabled":"default","ast-page-background-meta":{"desktop":{"background-color":"var(--ast-global-color-4)","background-image":"","background-repeat":"repeat","background-position":"center center","background-size":"auto","background-attachment":"scroll","background-type":"","background-media":"","overlay-type":"","overlay-color":"","overlay-opacity":"","overlay-gradient":""},"tablet":{"background-color":"","background-image":"","background-repeat":"repeat","background-position":"center center","background-size":"auto","background-attachment":"scroll","background-type":"","background-media":"","overlay-type":"","overlay-color":"","overlay-opacity":"","overlay-gradient":""},"mobile":{"background-color":"","background-image":"","background-repeat":"repeat","background-position":"center center","background-size":"auto","background-attachment":"scroll","background-type":"","background-media":"","overlay-type":"","overlay-color":"","overlay-opacity":"","overlay-gradient":""}},"ast-content-background-meta":{"desktop":{"background-color":"var(--ast-global-color-5)","background-image":"","background-repeat":"repeat","background-position":"center center","background-size":"auto","background-attachment":"scroll","background-type":"","background-media":"","overlay-type":"","overlay-color":"","overlay-opacity":"","overlay-gradient":""},"tablet":{"background-color":"var(--ast-global-color-5)","background-image":"","background-repeat":"repeat","background-position":"center center","background-size":"auto","background-attachment":"scroll","background-type":"","background-media":"","overlay-type":"","overlay-color":"","overlay-opacity":"","overlay-gradient":""},"mobile":{"background-color":"var(--ast-global-color-5)","background-image":"","background-repeat":"repeat","background-position":"center center","background-size":"auto","background-attachment":"scroll","background-type":"","background-media":"","overlay-type":"","overlay-color":"","overlay-opacity":"","overlay-gradient":""}},"footnotes":""},"class_list":["post-1415","page","type-page","status-publish","hentry"],"post_mailing_queue_ids":[],"_links":{"self":[{"href":"https:\/\/agora.xtec.cat\/iesicilia\/wp-json\/wp\/v2\/pages\/1415","targetHints":{"allow":["GET"]}}],"collection":[{"href":"https:\/\/agora.xtec.cat\/iesicilia\/wp-json\/wp\/v2\/pages"}],"about":[{"href":"https:\/\/agora.xtec.cat\/iesicilia\/wp-json\/wp\/v2\/types\/page"}],"author":[{"embeddable":true,"href":"https:\/\/agora.xtec.cat\/iesicilia\/wp-json\/wp\/v2\/users\/1"}],"replies":[{"embeddable":true,"href":"https:\/\/agora.xtec.cat\/iesicilia\/wp-json\/wp\/v2\/comments?post=1415"}],"version-history":[{"count":5,"href":"https:\/\/agora.xtec.cat\/iesicilia\/wp-json\/wp\/v2\/pages\/1415\/revisions"}],"predecessor-version":[{"id":1643,"href":"https:\/\/agora.xtec.cat\/iesicilia\/wp-json\/wp\/v2\/pages\/1415\/revisions\/1643"}],"up":[{"embeddable":true,"href":"https:\/\/agora.xtec.cat\/iesicilia\/wp-json\/wp\/v2\/pages\/57"}],"wp:attachment":[{"href":"https:\/\/agora.xtec.cat\/iesicilia\/wp-json\/wp\/v2\/media?parent=1415"}],"curies":[{"name":"wp","href":"https:\/\/api.w.org\/{rel}","templated":true}]}}

<p style="text-align: justify;">Us volem presentar diferents <strong>projectes dels darrers cursos</strong> que enforteixen el nostre projecte educatiu: <strong>Congrés de ciència, Dansa ara, Pregó dels infants, Fotografia en curs, Fem una peli, Interrogatori en 3r grau, Ciència ciutadana, Improversem, Stolpersteine</strong> i el gran projecte internivells <strong>Swim&amp;Surf</strong>. Comparteixen una visió competencial, globalitzada i personalitzada del currículum i són una palanca per la transformació educativa.<br />
Ens permeten establir aliances amb institucions i entitats culturals que aporten oportunitats de millora dels aprenentatges en contextos reals i propers als nostres alumnes i suposa un treball en xarxa.</p>
<p style="text-align: justify;">Es tracta d&#8217;una imatge interactiva, <strong>cliqueu a les diferents icones</strong> on trobareu la informació.</p>
<div style="width: 100%;">
<div style="position: relative; padding-bottom: 56.25%; padding-top: 0; height: 0;"><iframe loading="lazy" style="position: absolute; top: 0; left: 0; width: 100%; height: 100%;" title="PROJECTES " src="https://view.genial.ly/63e23300c593e200174b0715" width="1200" height="675" frameborder="0" scrolling="yes" allowfullscreen="allowfullscreen"></iframe></div>
</div>

<p>Us volem presentar diferents projectes dels darrers cursos que enforteixen el nostre projecte educatiu: Congrés de ciència, Dansa ara, Pregó dels infants, Fotografia en curs, Fem una peli, Interrogatori en 3r grau, Ciència ciutadana, Improversem, Stolpersteine i el gran projecte internivells Swim&amp;Surf. Comparteixen una visió competencial, globalitzada i personalitzada del currículum i són una palanca per la [&hellip;]</p>
